000
CXUS56 KPQR 011155
CF6HIO
PRELIMINARY LOCAL CLIMATOLOGICAL DATA (WS FORM: F-6)
STATION: HILLSBORO OR
MONTH: OCTOBER
YEAR: 2022
LATITUDE: 45 32 N
LONGITUDE: 122 57 W
TEMPERATURE IN F: :PCPN: SNOW: WIND :SUNSHINE: SKY :PK WND
================================================================================
1 2 3 4 5 6A 6B 7 8 9 10 11 12 13 14 15 16 17 18
12Z AVG MX 2MIN
DY MAX MIN AVG DEP HDD CDD WTR SNW DPTH SPD SPD DIR MIN PSBL S-S WX SPD DR
================================================================================
1 84 48 66 9 0 1 0.00 M M 6.5 20 70 M M 0 27 50
2 88 50 69 12 0 4 0.00 M M 1.8 8 310 M M 0 10 130
3 82 48 65 8 0 0 0.00 M M 1.6 8 310 M M 0 1 9 310
4 69 48 59 3 6 0 0.00 M M 0.8 7 180 M M 3 1 9 160
5 73 50 62 6 3 0 0.00 M M 2.9 8 70 M M 5 12 10 80
6 81 47 64 8 1 0 0.00 M M 0.6 6 240 M M 3 128 8 200
7 84 47 66 11 0 1 0.00 M M 0.3 5 140 M M 3 128 6 230
8 89 47 68 13 0 3 0.00 M M 1.1 8 30 M M 0 18 12 20
9 87 48 68 14 0 3 0.00 M M 0.6 6 350 M M 0 18 9 70
10 79 45 62 8 3 0 0.00 M M 5.1 18 310 M M 2 18 23 330
11 73 43 58 4 7 0 0.00 M M 3.5 13 340 M M 0 17 350
12 81 42 62 9 3 0 0.00 M M 0.8 7 80 M M 0 8 150
13 87 42 65 12 0 0 0.00 M M 1.2 8 40 M M 0 10 50
14 84 43 64 11 1 0 0.00 M M 1.6 9 50 M M 0 8 12 40
15 86 44 65 13 0 0 0.00 M M 8.1 20 80 M M 0 8 27 80
16 86 50 68 16 0 3 0.00 M M 6.8 16 100 M M 0 8 21 80
17 69 44 57 5 8 0 0.00 M M 0.8 6 320 M M 3 18 8 330
18 73 40 57 6 8 0 0.00 M M 1.2 7 100 M M 4 128 11 120
19 77 40 59 8 6 0 0.00 M M 1.1 7 100 M M 5 128 8 100
20 71 40 56 5 9 0 0.00 M M 4.0 16 320 M M 2 18 20 310
21 53 40 47 -3 18 0 0.39 M M 3.0 24 330 M M 7 1 32 330
22 60 40 50 0 15 0 0.08 M M 5.9 21 310 M M 7 1 26 310
23 59 38 49 -1 16 0 0.00 M M 1.6 9 200 M M 7 1 14 140
24 55 39 47 -3 18 0 0.28 M M 4.1 15 180 M M 8 12 20 170
25 55 40 48 -1 17 0 0.44 M M 5.1 16 190 M M 9 12 22 230
26 55 38 47 -2 18 0 0.02 M M 1.3 9 330 M M 8 128 12 330
27 60 36 48 -1 17 0 0.00 M M 2.7 13 150 M M 3 12 16 140
28 53 44 49 0 16 0 0.46 M M 1.3 8 320 M M 9 1 10 330
29 57 50 54 6 11 0 0.03 M M 1.2 7 320 M M 10 18 8 300
30 57 49 53 5 12 0 T M M 5.6 14 180 M M 10 1 19 190
31 56 47 52 4 13 0 0.83 M M 5.0 21 310 M M 9 1 25 300
================================================================================
SM 2223 1367 226 15 2.53 M 87.2 M 117
================================================================================
AV 71.7 44.1 2.8 FASTST M M 4 MAX(MPH)
MISC ----> 24 330 32 330
================================================================================
NOTES:
# LAST OF SEVERAL OCCURRENCES
COLUMN 17 PEAK WIND IN M.P.H.
PRELIMINARY LOCAL CLIMATOLOGICAL DATA (WS FORM: F-6) , PAGE 2
STATION: HILLSBORO OR
MONTH: OCTOBER
YEAR: 2022
LATITUDE: 45 32 N
LONGITUDE: 122 57 W
[TEMPERATURE DATA] [PRECIPITATION DATA] SYMBOLS USED IN COLUMN 16
AVERAGE MONTHLY: 57.9 TOTAL FOR MONTH: 2.53 1 = FOG OR MIST
DPTR FM NORMAL: 5.6 DPTR FM NORMAL: -0.84 2 = FOG REDUCING VISIBILITY
HIGHEST: 89 ON 8 GRTST 24HR 0.83 ON 31-31 TO 1/4 MILE OR LESS
LOWEST: 36 ON 27 3 = THUNDER
SNOW, ICE PELLETS, HAIL 4 = ICE PELLETS
TOTAL MONTH: M 5 = HAIL
GRTST 24HR M ON M 6 = FREEZING RAIN OR DRIZZLE
GRTST DEPTH: M ON M 7 = DUSTSTORM OR SANDSTORM:
VSBY 1/2 MILE OR LESS
8 = SMOKE OR HAZE
[NO. OF DAYS WITH] [WEATHER - DAYS WITH] 9 = BLOWING SNOW
X = TORNADO
MAX 32 OR BELOW: 0 0.01 INCH OR MORE: 8
MAX 90 OR ABOVE: 0 0.10 INCH OR MORE: 5
MIN 32 OR BELOW: 0 0.50 INCH OR MORE: 1
MIN 0 OR BELOW: 0 1.00 INCH OR MORE: 0
[HDD (BASE 65) ]
TOTAL THIS MO. 226 CLEAR (SCALE 0-3) 16
DPTR FM NORMAL -169 PTCLDY (SCALE 4-7) 9
TOTAL FM JUL 1 287 CLOUDY (SCALE 8-10) 6
DPTR FM NORMAL -304
[CDD (BASE 65) ]
TOTAL THIS MO. 15
DPTR FM NORMAL 14 [PRESSURE DATA]
TOTAL FM JAN 1 486 HIGHEST SLP 30.32 ON 29
DPTR FM NORMAL 211 LOWEST SLP 29.55 ON 21
[REMARKS]
#FINAL-10-22#