000
CXUS53 KGID 012243 AAA
CF6HJH
PRELIMINARY LOCAL CLIMATOLOGICAL DATA (WS FORM: F-6)
STATION: HEBRON NE
MONTH: DECEMBER
YEAR: 2023
LATITUDE: 40 9 N
LONGITUDE: 97 35 W
TEMPERATURE IN F: :PCPN: SNOW: WIND :SUNSHINE: SKY :PK WND
================================================================================
1 2 3 4 5 6A 6B 7 8 9 10 11 12 13 14 15 16 17 18
12Z AVG MX 2MIN
DY MAX MIN AVG DEP HDD CDD WTR SNW DPTH SPD SPD DIR MIN PSBL S-S WX SPD DR
================================================================================
1 39 20 30 M 35 0 0.00 M M 5.9 13 10 M M 0 16 10
2 38 16 27 M 38 0 M M M 1.2 6 200 M M 6 1 M M
3 41 21 31 M 34 0 0.00 M M 3.9 13 340 M M 4 1 21 340
4 55 27 41 M 24 0 T M M 6.7 15 230 M M 3 22 340
5 48 27 38 M 27 0 0.00 M M 7.3 16 310 M M 1 27 310
6 58 32 45 M 20 0 0.00 M M 9.1 16 220 M M 0 21 220
7 62 39 51 M 14 0 0.00 M M 7.0 17 200 M M 0 24 200
8 57 39 48 M 17 0 T M M 5.6 12 350 M M 2 20 330
9 46 29 38 M 27 0 0.00 M M 12.1 22 320 M M 2 32 320
10 47 19 33 M 32 0 0.00 M M 4.9 9 210 M M 1 17 210
11 57 22 40 M 25 0 0.00 M M 2.8 7 270 M M 0 M M
12 40 28 34 M 31 0 0.00 M M 6.8 10 80 M M 4 M M
13 49 26 38 M 27 0 0.00 M M 0.9 5 110 M M 1 M M
14 48 25 37 M 28 0 0.27 M M 2.2 9 190 M M 7 1 M M
15 42 39 41 M 24 0 0.60 M M 1.8 8 330 M M 10 1 M M
16 42 28 35 M 30 0 0.03 M M 7.0 15 320 M M 8 1 21 320
17 53 26 40 M 25 0 0.00 M M 4.7 16 350 M M 0 24 350
18 39 25 32 M 33 0 0.00 M M 4.7 12 350 M M 0 18 350
19 52 28 40 M 25 0 0.00 M M 9.3 22 200 M M 0 27 200
20 47 29 38 M 27 0 0.00 M M 0.3 4 140 M M 1 1 M M
21 50 36 43 M 22 0 0.00 M M 0.0 M M M M 10 12 M M
22 59 33 46 M 19 0 0.00 M M 2.9 6 310 M M 4 12 M M
23 59 32 46 M 19 0 T M M 9.6 21 180 M M 6 1 31 170
24 58 34 46 M 19 0 0.24 M M 14.4 22 350 M M 10 1 29 220
25 34 28 31 M 34 0 M M M 13.2 22 350 M M 10 31 350
26 30 28 29 M 36 0 M M M 6.5 13 360 M M 10 18 350
27 33 21 27 M 38 0 0.00 M M 9.5 15 350 M M 7 23 350
28 34 20 27 M 38 0 0.00 M M 5.9 12 330 M M 5 1 23 320
29 40 25 33 M 32 0 0.00 M M 7.9 15 340 M M 1 21 340
30 47 29 38 M 27 0 0.00 M M 5.1 9 310 M M 1 M M
31 32 26 29 M 36 0 0.00 M M 9.0 14 10 M M 10 20 360
================================================================================
SM 1436 857 863 0 M M 188.2 M 124
================================================================================
AV 46.3 27.6 6.1 FASTST M M 4 MAX(MPH)
MISC ----> # 22 320 M M
================================================================================
NOTES:
# LAST OF SEVERAL OCCURRENCES
COLUMN 17 PEAK WIND IN M.P.H.
PRELIMINARY LOCAL CLIMATOLOGICAL DATA (WS FORM: F-6) , PAGE 2
STATION: HEBRON NE
MONTH: DECEMBER
YEAR: 2023
LATITUDE: 40 9 N
LONGITUDE: 97 35 W
[TEMPERATURE DATA] [PRECIPITATION DATA] SYMBOLS USED IN COLUMN 16
AVERAGE MONTHLY: 37.0 TOTAL FOR MONTH: M 1 = FOG OR MIST
DPTR FM NORMAL: M DPTR FM NORMAL: M 2 = FOG REDUCING VISIBILITY
HIGHEST: 62 ON 7 GRTST 24HR M ON M TO 1/4 MILE OR LESS
LOWEST: 16 ON 2 3 = THUNDER
SNOW, ICE PELLETS, HAIL 4 = ICE PELLETS
TOTAL MONTH: M 5 = HAIL
GRTST 24HR M ON M 6 = FREEZING RAIN OR DRIZZLE
GRTST DEPTH: M ON M 7 = DUSTSTORM OR SANDSTORM:
VSBY 1/2 MILE OR LESS
8 = SMOKE OR HAZE
[NO. OF DAYS WITH] [WEATHER - DAYS WITH] 9 = BLOWING SNOW
X = TORNADO
MAX 32 OR BELOW: 2 0.01 INCH OR MORE: M
MAX 90 OR ABOVE: 0 0.10 INCH OR MORE: M
MIN 32 OR BELOW: 25 0.50 INCH OR MORE: M
MIN 0 OR BELOW: 0 1.00 INCH OR MORE: M
[HDD (BASE 65) ]
TOTAL THIS MO. 863 CLEAR (SCALE 0-3) 16
DPTR FM NORMAL M PTCLDY (SCALE 4-7) 9
TOTAL FM JUL 1 1789 CLOUDY (SCALE 8-10) 6
DPTR FM NORMAL M
[CDD (BASE 65) ]
TOTAL THIS MO. 0
DPTR FM NORMAL M [PRESSURE DATA]
TOTAL FM JAN 1 1584 HIGHEST SLP M ON M
DPTR FM NORMAL M LOWEST SLP M ON M
[REMARKS]
#FINAL-12-23#