000
CXUS52 KGSP 010817
CF6HKY
PRELIMINARY LOCAL CLIMATOLOGICAL DATA (WS FORM: F-6)
STATION: HICKORY NC
MONTH: MARCH
YEAR: 2023
LATITUDE: 35 45 N
LONGITUDE: 81 23 W
TEMPERATURE IN F: :PCPN: SNOW: WIND :SUNSHINE: SKY :PK WND
================================================================================
1 2 3 4 5 6A 6B 7 8 9 10 11 12 13 14 15 16 17 18
12Z AVG MX 2MIN
DY MAX MIN AVG DEP HDD CDD WTR SNW DPTH SPD SPD DIR MIN PSBL S-S WX SPD DR
================================================================================
1 67 42 55 9 10 0 0.00 M M 3.0 12 50 M M 1 16 60
2 64 53 59 13 6 0 0.62 M M 2.7 13 340 M M 7 13 18 350
3 70 54 62 15 3 0 0.43 M M 5.4 20 210 M M 10 13 32 200
4 65 47 56 9 9 0 0.00 M M 6.7 21 290 M M 0 26 280
5 66 36 51 4 14 0 0.00 M M 1.2 9 200 M M 0 14 210
6 71 37 54 7 11 0 0.00 M M 4.6 15 210 M M 0 22 190
7 75 44 60 12 5 0 0.00 M M 8.8 21 330 M M 0 31 310
8 62 36 49 1 16 0 0.00 M M 2.8 10 310 M M 0 13 350
9 62 37 50 2 15 0 0.00 M M 3.3 13 190 M M 1 8 16 180
10 66 41 54 6 11 0 0.05 M M 4.5 17 320 M M 6 1 28 330
11 59 34 47 -2 18 0 0.00 M M 5.5 15 300 M M 0 19 310
12 42 34 38 -11 27 0 0.47 M M 4.9 9 50 M M 9 1 13 50
13 53 35 44 -5 21 0 0.00 M M 5.7 18 300 M M 7 1 26 290
14 46 30 38 -12 27 0 0.00 M M 8.3 21 290 M M 1 30 300
15 57 27 42 -8 23 0 0.00 M M 4.2 14 280 M M 0 18 280
16 65 29 47 -3 18 0 0.00 M M 6.1 16 220 M M 0 22 180
17 56 48 52 2 13 0 0.23 M M 8.0 18 200 M M 7 1 27 210
18 55 38 47 -4 18 0 0.00 M M 8.6 18 260 M M 3 24 280
19 47 29 38 -13 27 0 0.00 M M 8.4 15 320 M M 0 23 300
20 53 24 39 -12 26 0 0.00 M M 3.0 9 70 M M 0 14 340
21 59 29 44 -7 21 0 0.00 M M 1.9 10 190 M M 1 17 210
22 52 44 48 -4 17 0 0.16 M M 3.4 9 210 M M 10 1 14 210
23 79 47 63 11 2 0 0.00 M M 7.3 18 200 M M 4 12 26 220
24 83 55 69 17 0 4 0.00 M M 9.5 20 190 M M 0 29 190
25 76 61 69 17 0 4 0.21 M M 10.6 23 210 M M 4 138 32 180
26 69 52 61 8 4 0 0.12 M M 1.5 8 320 M M 4 13 11 320
27 82 55 69 16 0 4 0.03 M M 4.6 17 310 M M 5 12 24 330
28 68 47 58 5 7 0 0.06 M M 3.8 16 20 M M 4 1 22 20
29 61 39 50 -4 15 0 0.00 M M 3.9 13 20 M M 0 18 10
30 67 37 52 -2 13 0 0.00 M M 2.8 13 180 M M 0 16 210
31 62 46 54 0 11 0 T M M 4.8 15 190 M M 5 19 200
================================================================================
SM 1959 1267 408 12 2.38 M 159.8 M 89
================================================================================
AV 63.2 40.9 5.2 FASTST M M 3 MAX(MPH)
MISC ----> 23 210 # 32 200
================================================================================
NOTES:
# LAST OF SEVERAL OCCURRENCES
COLUMN 17 PEAK WIND IN M.P.H.
PRELIMINARY LOCAL CLIMATOLOGICAL DATA (WS FORM: F-6) , PAGE 2
STATION: HICKORY NC
MONTH: MARCH
YEAR: 2023
LATITUDE: 35 45 N
LONGITUDE: 81 23 W
[TEMPERATURE DATA] [PRECIPITATION DATA] SYMBOLS USED IN COLUMN 16
AVERAGE MONTHLY: 52.0 TOTAL FOR MONTH: 2.38 1 = FOG OR MIST
DPTR FM NORMAL: 1.9 DPTR FM NORMAL: -1.70 2 = FOG REDUCING VISIBILITY
HIGHEST: 83 ON 24 GRTST 24HR 0.62 ON 2- 2 TO 1/4 MILE OR LESS
LOWEST: 24 ON 20 3 = THUNDER
SNOW, ICE PELLETS, HAIL 4 = ICE PELLETS
TOTAL MONTH: M 5 = HAIL
GRTST 24HR M ON M 6 = FREEZING RAIN OR DRIZZLE
GRTST DEPTH: M ON M 7 = DUSTSTORM OR SANDSTORM:
VSBY 1/2 MILE OR LESS
8 = SMOKE OR HAZE
[NO. OF DAYS WITH] [WEATHER - DAYS WITH] 9 = BLOWING SNOW
X = TORNADO
MAX 32 OR BELOW: 0 0.01 INCH OR MORE: 10
MAX 90 OR ABOVE: 0 0.10 INCH OR MORE: 7
MIN 32 OR BELOW: 6 0.50 INCH OR MORE: 1
MIN 0 OR BELOW: 0 1.00 INCH OR MORE: 0
[HDD (BASE 65) ]
TOTAL THIS MO. 408 CLEAR (SCALE 0-3) 17
DPTR FM NORMAL -58 PTCLDY (SCALE 4-7) 11
TOTAL FM JUL 1 2774 CLOUDY (SCALE 8-10) 3
DPTR FM NORMAL -498
[CDD (BASE 65) ]
TOTAL THIS MO. 12
DPTR FM NORMAL 8 [PRESSURE DATA]
TOTAL FM JAN 1 19 HIGHEST SLP 30.43 ON 21
DPTR FM NORMAL 15 LOWEST SLP 29.28 ON 3
[REMARKS]
#FINAL-03-23#