000
CXUS52 KGSP 011709
CF6HKY
PRELIMINARY LOCAL CLIMATOLOGICAL DATA (WS FORM: F-6)
STATION: HICKORY NC
MONTH: NOVEMBER
YEAR: 2022
LATITUDE: 35 45 N
LONGITUDE: 81 23 W
TEMPERATURE IN F: :PCPN: SNOW: WIND :SUNSHINE: SKY :PK WND
================================================================================
1 2 3 4 5 6A 6B 7 8 9 10 11 12 13 14 15 16 17 18
12Z AVG MX 2MIN
DY MAX MIN AVG DEP HDD CDD WTR SNW DPTH SPD SPD DIR MIN PSBL S-S WX SPD DR
================================================================================
1 74 53 64 10 1 0 0.00 M M 2.7 12 350 M M 5 12 14 350
2 65 52 59 5 6 0 0.05 M M 2.7 7 280 M M 4 12 9 320
3 72 50 61 8 4 0 0.00 M M 2.7 9 60 M M 2 12 13 60
4 75 48 62 9 3 0 0.00 M M 1.6 9 60 M M M 13 60
5 72 59 66 14 0 1 0.94 M M 5.0 18 220 M M 10 128 31 240
6 77 66 72 20 0 7 0.72 M M 3.7 13 200 M M 7 1 16 200
7 83 60 72 20 0 7 0.00 M M 2.1 9 80 M M 7 12 13 90
8 73 51 62 10 3 0 0.00 M M 6.1 15 50 M M 0 22 50
9 64 42 53 2 12 0 0.00 M M 6.4 18 50 M M 4 23 50
10 63 53 58 7 7 0 0.28 M M 7.7 15 50 M M 10 18 21 50
11 71 59 65 14 0 0 1.29 M M 8.0 21 190 M M 9 1 30 180
12 70 49 60 10 5 0 0.00 M M 5.5 15 210 M M 6 12 22 180
13 49 30 40 -10 25 0 0.00 M M 8.3 17 340 M M 1 24 350
14 49 27 38 -12 27 0 0.00 M M 1.9 10 80 M M 1 1 16 70
15 42 38 40 -9 25 0 0.61 M M 4.4 12 10 M M 10 16 60
16 52 36 44 -5 21 0 0.00 M M 4.6 10 310 M M 4 12 16 310
17 46 29 38 -11 27 0 0.00 M M 5.1 13 310 M M 0 19 310
18 53 26 40 -8 25 0 0.00 M M 3.6 12 200 M M 0 16 190
19 54 29 42 -6 23 0 0.00 M M 3.7 14 290 M M 0 18 220
20 49 28 39 -9 26 0 0.00 M M 3.5 13 290 M M 0 18 280
21 53 25 39 -9 26 0 0.00 M M 1.9 9 190 M M 0 13 190
22 60 30 45 -2 20 0 0.00 M M 1.1 6 80 M M 2 10 310
23 67 35 51 4 14 0 0.00 M M 2.3 8 300 M M 0 13 320
24 64 35 50 3 15 0 0.00 M M 2.6 8 350 M M 4 11 50
25 66 46 56 10 9 0 0.16 M M 4.2 16 340 M M 4 24 330
26 63 37 50 4 15 0 0.00 M M 2.4 10 190 M M 0 15 170
27 66 46 56 10 9 0 0.42 M M 6.7 24 200 M M 6 1 36 210
28 65 44 55 9 10 0 0.00 M M 5.0 14 270 M M 1 19 310
29 60 36 48 2 17 0 0.38 M M 2.1 9 290 M M 1 13 120
30 65 39 52 7 13 0 1.02 M M 6.9 23 290 M M 5 34 320
================================================================================
SM 1882 1258 388 15 5.87 M 124.5 M 103
================================================================================
AV 62.7 41.9 4.1 FASTST M M 4 MAX(MPH)
MISC ----> 24 200 36 210
================================================================================
NOTES:
# LAST OF SEVERAL OCCURRENCES
COLUMN 17 PEAK WIND IN M.P.H.
PRELIMINARY LOCAL CLIMATOLOGICAL DATA (WS FORM: F-6) , PAGE 2
STATION: HICKORY NC
MONTH: NOVEMBER
YEAR: 2022
LATITUDE: 35 45 N
LONGITUDE: 81 23 W
[TEMPERATURE DATA] [PRECIPITATION DATA] SYMBOLS USED IN COLUMN 16
AVERAGE MONTHLY: 52.3 TOTAL FOR MONTH: 5.87 1 = FOG OR MIST
DPTR FM NORMAL: 3.0 DPTR FM NORMAL: 2.25 2 = FOG REDUCING VISIBILITY
HIGHEST: 83 ON 7 GRTST 24HR 1.62 ON 5- 6 TO 1/4 MILE OR LESS
LOWEST: 25 ON 21 3 = THUNDER
SNOW, ICE PELLETS, HAIL 4 = ICE PELLETS
TOTAL MONTH: M 5 = HAIL
GRTST 24HR M ON M 6 = FREEZING RAIN OR DRIZZLE
GRTST DEPTH: M ON M 7 = DUSTSTORM OR SANDSTORM:
VSBY 1/2 MILE OR LESS
8 = SMOKE OR HAZE
[NO. OF DAYS WITH] [WEATHER - DAYS WITH] 9 = BLOWING SNOW
X = TORNADO
MAX 32 OR BELOW: 0 0.01 INCH OR MORE: 10
MAX 90 OR ABOVE: 0 0.10 INCH OR MORE: 9
MIN 32 OR BELOW: 8 0.50 INCH OR MORE: 5
MIN 0 OR BELOW: 0 1.00 INCH OR MORE: 2
[HDD (BASE 65) ]
TOTAL THIS MO. 388 CLEAR (SCALE 0-3) 14
DPTR FM NORMAL -85 PTCLDY (SCALE 4-7) 11
TOTAL FM JUL 1 647 CLOUDY (SCALE 8-10) 5
DPTR FM NORMAL -46
[CDD (BASE 65) ]
TOTAL THIS MO. 15
DPTR FM NORMAL 13 [PRESSURE DATA]
TOTAL FM JAN 1 1574 HIGHEST SLP 30.51 ON 9
DPTR FM NORMAL 179 LOWEST SLP 29.51 ON 11
[REMARKS]
#FINAL-11-22#