000
CXUS54 KLZK 011330
CF6HOT
PRELIMINARY LOCAL CLIMATOLOGICAL DATA (WS FORM: F-6)
STATION: HOT SPRINGS MEMORIAL FIELD
MONTH: DECEMBER
YEAR: 2022
LATITUDE: 34 28 N
LONGITUDE: 93 6 W
TEMPERATURE IN F: :PCPN: SNOW: WIND :SUNSHINE: SKY :PK WND
================================================================================
1 2 3 4 5 6A 6B 7 8 9 10 11 12 13 14 15 16 17 18
12Z AVG MX 2MIN
DY MAX MIN AVG DEP HDD CDD WTR SNW DPTH SPD SPD DIR MIN PSBL S-S WX SPD DR
================================================================================
1 50 28 39 -9 26 0 T M M 4.7 14 130 M M 2 1 19 140
2 61 40 51 3 14 0 0.08 M M 3.2 15 250 M M 9 18 19 250
3 63 39 51 4 14 0 T M M 4.9 14 350 M M 3 12 20 340
4 42 36 39 -8 26 0 0.02 M M 3.5 15 90 M M 8 1 17 80
5 52 40 46 -1 19 0 0.02 M M 2.7 7 80 M M 10 12 8 60
6 71 52 62 16 3 0 0.01 M M 4.5 14 210 M M 10 12 21 190
7 68 60 64 18 1 0 0.54 M M 3.8 10 80 M M 10 3 12 80
8 64 57 61 15 4 0 0.29 M M 2.7 12 90 M M 10 14 90
9 66 51 59 13 6 0 0.00 M M 2.3 7 70 M M 7 12 7 70
10 61 52 57 11 8 0 1.07 M M 5.3 16 80 M M 10 123 23 360
11 52 50 51 6 14 0 T M M 6.9 12 70 M M 10 1 14 70
12 50 47 49 4 16 0 0.00 M M 7.4 15 90 M M 10 1 21 80
13 61 47 54 9 11 0 1.31 M M 6.2 14 130 M M 10 123 24 140
14 59 37 48 3 17 0 T M M 4.6 14 310 M M 6 12 25 290
15 52 32 42 -3 23 0 0.00 M M 6.4 17 240 M M 0 23 250
16 46 29 38 -6 27 0 0.00 M M 5.0 15 240 M M 3 19 260
17 47 27 37 -7 28 0 0.00 M M 4.3 17 280 M M 0 26 290
18 52 24 38 -6 27 0 0.00 M M 3.0 8 80 M M 0 8 11 330
19 45 35 40 -4 25 0 0.00 M M 6.4 12 120 M M 8 15 140
20 54 33 44 0 21 0 0.00 M M 4.5 12 50 M M 4 16 50
21 50 26 38 -6 27 0 0.00 M M 3.4 10 130 M M 3 13 160
22 44 6 25 -19 40 0 0.02 M M 9.4 24 330 M M 8 128 39 330
23 21 4 13 -30 52 0 0.00 M M 10.4 21 340 M M 0 32 330
24 34 15 25 -18 40 0 0.00 M M 6.5 14 300 M M 0 26 310
25 43 22 33 -10 32 0 0.00 M M 3.1 13 250 M M 1 16 240
26 51 28 40 -3 25 0 0.00 M M 5.0 16 330 M M 6 25 310
27 44 22 33 -10 32 0 0.00 M M 3.5 9 160 M M 0 14 190
28 67 33 50 7 15 0 0.00 M M 6.8 21 200 M M 4 28 200
29 69 57 63 20 2 0 0.93 M M 5.7 14 120 M M 9 138 19 170
30 64 52 58 15 7 0 0.16 M M 2.7 8 330 M M 9 1 11 340
31 63 49 56 13 9 0 0.00 M M 3.9 13 190 M M 6 12 17 200
================================================================================
SM 1666 1130 611 0 4.45 M 152.7 M 176
================================================================================
AV 53.7 36.5 4.9 FASTST M M 6 MAX(MPH)
MISC ----> 24 330 39 330
================================================================================
NOTES:
# LAST OF SEVERAL OCCURRENCES
COLUMN 17 PEAK WIND IN M.P.H.
PRELIMINARY LOCAL CLIMATOLOGICAL DATA (WS FORM: F-6) , PAGE 2
STATION: HOT SPRINGS MEMORIAL FIELD
MONTH: DECEMBER
YEAR: 2022
LATITUDE: 34 28 N
LONGITUDE: 93 6 W
[TEMPERATURE DATA] [PRECIPITATION DATA] SYMBOLS USED IN COLUMN 16
AVERAGE MONTHLY: 45.1 TOTAL FOR MONTH: 4.45 1 = FOG OR MIST
DPTR FM NORMAL: 0.4 DPTR FM NORMAL: -0.19 2 = FOG REDUCING VISIBILITY
HIGHEST: 71 ON 6 GRTST 24HR 1.31 ON 13-13 TO 1/4 MILE OR LESS
LOWEST: 4 ON 23 3 = THUNDER
SNOW, ICE PELLETS, HAIL 4 = ICE PELLETS
TOTAL MONTH: M 5 = HAIL
GRTST 24HR M ON M 6 = FREEZING RAIN OR DRIZZLE
GRTST DEPTH: M ON M 7 = DUSTSTORM OR SANDSTORM:
VSBY 1/2 MILE OR LESS
8 = SMOKE OR HAZE
[NO. OF DAYS WITH] [WEATHER - DAYS WITH] 9 = BLOWING SNOW
X = TORNADO
MAX 32 OR BELOW: 1 0.01 INCH OR MORE: 11
MAX 90 OR ABOVE: 0 0.10 INCH OR MORE: 6
MIN 32 OR BELOW: 12 0.50 INCH OR MORE: 4
MIN 0 OR BELOW: 0 1.00 INCH OR MORE: 2
[HDD (BASE 65) ]
TOTAL THIS MO. 611 CLEAR (SCALE 0-3) 11
DPTR FM NORMAL -20 PTCLDY (SCALE 4-7) 8
TOTAL FM JUL 1 1137 CLOUDY (SCALE 8-10) 12
DPTR FM NORMAL -9
[CDD (BASE 65) ]
TOTAL THIS MO. 0
DPTR FM NORMAL -2 [PRESSURE DATA]
TOTAL FM JAN 1 2477 HIGHEST SLP 30.67 ON 23
DPTR FM NORMAL 269 LOWEST SLP 29.64 ON 13
[REMARKS]
#FINAL-12-22#