000
CXUS54 KLZK 011130
CF6HRO
PRELIMINARY LOCAL CLIMATOLOGICAL DATA (WS FORM: F-6)
STATION: HARRISON
MONTH: JUNE
YEAR: 2022
LATITUDE: 36 15 N
LONGITUDE: 93 9 W
TEMPERATURE IN F: :PCPN: SNOW: WIND :SUNSHINE: SKY :PK WND
================================================================================
1 2 3 4 5 6A 6B 7 8 9 10 11 12 13 14 15 16 17 18
12Z AVG MX 2MIN
DY MAX MIN AVG DEP HDD CDD WTR SNW DPTH SPD SPD DIR MIN PSBL S-S WX SPD DR
================================================================================
1 83 66 75 4 0 10 0.21 0.0 0 5.7 16 360 M M 4 13 24 10
2 74 55 65 -6 0 0 0.00 0.0 0 4.3 12 340 M M 5 14 40
3 78 52 65 -6 0 0 0.00 0.0 0 4.6 13 60 M M 0 15 50
4 80 51 66 -6 0 1 0.00 0.0 0 3.5 14 120 M M 0 19 120
5 81 56 69 -3 0 4 0.04 0.0 0 5.4 15 150 M M 2 20 150
6 82 64 73 1 0 8 0.28 0.0 0 4.6 20 230 M M 5 13 28 240
7 83 64 74 2 0 9 0.00 0.0 0 2.1 9 160 M M 1 1 12 170
8 75 63 69 -4 0 4 0.18 0.0 0 4.3 17 160 M M 5 123 22 170
9 81 61 71 -2 0 6 T 0.0 0 3.4 14 150 M M 2 16 150
10 82 62 72 -1 0 7 0.11 0.0 0 6.1 26 160 M M 5 1 33 160
11 89 64 77 3 0 12 0.00 0.0 0 4.1 13 150 M M 0 17 170
12 96 73 85 11 0 20 0.00 0.0 0 6.9 18 170 M M 0 23 170
13 95 75 85 11 0 20 0.00 0.0 0 7.7 15 170 M M 0 22 170
14 90 76 83 9 0 18 0.00 0.0 0 9.9 16 160 M M 0 22 190
15 89 74 82 8 0 17 0.00 0.0 0 7.7 17 170 M M 0 22 160
16 92 74 83 8 0 18 0.00 0.0 0 4.2 10 240 M M 1 14 230
17 93 70 82 7 0 17 0.00 0.0 0 1.2 8 30 M M 1 1 11 30
18 93 69 81 6 0 16 0.00 0.0 0 5.9 12 120 M M 1 20 110
19 87 63 75 0 0 10 0.00 0.0 0 7.2 14 160 M M 0 18 150
20 91 58 75 -1 0 10 0.00 0.0 0 5.2 14 160 M M 0 17 180
21 95 64 80 4 0 15 0.00 0.0 0 3.5 9 330 M M 0 12 250
22 95 67 81 5 0 16 0.00 0.0 0 3.7 12 350 M M 0 15 350
23 93 68 81 5 0 16 0.86 0.0 0 2.7 18 20 M M 1 13 25 20
24 92 67 80 4 0 15 0.00 0.0 0 7.1 14 140 M M 2 123 18 130
25 96 73 85 9 0 20 0.00 0.0 0 5.5 12 250 M M 0 16 250
26 85 67 76 -1 0 11 0.00 0.0 0 7.4 15 350 M M 2 23 10
27 84 59 72 -5 0 7 0.00 0.0 0 4.9 14 70 M M 0 20 40
28 83 56 70 -7 0 5 0.00 0.0 0 2.6 10 50 M M 0 15 90
29 88 54 71 -6 0 6 0.00 0.0 0 3.0 13 120 M M 0 17 130
30 90 55 73 -4 0 8 0.00 0.0 0 4.2 15 160 M M 0 21 160
================================================================================
SM 2615 1920 0 326 1.68 0.0 148.6 M 37
================================================================================
AV 87.2 64.0 5.0 FASTST M M 1 MAX(MPH)
MISC ----> 26 160 33 160
================================================================================
NOTES:
# LAST OF SEVERAL OCCURRENCES
COLUMN 17 PEAK WIND IN M.P.H.
PRELIMINARY LOCAL CLIMATOLOGICAL DATA (WS FORM: F-6) , PAGE 2
STATION: HARRISON
MONTH: JUNE
YEAR: 2022
LATITUDE: 36 15 N
LONGITUDE: 93 9 W
[TEMPERATURE DATA] [PRECIPITATION DATA] SYMBOLS USED IN COLUMN 16
AVERAGE MONTHLY: 75.6 TOTAL FOR MONTH: 1.68 1 = FOG OR MIST
DPTR FM NORMAL: 1.2 DPTR FM NORMAL: -2.17 2 = FOG REDUCING VISIBILITY
HIGHEST: 96 ON 25,12 GRTST 24HR 0.86 ON 23-23 TO 1/4 MILE OR LESS
LOWEST: 51 ON 4 3 = THUNDER
SNOW, ICE PELLETS, HAIL 4 = ICE PELLETS
TOTAL MONTH: 0.0 INCH 5 = HAIL
GRTST 24HR 0.0 6 = FREEZING RAIN OR DRIZZLE
GRTST DEPTH: 0 7 = DUSTSTORM OR SANDSTORM:
VSBY 1/2 MILE OR LESS
8 = SMOKE OR HAZE
[NO. OF DAYS WITH] [WEATHER - DAYS WITH] 9 = BLOWING SNOW
X = TORNADO
MAX 32 OR BELOW: 0 0.01 INCH OR MORE: 6
MAX 90 OR ABOVE: 13 0.10 INCH OR MORE: 5
MIN 32 OR BELOW: 0 0.50 INCH OR MORE: 1
MIN 0 OR BELOW: 0 1.00 INCH OR MORE: 0
[HDD (BASE 65) ]
TOTAL THIS MO. 0 CLEAR (SCALE 0-3) 25
DPTR FM NORMAL -4 PTCLDY (SCALE 4-7) 5
TOTAL FM JUL 1 3473 CLOUDY (SCALE 8-10) 0
DPTR FM NORMAL -408
[CDD (BASE 65) ]
TOTAL THIS MO. 326
DPTR FM NORMAL 40 [PRESSURE DATA]
TOTAL FM JAN 1 515 HIGHEST SLP 30.31 ON 27
DPTR FM NORMAL 77 LOWEST SLP 29.64 ON 12
[REMARKS]
#FINAL-06-22#