000
CXUS52 KMHX 010700
CF6HSE
PRELIMINARY LOCAL CLIMATOLOGICAL DATA (WS FORM: F-6)
STATION: CAPE HATTERAS NC
MONTH: SEPTEMBER
YEAR: 2020
LATITUDE: 35 13 N
LONGITUDE: 75 37 W
TEMPERATURE IN F: :PCPN: SNOW: WIND :SUNSHINE: SKY :PK WND
================================================================================
1 2 3 4 5 6A 6B 7 8 9 10 11 12 13 14 15 16 17 18
12Z AVG MX 2MIN
DY MAX MIN AVG DEP HDD CDD WTR SNW DPTH SPD SPD DIR MIN PSBL S-S WX SPD DR
================================================================================
1 90 77 84 7 0 19 0.08 0.0 0 3.6 9 120 M M 3 1 11 30
2 88 79 84 7 0 19 0.17 0.0 0 7.2 13 230 M M 3 1 19 230
3 90 82 86 9 0 21 0.00 0.0 0 10.3 16 230 M M 1 1 23 220
4 92 79 86 9 0 21 0.00 0.0 0 5.9 12 250 M M 0 1 16 240
5 85 75 80 3 0 15 0.00 0.0 0 7.4 15 50 M M 5 1 23 360
6 84 76 80 3 0 15 0.00 0.0 0 9.2 15 40 M M 3 26 30
7 84 75 80 4 0 15 0.04 0.0 0 7.1 13 40 M M 4 20 40
8 80 74 77 1 0 12 0.43 0.0 0 5.8 15 70 M M 4 13 22 70
9 80 76 78 2 0 13 1.41 0.0 0 8.5 24 130 M M 6 123 31 140
10 88 75 82 6 0 17 0.92 0.0 0 10.7 22 200 M M 5 138 31 240
11 86 76 81 5 0 16 1.53 0.0 0 4.3 14 220 M M 3 138 19 230
12 80 75 78 2 0 13 0.01 0.0 0 11.9 18 40 M M 9 1 29 30
13 86 76 81 6 0 16 0.01 0.0 0 6.4 13 40 M M 6 1 22 30
14 83 74 79 4 0 14 0.04 0.0 0 9.1 15 30 M M 8 1 26 20
15 81 72 77 2 0 12 0.00 0.0 0 10.1 15 40 M M 2 24 30
16 84 72 78 3 0 13 0.00 0.0 0 10.6 20 110 M M 3 25 120
17 82 74 78 4 0 13 3.23 0.0 0 8.6 22 180 M M 9 12 30 180
18 81 72 77 3 0 12 0.22 0.0 0 13.2 23 230 M M 9 1 35 200
19 74 67 71 -3 0 6 0.00 0.0 0 13.6 20 30 M M 7 34 30
20 73 65 69 -5 0 4 0.02 0.0 0 14.0 21 30 M M 3 34 30
21 71 65 68 -5 0 3 0.00 0.0 0 12.7 20 40 M M 9 32 30
22 71 55 63 -10 2 0 0.00 0.0 0 6.7 13 20 M M 4 24 30
23 75 61 68 -5 0 3 0.00 0.0 0 6.0 10 300 M M 0 14 300
24 75 61 68 -4 0 3 T 0.0 0 2.6 7 300 M M 1 1 10 300
25 81 68 75 3 0 10 0.41 0.0 0 6.4 22 140 M M 6 1 27 130
26 82 71 77 5 0 12 0.17 0.0 0 8.8 25 140 M M 7 128 33 140
27 78 67 73 1 0 8 0.00 0.0 0 3.2 7 130 M M 7 12 11 310
28 82 67 75 4 0 10 0.00 0.0 0 2.6 12 110 M M 2 1 14 120
29 79 71 75 4 0 10 0.32 0.0 0 10.7 29 190 M M 4 13 41 190
30 76 59 68 -3 0 3 0.32 0.0 0 8.2 23 230 M M 3 1 37 230
================================================================================
SM 2441 2136 2 348 9.33 0.0 245.4 M 136
================================================================================
AV 81.4 71.2 8.2 FASTST M M 5 MAX(MPH)
MISC ----> # 29 190 # 41 190
================================================================================
NOTES:
# LAST OF SEVERAL OCCURRENCES
COLUMN 17 PEAK WIND IN M.P.H.
PRELIMINARY LOCAL CLIMATOLOGICAL DATA (WS FORM: F-6) , PAGE 2
STATION: CAPE HATTERAS NC
MONTH: SEPTEMBER
YEAR: 2020
LATITUDE: 35 13 N
LONGITUDE: 75 37 W
[TEMPERATURE DATA] [PRECIPITATION DATA] SYMBOLS USED IN COLUMN 16
AVERAGE MONTHLY: 76.3 TOTAL FOR MONTH: 9.33 1 = FOG OR MIST
DPTR FM NORMAL: 1.8 DPTR FM NORMAL: 3.08 2 = FOG REDUCING VISIBILITY
HIGHEST: 92 ON 4 GRTST 24HR 3.23 ON 17-17 TO 1/4 MILE OR LESS
LOWEST: 55 ON 22 3 = THUNDER
SNOW, ICE PELLETS, HAIL 4 = ICE PELLETS
TOTAL MONTH: 0.0 INCH 5 = HAIL
GRTST 24HR 0.0 6 = FREEZING RAIN OR DRIZZLE
GRTST DEPTH: 0 7 = DUSTSTORM OR SANDSTORM:
VSBY 1/2 MILE OR LESS
8 = SMOKE OR HAZE
[NO. OF DAYS WITH] [WEATHER - DAYS WITH] 9 = BLOWING SNOW
X = TORNADO
MAX 32 OR BELOW: 0 0.01 INCH OR MORE: 17
MAX 90 OR ABOVE: 3 0.10 INCH OR MORE: 11
MIN 32 OR BELOW: 0 0.50 INCH OR MORE: 4
MIN 0 OR BELOW: 0 1.00 INCH OR MORE: 3
[HDD (BASE 65) ]
TOTAL THIS MO. 2 CLEAR (SCALE 0-3) 10
DPTR FM NORMAL -1 PTCLDY (SCALE 4-7) 16
TOTAL FM JUL 1 2 CLOUDY (SCALE 8-10) 4
DPTR FM NORMAL -1
[CDD (BASE 65) ]
TOTAL THIS MO. 348
DPTR FM NORMAL 62 [PRESSURE DATA]
TOTAL FM JAN 1 2146 HIGHEST SLP M ON M
DPTR FM NORMAL 554 LOWEST SLP 29.69 ON 18
[REMARKS]
#FINAL-09-20#