000
CXUS53 KIND 010600
CF6HUF
PRELIMINARY LOCAL CLIMATOLOGICAL DATA (WS FORM: F-6)
STATION: TERRE HAUTE IN
MONTH: MARCH
YEAR: 2020
LATITUDE: 39 27 N
LONGITUDE: 87 18 W
TEMPERATURE IN F: :PCPN: SNOW: WIND :SUNSHINE: SKY :PK WND
================================================================================
1 2 3 4 5 6A 6B 7 8 9 10 11 12 13 14 15 16 17 18
12Z AVG MX 2MIN
DY MAX MIN AVG DEP HDD CDD WTR SNW DPTH SPD SPD DIR MIN PSBL S-S WX SPD DR
================================================================================
1 62 28 45 8 20 0 0.01 M M 12.4 25 190 M M 3 37 220
2 55 46 51 14 14 0 0.46 M M 7.4 24 200 M M 10 13 36 190
3 56 34 45 7 20 0 0.14 M M 9.9 26 260 M M 4 13 37 250
4 54 33 44 6 21 0 0.00 M M 8.1 21 330 M M 1 30 340
5 58 26 42 3 23 0 0.00 M M 8.8 22 310 M M 2 1 33 260
6 43 25 34 -5 31 0 T M M 13.2 28 330 M M 8 1 41 300
7 51 20 36 -3 29 0 0.00 M M 4.4 14 150 M M 0 1 20 180
8 64 32 48 8 17 0 0.00 M M 12.3 25 180 M M 0 31 180
9 64 51 58 18 7 0 0.18 M M 15.8 29 180 M M 5 1 40 170
10 58 43 51 11 14 0 0.22 M M 8.1 21 290 M M 10 1 30 300
11 47 42 45 4 20 0 0.00 M M 5.1 13 210 M M 10 1 17 200
12 58 44 51 10 14 0 0.29 M M 7.9 30 150 M M 8 1 40 160
13 56 37 47 5 18 0 T M M 10.1 26 320 M M 1 41 310
14 42 35 39 -3 26 0 0.36 M M 8.8 17 60 M M 9 1 22 50
15 49 33 41 -1 24 0 0.00 M M 8.8 16 60 M M 8 23 60
16 45 38 42 -1 23 0 0.01 M M 4.5 13 150 M M 10 1 16 230
17 55 38 47 4 18 0 0.00 M M 4.8 15 310 M M 5 1 22 320
18 55 39 47 3 18 0 0.36 M M 7.3 13 160 M M 7 1 18 140
19 67 48 58 14 7 0 0.88 M M 10.8 30 200 M M 9 123 41 210
20 69 35 52 8 13 0 0.01 M M 14.8 29 320 M M 9 42 310
21 38 28 33 -12 32 0 0.00 M M 7.4 15 360 M M 8 21 350
22 39 27 33 -12 32 0 0.04 M M 7.8 16 60 M M 6 1 21 50
23 42 32 37 -8 28 0 0.00 M M 3.6 12 360 M M 8 1 15 360
24 52 31 42 -4 23 0 0.09 M M 6.9 15 110 M M 5 1 18 100
25 60 31 46 0 19 0 0.00 M M 4.1 13 210 M M 5 12 17 190
26 65 44 55 9 10 0 0.00 M M 7.7 20 170 M M 3 1 25 170
27 71 53 62 15 3 0 0.22 M M 6.9 20 120 M M 8 13 27 120
28 74 60 67 20 0 2 0.46 M M 10.7 25 170 M M 6 13 38 200
29 68 50 59 11 6 0 T M M 18.8 33 260 M M 5 50 250
30 61 43 52 4 13 0 0.00 M M 11.0 21 300 M M 0 29 310
31 46 40 43 -5 22 0 0.00 M M 8.1 15 10 M M 6 23 360
================================================================================
SM 1724 1166 565 2 3.73 M 276.3 M 179
================================================================================
AV 55.6 37.6 8.9 FASTST M M 6 MAX(MPH)
MISC ----> 33 260 50 250
================================================================================
NOTES:
# LAST OF SEVERAL OCCURRENCES
COLUMN 17 PEAK WIND IN M.P.H.
PRELIMINARY LOCAL CLIMATOLOGICAL DATA (WS FORM: F-6) , PAGE 2
STATION: TERRE HAUTE IN
MONTH: MARCH
YEAR: 2020
LATITUDE: 39 27 N
LONGITUDE: 87 18 W
[TEMPERATURE DATA] [PRECIPITATION DATA] SYMBOLS USED IN COLUMN 16
AVERAGE MONTHLY: 46.6 TOTAL FOR MONTH: 3.73 1 = FOG OR MIST
DPTR FM NORMAL: 3.8 DPTR FM NORMAL: 0.36 2 = FOG REDUCING VISIBILITY
HIGHEST: 74 ON 28 GRTST 24HR 0.89 ON 19-20 TO 1/4 MILE OR LESS
LOWEST: 20 ON 7 3 = THUNDER
SNOW, ICE PELLETS, HAIL 4 = ICE PELLETS
TOTAL MONTH: M 5 = HAIL
GRTST 24HR M ON M 6 = FREEZING RAIN OR DRIZZLE
GRTST DEPTH: M ON M 7 = DUSTSTORM OR SANDSTORM:
VSBY 1/2 MILE OR LESS
8 = SMOKE OR HAZE
[NO. OF DAYS WITH] [WEATHER - DAYS WITH] 9 = BLOWING SNOW
X = TORNADO
MAX 32 OR BELOW: 0 0.01 INCH OR MORE: 15
MAX 90 OR ABOVE: 0 0.10 INCH OR MORE: 10
MIN 32 OR BELOW: 10 0.50 INCH OR MORE: 1
MIN 0 OR BELOW: 0 1.00 INCH OR MORE: 0
[HDD (BASE 65) ]
TOTAL THIS MO. 565 CLEAR (SCALE 0-3) 7
DPTR FM NORMAL -126 PTCLDY (SCALE 4-7) 14
TOTAL FM JUL 1 4350 CLOUDY (SCALE 8-10) 10
DPTR FM NORMAL -504
[CDD (BASE 65) ]
TOTAL THIS MO. 2
DPTR FM NORMAL 1 [PRESSURE DATA]
TOTAL FM JAN 1 2 HIGHEST SLP M ON M
DPTR FM NORMAL 1 LOWEST SLP 29.57 ON 12
[REMARKS]
#FINAL-03-20#