000
CXUS51 KCAR 010700
CF6HUL
PRELIMINARY LOCAL CLIMATOLOGICAL DATA (WS FORM: F-6)
STATION: HOULTON ME
MONTH: MAY
YEAR: 2023
LATITUDE: 46 7 N
LONGITUDE: 67 48 W
TEMPERATURE IN F: :PCPN: SNOW: WIND :SUNSHINE: SKY :PK WND
================================================================================
1 2 3 4 5 6A 6B 7 8 9 10 11 12 13 14 15 16 17 18
12Z AVG MX 2MIN
DY MAX MIN AVG DEP HDD CDD WTR SNW DPTH SPD SPD DIR MIN PSBL S-S WX SPD DR
================================================================================
1 55 44 50 4 15 0 0.35 M M 13.5 26 100 M M 10 1 45 120
2 57 42 50 4 15 0 0.00 M M 9.2 18 80 M M 10 30 90
3 46 36 41 -6 24 0 0.05 M M 9.6 17 60 M M 10 18 27 60
4 51 37 44 -3 21 0 T M M 11.0 21 30 M M 10 1 29 60
5 66 31 49 1 16 0 0.00 M M 8.5 24 360 M M 3 33 10
6 73 32 53 5 12 0 0.00 M M 7.0 28 10 M M 0 37 10
7 73 39 56 8 9 0 0.00 M M 7.8 23 250 M M 2 33 250
8 55 34 45 -4 20 0 0.00 M M 10.1 23 10 M M 5 36 330
9 55 26 41 -8 24 0 T M M 5.5 26 360 M M 2 33 360
10 67 27 47 -3 18 0 0.00 M M 6.0 22 320 M M 5 33 310
11 75 33 54 4 11 0 0.00 M M 2.2 14 280 M M 0 21 290
12 78 36 57 7 8 0 0.13 M M 5.1 18 250 M M 4 13 26 260
13 57 36 47 -3 18 0 0.18 M M 7.3 21 350 M M 7 1 30 330
14 59 32 46 -5 19 0 0.00 M M 9.2 23 340 M M 3 35 350
15 70 32 51 0 14 0 T M M 9.1 26 270 M M 5 47 230
16 58 41 50 -2 15 0 0.24 M M 4.7 14 270 M M 7 1 21 270
17 47 33 40 -12 25 0 0.01 M M 8.4 23 340 M M 7 36 330
18 56 32 44 -8 21 0 0.00 M M 7.2 17 260 M M 0 28 260
19 69 37 53 1 12 0 0.00 M M 11.2 23 220 M M 0 37 180
20 71 48 60 7 5 0 0.22 M M 10.0 21 220 M M 7 1 32 200
21 70 46 58 5 7 0 0.94 M M 9.9 22 280 M M 7 1 36 280
22 60 32 46 -7 19 0 0.00 M M 7.0 17 10 M M 0 24 30
23 70 29 50 -4 15 0 0.00 M M 6.9 17 220 M M 0 27 230
24 61 45 53 -1 12 0 0.68 M M 7.6 17 230 M M 6 1 26 220
25 48 40 44 -10 21 0 0.11 M M 10.5 21 350 M M 10 18 29 350
26 58 39 49 -5 16 0 0.03 M M 6.2 13 320 M M 7 20 310
27 77 35 56 1 9 0 0.00 M M 5.4 18 270 M M 1 1 27 260
28 89 50 70 15 0 5 0.00 M M 12.8 24 280 M M 1 38 270
29 67 40 54 -1 11 0 0.00 M M 7.0 18 10 M M 0 24 360
30 78 44 61 5 4 0 0.00 M M 6.9 15 240 M M 0 22 240
31 87 49 68 12 0 3 0.00 M M 6.2 14 210 M M 0 20 240
================================================================================
SM 2003 1157 436 8 2.94 M 249.0 M 129
================================================================================
AV 64.6 37.3 8.0 FASTST M M 4 MAX(MPH)
MISC ----> 28 10 47 230
================================================================================
NOTES:
# LAST OF SEVERAL OCCURRENCES
COLUMN 17 PEAK WIND IN M.P.H.
PRELIMINARY LOCAL CLIMATOLOGICAL DATA (WS FORM: F-6) , PAGE 2
STATION: HOULTON ME
MONTH: MAY
YEAR: 2023
LATITUDE: 46 7 N
LONGITUDE: 67 48 W
[TEMPERATURE DATA] [PRECIPITATION DATA] SYMBOLS USED IN COLUMN 16
AVERAGE MONTHLY: 51.0 TOTAL FOR MONTH: 2.94 1 = FOG OR MIST
DPTR FM NORMAL: -0.2 DPTR FM NORMAL: -0.52 2 = FOG REDUCING VISIBILITY
HIGHEST: 89 ON 28 GRTST 24HR 1.16 ON 20-21 TO 1/4 MILE OR LESS
LOWEST: 26 ON 9 3 = THUNDER
SNOW, ICE PELLETS, HAIL 4 = ICE PELLETS
TOTAL MONTH: M 5 = HAIL
GRTST 24HR M ON M 6 = FREEZING RAIN OR DRIZZLE
GRTST DEPTH: M ON M 7 = DUSTSTORM OR SANDSTORM:
VSBY 1/2 MILE OR LESS
8 = SMOKE OR HAZE
[NO. OF DAYS WITH] [WEATHER - DAYS WITH] 9 = BLOWING SNOW
X = TORNADO
MAX 32 OR BELOW: 0 0.01 INCH OR MORE: 11
MAX 90 OR ABOVE: 0 0.10 INCH OR MORE: 8
MIN 32 OR BELOW: 9 0.50 INCH OR MORE: 2
MIN 0 OR BELOW: 0 1.00 INCH OR MORE: 0
[HDD (BASE 65) ]
TOTAL THIS MO. 436 CLEAR (SCALE 0-3) 15
DPTR FM NORMAL 4 PTCLDY (SCALE 4-7) 11
TOTAL FM JUL 1 7711 CLOUDY (SCALE 8-10) 5
DPTR FM NORMAL -1147
[CDD (BASE 65) ]
TOTAL THIS MO. 8
DPTR FM NORMAL 3 [PRESSURE DATA]
TOTAL FM JAN 1 8 HIGHEST SLP 30.38 ON 23
DPTR FM NORMAL 3 LOWEST SLP 29.35 ON 1
[REMARKS]
#FINAL-05-23#