000
CXUS51 KCAR 190114
CF6HUL
PRELIMINARY LOCAL CLIMATOLOGICAL DATA (WS FORM: F-6)
STATION: HOULTON ME
MONTH: JULY
YEAR: 2022
LATITUDE: 46 7 N
LONGITUDE: 67 48 W
TEMPERATURE IN F: :PCPN: SNOW: WIND :SUNSHINE: SKY :PK WND
================================================================================
1 2 3 4 5 6A 6B 7 8 9 10 11 12 13 14 15 16 17 18
12Z AVG MX 2MIN
DY MAX MIN AVG DEP HDD CDD WTR SNW DPTH SPD SPD DIR MIN PSBL S-S WX SPD DR
================================================================================
1 82 47 65 1 0 0 1.32 M M 7.2 21 300 M M 6 123 30 290
2 80 56 68 3 0 3 0.10 M M 6.8 17 230 M M 4 13 23 230
3 77 50 64 -1 1 0 0.01 M M 4.3 21 300 M M 2 31 280
4 74 48 61 -4 4 0 0.00 M M 7.9 20 310 M M 0 25 270
5 78 47 63 -2 2 0 0.24 M M 3.6 15 240 M M 5 1 20 270
6 71 46 59 -6 6 0 0.52 M M 8.2 25 10 M M 7 1 33 20
7 74 41 58 -8 7 0 0.00 M M 2.3 13 300 M M 2 1 19 280
8 78 52 65 -1 0 0 0.00 M M 5.5 21 240 M M 5 3 29 220
9 72 44 58 -8 7 0 0.00 M M 5.1 15 310 M M 2 23 10
10 78 40 59 -7 6 0 0.00 M M 4.7 14 240 M M 0 18 260
11 81 57 69 3 0 4 0.00 M M 9.1 20 230 M M 2 27 240
12 80 62 71 5 0 6 0.27 M M 8.5 20 190 M M 4 13 30 190
13 82 54 68 2 0 3 0.00 M M 4.3 12 300 M M 3 16 280
14 76 51 64 -2 1 0 0.82 M M 3.8 13 100 M M 6 13 18 100
15 81 52 67 1 0 2 0.00 M M 4.1 15 280 M M 3 1 24 330
16 83 52 68 2 0 3 0.00 M M 5.5 15 230 M M 2 22 220
17 85 59 72 5 0 7 0.00 M M 4.0 13 250 M M 1 17 290
18 88 59 74 7 0 9 0.44 M M 7.7 16 220 M M 1 1 24 230
19 81 64 73 6 0 8 1.43 M M 7.5 27 360 M M 8 13 36 20
20 83 57 70 3 0 5 0.00 M M 6.3 17 280 M M 0 23 280
21 89 55 72 5 0 7 0.00 M M 5.8 18 180 M M 1 27 160
22 86 60 73 6 0 8 0.00 M M 6.4 17 250 M M 4 23 280
23 88 58 73 6 0 8 0.00 M M 6.9 20 240 M M 0 25 210
24 88 65 77 10 0 12 T M M 7.0 16 190 M M 1 23 170
25 80 63 72 5 0 7 T M M 7.3 20 210 M M 3 27 220
26 78 57 68 1 0 3 0.00 M M 7.7 18 240 M M 4 24 230
27 85 54 70 4 0 5 0.00 M M 4.9 14 260 M M 1 22 260
28 83 54 69 3 0 4 0.04 M M 2.8 9 200 M M 4 13 M M
29 82 56 69 3 0 4 0.79 M M 7.6 20 260 M M M 3 26 260
30 78 54 66 0 0 1 0.04 M M 6.8 22 300 M M M 16 300
31 84 57 71 5 0 6 0.00 M M 6.9 19 260 M M M 14 240
================================================================================
SM 2505 1671 34 115 6.02 M 186.5 M 81
================================================================================
AV 80.8 53.9 6.0 FASTST M M 3 MAX(MPH)
MISC ----> 27 360 36 20
================================================================================
NOTES:
# LAST OF SEVERAL OCCURRENCES
COLUMN 17 PEAK WIND IN M.P.H.
PRELIMINARY LOCAL CLIMATOLOGICAL DATA (WS FORM: F-6) , PAGE 2
STATION: HOULTON ME
MONTH: JULY
YEAR: 2022
LATITUDE: 46 7 N
LONGITUDE: 67 48 W
[TEMPERATURE DATA] [PRECIPITATION DATA] SYMBOLS USED IN COLUMN 16
AVERAGE MONTHLY: 67.4 TOTAL FOR MONTH: 6.02 1 = FOG OR MIST
DPTR FM NORMAL: 1.3 DPTR FM NORMAL: 2.39 2 = FOG REDUCING VISIBILITY
HIGHEST: 89 ON 21 GRTST 24HR 1.81 ON 18-19 TO 1/4 MILE OR LESS
LOWEST: 40 ON 10 3 = THUNDER
SNOW, ICE PELLETS, HAIL 4 = ICE PELLETS
TOTAL MONTH: M 5 = HAIL
GRTST 24HR M ON M 6 = FREEZING RAIN OR DRIZZLE
GRTST DEPTH: M ON M 7 = DUSTSTORM OR SANDSTORM:
VSBY 1/2 MILE OR LESS
8 = SMOKE OR HAZE
[NO. OF DAYS WITH] [WEATHER - DAYS WITH] 9 = BLOWING SNOW
X = TORNADO
MAX 32 OR BELOW: 0 0.01 INCH OR MORE: 12
MAX 90 OR ABOVE: 0 0.10 INCH OR MORE: 9
MIN 32 OR BELOW: 0 0.50 INCH OR MORE: 5
MIN 0 OR BELOW: 0 1.00 INCH OR MORE: 2
[HDD (BASE 65) ]
TOTAL THIS MO. 34 CLEAR (SCALE 0-3) 17
DPTR FM NORMAL -20 PTCLDY (SCALE 4-7) 11
TOTAL FM JUL 1 34 CLOUDY (SCALE 8-10) 3
DPTR FM NORMAL -28
[CDD (BASE 65) ]
TOTAL THIS MO. 115
DPTR FM NORMAL 27 [PRESSURE DATA]
TOTAL FM JAN 1 140 HIGHEST SLP M ON M
DPTR FM NORMAL 13 LOWEST SLP 29.51 ON 12
[REMARKS]
#FINAL-07-22#