000
CXUS51 KCAR 010600
CF6HUL
PRELIMINARY LOCAL CLIMATOLOGICAL DATA (WS FORM: F-6)
STATION: HOULTON ME
MONTH: MARCH
YEAR: 2021
LATITUDE: 46 7 N
LONGITUDE: 67 48 W
TEMPERATURE IN F: :PCPN: SNOW: WIND :SUNSHINE: SKY :PK WND
================================================================================
1 2 3 4 5 6A 6B 7 8 9 10 11 12 13 14 15 16 17 18
12Z AVG MX 2MIN
DY MAX MIN AVG DEP HDD CDD WTR SNW DPTH SPD SPD DIR MIN PSBL S-S WX SPD DR
================================================================================
1 36 17 27 7 38 0 0.50 M M 10.5 26 270 M M 10 18 38 270
2 17 -3 7 -13 58 0 T M M 17.0 31 300 M M 6 9 46 300
3 32 8 20 0 45 0 0.00 M M 11.6 21 290 M M 0 29 290
4 25 14 20 -1 45 0 T M M 13.7 23 280 M M 3 31 290
5 21 5 13 -8 52 0 0.00 M M 9.8 18 300 M M 5 24 330
6 28 3 16 -6 49 0 0.00 M M 9.2 20 280 M M 1 25 300
7 29 7 18 -4 47 0 0.00 M M 5.0 13 280 M M 1 20 280
8 34 -4 15 -7 50 0 0.00 M M 2.0 12 10 M M 0 15 10
9 30 -1 15 -8 50 0 0.05 M M 3.2 12 330 M M 6 18 17 320
10 46 1 24 1 41 0 0.00 M M 4.3 16 200 M M 0 24 200
11 57 33 45 21 20 0 0.00 M M 9.0 18 210 M M 5 26 200
12 47 32 40 16 25 0 T M M 13.5 26 260 M M 2 38 250
13 34 21 28 4 37 0 T M M 12.4 23 290 M M 2 8 40 320
14 27 11 19 -6 46 0 T M M 8.6 22 360 M M 8 18 31 350
15 13 2 8 -17 57 0 0.00 M M 13.7 24 330 M M 2 33 340
16 27 -1 13 -12 52 0 0.00 M M 5.7 15 350 M M 0 20 360
17 50 12 31 5 34 0 0.00 M M 5.6 13 220 M M 1 16 230
18 45 19 32 6 33 0 T M M 11.2 23 360 M M 6 31 350
19 27 9 18 -9 47 0 0.00 M M 12.6 24 350 M M 0 33 360
20 50 7 29 2 36 0 0.00 M M 7.7 17 280 M M 1 23 260
21 60 22 41 13 24 0 0.00 M M 5.9 16 240 M M 0 21 250
22 64 21 43 15 22 0 0.00 M M 6.3 15 230 M M 0 20 180
23 63 33 48 20 17 0 0.00 M M 5.8 14 240 M M 0 17 240
24 59 36 48 19 17 0 0.00 M M 6.5 12 190 M M 1 16 190
25 55 42 49 20 16 0 0.04 M M 7.2 13 190 M M 10 1 20 210
26 48 33 41 11 24 0 0.74 M M 5.9 22 50 M M 10 12 28 50
27 33 25 29 -1 36 0 0.02 M M 10.1 22 360 M M 10 1 29 10
28 34 25 30 0 35 0 0.47 M M 8.5 18 140 M M 10 1 26 130
29 40 27 34 3 31 0 0.16 M M 12.4 27 300 M M 7 1 43 310
30 50 22 36 5 29 0 0.00 M M 7.7 21 220 M M 0 26 210
31 59 35 47 15 18 0 0.00 M M 9.4 22 210 M M 5 34 220
================================================================================
SM 1240 513 1131 0 1.98 M 272.0 M 112
================================================================================
AV 40.0 16.5 8.8 FASTST M M 4 MAX(MPH)
MISC ----> 31 300 46 300
================================================================================
NOTES:
# LAST OF SEVERAL OCCURRENCES
COLUMN 17 PEAK WIND IN M.P.H.
PRELIMINARY LOCAL CLIMATOLOGICAL DATA (WS FORM: F-6) , PAGE 2
STATION: HOULTON ME
MONTH: MARCH
YEAR: 2021
LATITUDE: 46 7 N
LONGITUDE: 67 48 W
[TEMPERATURE DATA] [PRECIPITATION DATA] SYMBOLS USED IN COLUMN 16
AVERAGE MONTHLY: 28.3 TOTAL FOR MONTH: 1.98 1 = FOG OR MIST
DPTR FM NORMAL: 2.7 DPTR FM NORMAL: -0.61 2 = FOG REDUCING VISIBILITY
HIGHEST: 64 ON 22 GRTST 24HR 0.76 ON 26-27 TO 1/4 MILE OR LESS
LOWEST: -4 ON 8 3 = THUNDER
SNOW, ICE PELLETS, HAIL 4 = ICE PELLETS
TOTAL MONTH: M 5 = HAIL
GRTST 24HR M ON M 6 = FREEZING RAIN OR DRIZZLE
GRTST DEPTH: M ON M 7 = DUSTSTORM OR SANDSTORM:
VSBY 1/2 MILE OR LESS
8 = SMOKE OR HAZE
[NO. OF DAYS WITH] [WEATHER - DAYS WITH] 9 = BLOWING SNOW
X = TORNADO
MAX 32 OR BELOW: 11 0.01 INCH OR MORE: 7
MAX 90 OR ABOVE: 0 0.10 INCH OR MORE: 4
MIN 32 OR BELOW: 25 0.50 INCH OR MORE: 2
MIN 0 OR BELOW: 4 1.00 INCH OR MORE: 0
[HDD (BASE 65) ]
TOTAL THIS MO. 1131 CLEAR (SCALE 0-3) 18
DPTR FM NORMAL -92 PTCLDY (SCALE 4-7) 7
TOTAL FM JUL 1 6831 CLOUDY (SCALE 8-10) 6
DPTR FM NORMAL -966
[CDD (BASE 65) ]
TOTAL THIS MO. 0
DPTR FM NORMAL 0 [PRESSURE DATA]
TOTAL FM JAN 1 0 HIGHEST SLP M ON M
DPTR FM NORMAL 0 LOWEST SLP 29.17 ON 1
[REMARKS]
#FINAL-03-21#