000
CXUS51 KCAR 010700
CF6HUL
PRELIMINARY LOCAL CLIMATOLOGICAL DATA (WS FORM: F-6)
STATION: HOULTON ME
MONTH: OCTOBER
YEAR: 2020
LATITUDE: 46 7 N
LONGITUDE: 67 48 W
TEMPERATURE IN F: :PCPN: SNOW: WIND :SUNSHINE: SKY :PK WND
================================================================================
1 2 3 4 5 6A 6B 7 8 9 10 11 12 13 14 15 16 17 18
12Z AVG MX 2MIN
DY MAX MIN AVG DEP HDD CDD WTR SNW DPTH SPD SPD DIR MIN PSBL S-S WX SPD DR
================================================================================
1 70 44 57 8 8 0 0.00 M M 7.3 20 230 M M 1 1 26 230
2 55 44 50 2 15 0 0.68 M M 4.9 18 10 M M 9 12 23 350
3 57 33 45 -3 20 0 0.00 M M 3.3 10 340 M M 6 12 20 90
4 51 30 41 -7 24 0 0.01 M M 0.8 6 330 M M 6 12 7 290
5 64 32 48 1 17 0 0.00 M M 3.0 9 220 M M 3 8 13 240
6 62 45 54 7 11 0 0.00 M M 8.4 15 190 M M 8 24 180
7 65 52 59 13 6 0 0.21 M M 6.6 14 190 M M 9 1 21 170
8 53 38 46 0 19 0 0.02 M M 14.8 25 300 M M 5 1 39 310
9 53 33 43 -3 22 0 T M M 9.5 22 280 M M 1 32 300
10 72 42 57 12 8 0 0.63 M M 9.5 24 300 M M 6 13 35 300
11 53 23 38 -7 27 0 0.01 M M 7.4 20 10 M M 4 1 32 300
12 54 21 38 -7 27 0 0.00 M M 1.3 7 50 M M 0 9 50
13 55 23 39 -5 26 0 1.44 M M 5.3 15 90 M M 4 1 23 70
14 58 44 51 7 14 0 1.03 M M 7.4 18 290 M M 6 1 24 280
15 65 32 49 5 16 0 0.00 M M 8.5 17 180 M M 0 1 29 190
16 63 50 57 14 8 0 0.55 M M 6.9 15 180 M M 10 1 24 170
17 51 32 42 -1 23 0 1.07 M M 8.6 23 280 M M 8 1 36 310
18 57 29 43 0 22 0 0.00 M M 3.8 12 190 M M 0 1 16 190
19 58 28 43 1 22 0 T M M 4.7 13 220 M M 3 17 180
20 55 41 48 6 17 0 0.12 M M 7.2 15 10 M M 9 1 22 200
21 52 38 45 3 20 0 T M M 7.3 15 220 M M 9 1 21 210
22 53 40 47 6 18 0 T M M 3.5 13 300 M M 7 1 18 280
23 56 42 49 8 16 0 0.00 M M 7.7 15 180 M M 10 24 180
24 55 35 45 4 20 0 T M M 10.1 18 20 M M 8 1 24 190
25 43 21 32 -8 33 0 0.00 M M 6.7 18 350 M M 3 26 350
26 38 21 30 -10 35 0 0.22 M M 1.6 9 150 M M 7 1 12 160
27 41 30 36 -4 29 0 0.09 M M 7.1 15 360 M M 10 1 21 10
28 35 28 32 -8 33 0 T M M 5.9 13 220 M M 9 16 220
29 45 30 38 -1 27 0 0.00 M M 8.4 18 360 M M 7 23 360
30 34 21 28 -11 37 0 0.00 M M 10.4 18 360 M M 0 24 20
31 42 13 28 -11 37 0 0.00 M M 4.3 15 270 M M 0 22 260
================================================================================
SM 1665 1035 657 0 6.08 M 202.2 M 168
================================================================================
AV 53.7 33.4 6.5 FASTST M M 5 MAX(MPH)
MISC ----> 25 300 39 310
================================================================================
NOTES:
# LAST OF SEVERAL OCCURRENCES
COLUMN 17 PEAK WIND IN M.P.H.
PRELIMINARY LOCAL CLIMATOLOGICAL DATA (WS FORM: F-6) , PAGE 2
STATION: HOULTON ME
MONTH: OCTOBER
YEAR: 2020
LATITUDE: 46 7 N
LONGITUDE: 67 48 W
[TEMPERATURE DATA] [PRECIPITATION DATA] SYMBOLS USED IN COLUMN 16
AVERAGE MONTHLY: 43.5 TOTAL FOR MONTH: 6.08 1 = FOG OR MIST
DPTR FM NORMAL: 0.1 DPTR FM NORMAL: 2.42 2 = FOG REDUCING VISIBILITY
HIGHEST: 72 ON 10 GRTST 24HR 2.47 ON 13-14 TO 1/4 MILE OR LESS
LOWEST: 13 ON 31 3 = THUNDER
SNOW, ICE PELLETS, HAIL 4 = ICE PELLETS
TOTAL MONTH: M 5 = HAIL
GRTST 24HR M ON M 6 = FREEZING RAIN OR DRIZZLE
GRTST DEPTH: M ON M 7 = DUSTSTORM OR SANDSTORM:
VSBY 1/2 MILE OR LESS
8 = SMOKE OR HAZE
[NO. OF DAYS WITH] [WEATHER - DAYS WITH] 9 = BLOWING SNOW
X = TORNADO
MAX 32 OR BELOW: 0 0.01 INCH OR MORE: 13
MAX 90 OR ABOVE: 0 0.10 INCH OR MORE: 9
MIN 32 OR BELOW: 16 0.50 INCH OR MORE: 6
MIN 0 OR BELOW: 0 1.00 INCH OR MORE: 3
[HDD (BASE 65) ]
TOTAL THIS MO. 657 CLEAR (SCALE 0-3) 9
DPTR FM NORMAL -11 PTCLDY (SCALE 4-7) 12
TOTAL FM JUL 1 1022 CLOUDY (SCALE 8-10) 10
DPTR FM NORMAL -114
[CDD (BASE 65) ]
TOTAL THIS MO. 0
DPTR FM NORMAL 0 [PRESSURE DATA]
TOTAL FM JAN 1 410 HIGHEST SLP 30.57 ON 18
DPTR FM NORMAL 219 LOWEST SLP 29.16 ON 8
[REMARKS]
#FINAL-10-20#