676
CXUS56 KTFX 011110
CF6HVR
PRELIMINARY LOCAL CLIMATOLOGICAL DATA (WS FORM: F-6)
STATION: HAVRE MT
MONTH: APRIL
YEAR: 2020
LATITUDE: 48 32 N
LONGITUDE: 109 46 W
TEMPERATURE IN F: :PCPN: SNOW: WIND :SUNSHINE: SKY :PK WND
================================================================================
1 2 3 4 5 6A 6B 7 8 9 10 11 12 13 14 15 16 17 18
12Z AVG MX 2MIN
DY MAX MIN AVG DEP HDD CDD WTR SNW DPTH SPD SPD DIR MIN PSBL S-S WX SPD DR
================================================================================
1 20 -8 6 -34 59 0 0.09 3.5 5 9.8 21 360 M M 8 18 28 10
2 17 -12 3 -37 62 0 0.00 0.0 4 6.7 14 90 M M 3 16 90
3 37 2 20 -20 45 0 T T 4 5.0 16 90 M M 4 1 19 90
4 34 22 28 -13 37 0 T T 2 8.5 17 320 M M 7 18 21 320
5 45 21 33 -8 32 0 T T 1 12.3 29 90 M M 4 1 33 90
6 51 28 40 -2 25 0 0.00 0.0 0 8.8 23 310 M M 2 27 330
7 60 29 45 3 20 0 0.01 0.1 0 16.9 38 280 M M 4 1 50 280
8 47 22 35 -7 30 0 T T T 13.7 24 290 M M 6 1 31 290
9 56 18 37 -5 28 0 0.00 0.0 T 3.9 10 70 M M 0 14 60
10 57 29 43 0 22 0 0.07 0.8 0 10.6 25 70 M M 5 1 30 70
11 31 18 25 -18 40 0 0.13 3.3 4 10.1 23 50 M M 10 18 26 60
12 30 9 20 -23 45 0 T 1.0 1 13.1 28 330 M M 5 18 33 330
13 32 10 21 -23 44 0 0.00 0.0 1 10.2 22 310 M M 5 32 300
14 48 26 37 -7 28 0 0.03 0.0 0 9.7 20 230 M M 10 26 280
15 43 19 31 -13 34 0 T T 0 10.0 23 300 M M 8 18 31 310
16 46 14 30 -15 35 0 0.00 0.0 0 11.4 22 210 M M 3 27 220
17 65 33 49 4 16 0 0.00 0.0 0 19.4 31 220 M M 3 38 220
18 48 30 39 -6 26 0 0.07 0.0 0 7.8 20 20 M M 8 1 24 10
19 63 24 44 -2 21 0 0.00 0.0 0 8.9 23 300 M M 2 35 270
20 68 35 52 6 13 0 0.00 0.0 0 10.4 21 230 M M 7 25 220
21 74 40 57 11 8 0 0.00 0.0 0 14.7 25 290 M M 2 33 280
22 68 44 56 10 9 0 0.00 0.0 0 14.3 29 290 M M 6 34 280
23 63 42 53 6 12 0 T 0.0 0 9.0 24 280 M M 8 29 310
24 62 37 50 3 15 0 T 0.0 0 10.3 23 310 M M 7 29 330
25 67 28 48 1 17 0 0.00 0.0 0 11.7 25 220 M M 2 29 220
26 68 42 55 7 10 0 0.00 0.0 0 16.9 31 280 M M 1 41 280
27 71 41 56 8 9 0 0.00 0.0 0 18.2 41 280 M M 3 8 56 280
28 67 37 52 4 13 0 0.00 0.0 0 12.3 30 260 M M 1 37 260
29 75 38 57 9 8 0 0.00 0.0 0 7.4 17 100 M M 1 20 110
30 80 48 64 15 1 0 0.02 0.0 0 15.4 26 260 M M 4 3 34 350
================================================================================
SM 1593 766 764 0 0.42 8.7 337.4 M 139
================================================================================
AV 53.1 25.5 11.2 FASTST M M 5 MAX(MPH)
MISC ----> 41 280 56 280
================================================================================
NOTES:
# LAST OF SEVERAL OCCURRENCES
COLUMN 17 PEAK WIND IN M.P.H.
PRELIMINARY LOCAL CLIMATOLOGICAL DATA (WS FORM: F-6) , PAGE 2
STATION: HAVRE MT
MONTH: APRIL
YEAR: 2020
LATITUDE: 48 32 N
LONGITUDE: 109 46 W
[TEMPERATURE DATA] [PRECIPITATION DATA] SYMBOLS USED IN COLUMN 16
AVERAGE MONTHLY: 39.3 TOTAL FOR MONTH: 0.42 1 = FOG OR MIST
DPTR FM NORMAL: -5.1 DPTR FM NORMAL: -0.42 2 = FOG REDUCING VISIBILITY
HIGHEST: 80 ON 30 GRTST 24HR 0.20 ON 10-11 TO 1/4 MILE OR LESS
LOWEST: -12 ON 2 3 = THUNDER
SNOW, ICE PELLETS, HAIL 4 = ICE PELLETS
TOTAL MONTH: 11.0 INCHES 5 = HAIL
GRTST 24HR 3.5 ON 1- 1 6 = FREEZING RAIN OR DRIZZLE
GRTST DEPTH: 5 ON 1 7 = DUSTSTORM OR SANDSTORM:
VSBY 1/2 MILE OR LESS
8 = SMOKE OR HAZE
[NO. OF DAYS WITH] [WEATHER - DAYS WITH] 9 = BLOWING SNOW
X = TORNADO
MAX 32 OR BELOW: 5 0.01 INCH OR MORE: 7
MAX 90 OR ABOVE: 0 0.10 INCH OR MORE: 1
MIN 32 OR BELOW: 19 0.50 INCH OR MORE: 0
MIN 0 OR BELOW: 2 1.00 INCH OR MORE: 0
[HDD (BASE 65) ]
TOTAL THIS MO. 764 CLEAR (SCALE 0-3) 11
DPTR FM NORMAL 145 PTCLDY (SCALE 4-7) 16
TOTAL FM JUL 1 7882 CLOUDY (SCALE 8-10) 3
DPTR FM NORMAL 145
[CDD (BASE 65) ]
TOTAL THIS MO. 0
DPTR FM NORMAL -1 [PRESSURE DATA]
TOTAL FM JAN 1 0 HIGHEST SLP 30.53 ON 2
DPTR FM NORMAL -1 LOWEST SLP 29.59 ON 30
[REMARKS]
#FINAL-04-20#