000
CXUS53 KICT 011513
CF6ICT
PRELIMINARY LOCAL CLIMATOLOGICAL DATA (WS FORM: F-6)
STATION: WICHITA EISENHOWER NATIONAL
MONTH: NOVEMBER
YEAR: 2021
LATITUDE: 37 39 N
LONGITUDE: 97 25 W
TEMPERATURE IN F: :PCPN: SNOW: WIND :SUNSHINE: SKY :PK WND
================================================================================
1 2 3 4 5 6A 6B 7 8 9 10 11 12 13 14 15 16 17 18
12Z AVG MX 2MIN
DY MAX MIN AVG DEP HDD CDD WTR SNW DPTH SPD SPD DIR MIN PSBL S-S WX SPD DR
================================================================================
1 50 39 45 -7 20 0 0.00 0.0 0 11.9 21 80 M M 9 27 70
2 44 40 42 -10 23 0 0.20 0.0 0 6.8 14 40 M M 10 1 16 70
3 50 40 45 -6 20 0 0.08 0.0 0 4.3 8 180 M M 10 11 170
4 54 37 46 -5 19 0 0.00 0.0 0 9.3 18 190 M M 7 24 190
5 57 38 48 -2 17 0 0.00 0.0 0 11.8 21 190 M M 3 27 190
6 66 39 53 3 12 0 0.00 0.0 0 11.2 20 190 M M 1 25 180
7 76 46 61 12 4 0 0.00 0.0 0 15.8 29 180 M M 0 37 200
8 73 50 62 13 3 0 0.00 0.0 0 11.8 24 180 M M 2 31 170
9 65 50 58 9 7 0 0.00 0.0 0 8.3 17 30 M M 5 1 21 350
10 63 48 56 8 9 0 0.09 0.0 0 13.5 28 320 M M 7 13 37 340
11 59 38 49 1 16 0 T 0.0 0 12.7 26 290 M M 3 39 280
12 52 29 41 -6 24 0 0.09 0.0 0 14.9 32 330 M M 4 50 300
13 58 24 41 -6 24 0 0.00 0.0 0 7.8 21 190 M M 5 27 190
14 60 37 49 3 16 0 0.00 0.0 0 9.1 28 360 M M 5 40 360
15 71 37 54 8 11 0 0.00 0.0 0 9.4 20 200 M M 3 27 190
16 73 42 58 12 7 0 0.00 0.0 0 10.8 22 180 M M 7 31 190
17 76 35 56 11 9 0 0.00 0.0 0 16.7 33 10 M M 7 47 360
18 52 24 38 -7 27 0 0.00 0.0 0 5.6 13 260 M M 2 19 300
19 56 27 42 -2 23 0 0.00 0.0 0 16.6 35 180 M M 5 43 190
20 57 37 47 3 18 0 0.00 0.0 0 7.2 14 170 M M 7 19 170
21 60 36 48 4 17 0 0.00 0.0 0 10.9 22 360 M M 3 31 350
22 59 27 43 0 22 0 0.00 0.0 0 6.3 20 200 M M 3 24 200
23 70 30 50 7 15 0 0.00 0.0 0 14.4 32 190 M M 1 45 180
24 63 38 51 9 14 0 0.00 0.0 0 20.4 32 360 M M 8 44 350
25 45 24 35 -7 30 0 0.00 0.0 0 11.9 29 360 M M 2 41 10
26 62 25 44 3 21 0 0.00 0.0 0 9.8 17 210 M M 1 22 220
27 69 30 50 9 15 0 0.00 0.0 0 9.2 22 10 M M 2 29 20
28 55 30 43 2 22 0 0.00 0.0 0 6.5 13 360 M M 3 18 10
29 76 32 54 14 11 0 0.00 0.0 0 5.0 13 280 M M 1 17 290
30 63 39 51 11 14 0 0.00 0.0 0 8.5 18 50 M M 3 27 60
================================================================================
SM 1834 1068 490 0 0.46 0.0 318.4 M 129
================================================================================
AV 61.1 35.6 10.6 FASTST M M 4 MAX(MPH)
MISC ----> 35 180 50 300
================================================================================
NOTES:
# LAST OF SEVERAL OCCURRENCES
COLUMN 17 PEAK WIND IN M.P.H.
PRELIMINARY LOCAL CLIMATOLOGICAL DATA (WS FORM: F-6) , PAGE 2
STATION: WICHITA EISENHOWER NATIONAL
MONTH: NOVEMBER
YEAR: 2021
LATITUDE: 37 39 N
LONGITUDE: 97 25 W
[TEMPERATURE DATA] [PRECIPITATION DATA] SYMBOLS USED IN COLUMN 16
AVERAGE MONTHLY: 48.4 TOTAL FOR MONTH: 0.46 1 = FOG OR MIST
DPTR FM NORMAL: 2.6 DPTR FM NORMAL: -0.90 2 = FOG REDUCING VISIBILITY
HIGHEST: 76 ON 29,17 GRTST 24HR 0.28 ON 2- 3 TO 1/4 MILE OR LESS
LOWEST: 24 ON 25,18 3 = THUNDER
SNOW, ICE PELLETS, HAIL 4 = ICE PELLETS
TOTAL MONTH: 0.0 INCH 5 = HAIL
GRTST 24HR 0.0 6 = FREEZING RAIN OR DRIZZLE
GRTST DEPTH: 0 7 = DUSTSTORM OR SANDSTORM:
VSBY 1/2 MILE OR LESS
8 = SMOKE OR HAZE
[NO. OF DAYS WITH] [WEATHER - DAYS WITH] 9 = BLOWING SNOW
X = TORNADO
MAX 32 OR BELOW: 0 0.01 INCH OR MORE: 4
MAX 90 OR ABOVE: 0 0.10 INCH OR MORE: 1
MIN 32 OR BELOW: 11 0.50 INCH OR MORE: 0
MIN 0 OR BELOW: 0 1.00 INCH OR MORE: 0
[HDD (BASE 65) ]
TOTAL THIS MO. 490 CLEAR (SCALE 0-3) 12
DPTR FM NORMAL -86 PTCLDY (SCALE 4-7) 14
TOTAL FM JUL 1 628 CLOUDY (SCALE 8-10) 4
DPTR FM NORMAL -212
[CDD (BASE 65) ]
TOTAL THIS MO. 0
DPTR FM NORMAL -2 [PRESSURE DATA]
TOTAL FM JAN 1 1805 HIGHEST SLP 30.59 ON 18
DPTR FM NORMAL 32 LOWEST SLP 29.57 ON 16
[REMARKS]
#FINAL-11-21#