000
CXUS53 KICT 010800
CF6ICT
PRELIMINARY LOCAL CLIMATOLOGICAL DATA (WS FORM: F-6)
STATION: WICHITA EISENHOWER NATIONAL
MONTH: JULY
YEAR: 2020
LATITUDE: 37 39 N
LONGITUDE: 97 25 W
TEMPERATURE IN F: :PCPN: SNOW: WIND :SUNSHINE: SKY :PK WND
================================================================================
1 2 3 4 5 6A 6B 7 8 9 10 11 12 13 14 15 16 17 18
12Z AVG MX 2MIN
DY MAX MIN AVG DEP HDD CDD WTR SNW DPTH SPD SPD DIR MIN PSBL S-S WX SPD DR
================================================================================
1 98 74 86 6 0 21 0.00 0.0 0 10.4 16 110 M M 3 23 180
2 99 77 88 8 0 23 0.00 0.0 0 11.0 28 320 M M 6 138 47 330
3 92 69 81 1 0 16 0.31 0.0 0 7.8 47 320 M M 6 13 62 320
4 94 69 82 2 0 17 0.00 0.0 0 8.1 17 50 M M 5 8 23 30
5 94 70 82 2 0 17 0.00 0.0 0 6.2 15 100 M M 5 18 19 110
6 93 75 84 3 0 19 T 0.0 0 6.1 26 40 M M 6 3 32 40
7 96 71 84 3 0 19 0.00 0.0 0 6.1 16 160 M M 2 21 170
8 98 72 85 4 0 20 0.00 0.0 0 12.7 21 140 M M 2 28 140
9 90 66 78 -3 0 13 0.78 T 0 13.9 44 30 M M 3 135 55 30
10 88 70 79 -2 0 14 1.02 0.0 0 9.2 37 170 M M 5 3 62 180
11 98 73 86 5 0 21 0.00 0.0 0 9.3 23 30 M M 4 3 29 30
12 94 72 83 2 0 18 0.00 0.0 0 7.7 16 70 M M 5 20 110
13 93 72 83 2 0 18 T 0.0 0 8.1 27 130 M M 5 21 150
14 95 71 83 2 0 18 0.06 0.0 0 10.9 22 140 M M 7 3 29 140
15 91 73 82 1 0 17 0.03 0.0 0 9.0 31 300 M M 4 3 43 290
16 88 72 80 -1 0 15 0.15 0.0 0 8.5 24 240 M M 5 3 33 210
17 97 77 87 6 0 22 0.00 0.0 0 12.1 22 180 M M 5 29 190
18 98 75 87 6 0 22 0.00 0.0 0 18.6 28 180 M M 2 38 180
19 96 72 84 3 0 19 0.00 0.0 0 7.9 16 180 M M 7 26 170
20 94 73 84 3 0 19 0.08 0.0 0 9.7 31 200 M M 7 3 41 200
21 89 71 80 -1 0 15 1.14 0.0 0 8.0 24 170 M M 6 13 33 170
22 93 72 83 2 0 18 0.00 0.0 0 5.6 12 180 M M 4 15 180
23 92 73 83 2 0 18 0.00 0.0 0 9.0 17 140 M M 4 24 150
24 94 75 85 4 0 20 0.00 0.0 0 10.1 17 170 M M 5 24 160
25 94 74 84 3 0 19 0.00 0.0 0 10.8 18 150 M M 5 25 150
26 95 73 84 3 0 19 0.00 0.0 0 11.0 20 190 M M 4 26 190
27 83 73 78 -3 0 13 0.22 0.0 0 5.8 16 290 M M 9 13 21 280
28 84 73 79 -2 0 14 0.08 0.0 0 7.7 15 160 M M 9 1 20 150
29 89 70 80 -1 0 15 0.56 0.0 0 9.7 30 310 M M 9 13 42 320
30 86 69 78 -3 0 13 0.24 0.0 0 15.4 30 330 M M 8 1 38 330
31 84 66 75 -6 0 10 T 0.0 0 12.0 21 340 M M 6 26 350
================================================================================
SM 2869 2232 0 542 4.67 T 298.4 M 163
================================================================================
AV 92.6 72.0 9.6 FASTST M M 5 MAX(MPH)
MISC ----> # 47 320 # 62 320
================================================================================
NOTES:
# LAST OF SEVERAL OCCURRENCES
COLUMN 17 PEAK WIND IN M.P.H.
PRELIMINARY LOCAL CLIMATOLOGICAL DATA (WS FORM: F-6) , PAGE 2
STATION: WICHITA EISENHOWER NATIONAL
MONTH: JULY
YEAR: 2020
LATITUDE: 37 39 N
LONGITUDE: 97 25 W
[TEMPERATURE DATA] [PRECIPITATION DATA] SYMBOLS USED IN COLUMN 16
AVERAGE MONTHLY: 82.3 TOTAL FOR MONTH: 4.67 1 = FOG OR MIST
DPTR FM NORMAL: 1.2 DPTR FM NORMAL: 1.35 2 = FOG REDUCING VISIBILITY
HIGHEST: 99 ON 2 GRTST 24HR 1.14 ON 21-21 TO 1/4 MILE OR LESS
LOWEST: 66 ON 31, 9 3 = THUNDER
SNOW, ICE PELLETS, HAIL 4 = ICE PELLETS
TOTAL MONTH: T 5 = HAIL
GRTST 24HR T ON 9- 9 6 = FREEZING RAIN OR DRIZZLE
GRTST DEPTH: 0 7 = DUSTSTORM OR SANDSTORM:
VSBY 1/2 MILE OR LESS
8 = SMOKE OR HAZE
[NO. OF DAYS WITH] [WEATHER - DAYS WITH] 9 = BLOWING SNOW
X = TORNADO
MAX 32 OR BELOW: 0 0.01 INCH OR MORE: 12
MAX 90 OR ABOVE: 23 0.10 INCH OR MORE: 8
MIN 32 OR BELOW: 0 0.50 INCH OR MORE: 4
MIN 0 OR BELOW: 0 1.00 INCH OR MORE: 2
[HDD (BASE 65) ]
TOTAL THIS MO. 0 CLEAR (SCALE 0-3) 4
DPTR FM NORMAL 0 PTCLDY (SCALE 4-7) 24
TOTAL FM JUL 1 0 CLOUDY (SCALE 8-10) 3
DPTR FM NORMAL 0
[CDD (BASE 65) ]
TOTAL THIS MO. 542
DPTR FM NORMAL 45 [PRESSURE DATA]
TOTAL FM JAN 1 1120 HIGHEST SLP M ON M
DPTR FM NORMAL 158 LOWEST SLP 29.63 ON 1
[REMARKS]
#FINAL-07-20#