000
CXUS55 KPIH 020625
CF6IDA
PRELIMINARY LOCAL CLIMATOLOGICAL DATA (WS FORM: F-6)
STATION: IDAHO FALLS
MONTH: JULY
YEAR: 2021
LATITUDE: 43 31 N
LONGITUDE: 112 4 W
TEMPERATURE IN F: :PCPN: SNOW: WIND :SUNSHINE: SKY :PK WND
================================================================================
1 2 3 4 5 6A 6B 7 8 9 10 11 12 13 14 15 16 17 18
12Z AVG MX 2MIN
DY MAX MIN AVG DEP HDD CDD WTR SNW DPTH SPD SPD DIR MIN PSBL S-S WX SPD DR
================================================================================
1 91 54 73 9 0 8 0.00 M M 5.1 21 190 M M 1 28 190
2 91 53 72 7 0 7 0.00 M M 4.6 15 190 M M 1 22 200
3 94 52 73 8 0 8 0.00 M M 5.0 15 170 M M 0 20 160
4 94 55 75 10 0 10 0.00 M M 5.9 24 330 M M 1 138 33 350
5 86 58 72 6 0 7 0.01 M M 6.2 15 220 M M 2 19 210
6 93 52 73 7 0 8 0.00 M M 5.7 14 200 M M 0 22 140
7 99 54 77 11 0 12 0.00 M M 9.1 31 210 M M 1 7 43 220
8 93 52 73 6 0 8 0.00 M M 10.8 24 200 M M 0 31 190
9 91 50 71 4 0 6 0.00 M M 12.0 29 210 M M 0 37 210
10 89 46 68 1 0 3 0.00 M M 5.6 9 80 M M 0 13 360
11 95 49 72 5 0 7 0.00 M M 7.9 20 190 M M 1 18 24 190
12 95 51 73 5 0 8 0.00 M M 3.5 17 160 M M 0 8 24 180
13 91 52 72 4 0 7 0.00 M M 7.9 18 30 M M 2 8 29 90
14 89 51 70 2 0 5 0.00 M M 5.0 12 190 M M 0 8 16 190
15 95 50 73 5 0 8 0.00 M M 6.6 26 200 M M 1 18 35 200
16 94 51 73 5 0 8 0.00 M M 7.8 24 180 M M 0 37 190
17 94 49 72 3 0 7 0.00 M M 7.7 35 200 M M 0 8 46 200
18 99 50 75 6 0 10 0.00 M M 5.7 10 350 M M 0 17 70
19 92 53 73 4 0 8 T M M 7.6 20 200 M M 3 28 200
20 91 62 77 8 0 12 T M M 7.5 24 190 M M 4 32 190
21 93 54 74 5 0 9 0.02 M M 6.7 31 260 M M 1 13 44 270
22 92 58 75 6 0 10 T M M 8.9 26 190 M M 2 36 190
23 90 53 72 2 0 7 0.00 M M 7.5 16 200 M M 1 21 200
24 90 46 68 -2 0 3 0.00 M M 6.1 13 200 M M 0 18 20 180
25 93 48 71 1 0 6 0.00 M M 3.5 12 160 M M 0 16 220
26 94 50 72 2 0 7 0.00 M M 3.3 10 130 M M 0 18 13 130
27 92 53 73 3 0 8 0.00 M M 5.7 14 260 M M 1 8 20 260
28 85 64 75 5 0 10 0.07 M M 7.5 18 230 M M 3 138 23 230
29 90 57 74 4 0 9 0.00 M M 5.8 22 290 M M 2 138 31 290
30 88 57 73 3 0 8 T M M 7.9 25 130 M M 4 3 38 130
31 79 63 71 1 0 6 1.28 M M 8.4 21 30 M M 6 13 26 50
================================================================================
SM 2842 1647 0 240 1.38 M 208.5 M 37
================================================================================
AV 91.7 53.1 6.7 FASTST M M 1 MAX(MPH)
MISC ----> 35 200 46 200
================================================================================
NOTES:
# LAST OF SEVERAL OCCURRENCES
COLUMN 17 PEAK WIND IN M.P.H.
PRELIMINARY LOCAL CLIMATOLOGICAL DATA (WS FORM: F-6) , PAGE 2
STATION: IDAHO FALLS
MONTH: JULY
YEAR: 2021
LATITUDE: 43 31 N
LONGITUDE: 112 4 W
[TEMPERATURE DATA] [PRECIPITATION DATA] SYMBOLS USED IN COLUMN 16
AVERAGE MONTHLY: 72.4 TOTAL FOR MONTH: 1.38 1 = FOG OR MIST
DPTR FM NORMAL: 4.4 DPTR FM NORMAL: 0.92 2 = FOG REDUCING VISIBILITY
HIGHEST: 99 ON 18, 7 GRTST 24HR 1.28 ON 30-31 TO 1/4 MILE OR LESS
LOWEST: 46 ON 24,10 3 = THUNDER
SNOW, ICE PELLETS, HAIL 4 = ICE PELLETS
TOTAL MONTH: M 5 = HAIL
GRTST 24HR M ON M 6 = FREEZING RAIN OR DRIZZLE
GRTST DEPTH: M ON M 7 = DUSTSTORM OR SANDSTORM:
VSBY 1/2 MILE OR LESS
8 = SMOKE OR HAZE
[NO. OF DAYS WITH] [WEATHER - DAYS WITH] 9 = BLOWING SNOW
X = TORNADO
MAX 32 OR BELOW: 0 0.01 INCH OR MORE: 4
MAX 90 OR ABOVE: 25 0.10 INCH OR MORE: 1
MIN 32 OR BELOW: 0 0.50 INCH OR MORE: 1
MIN 0 OR BELOW: 0 1.00 INCH OR MORE: 1
[HDD (BASE 65) ]
TOTAL THIS MO. 0 CLEAR (SCALE 0-3) 28
DPTR FM NORMAL -29 PTCLDY (SCALE 4-7) 3
TOTAL FM JUL 1 0 CLOUDY (SCALE 8-10) 0
DPTR FM NORMAL -26
[CDD (BASE 65) ]
TOTAL THIS MO. 240
DPTR FM NORMAL 120 [PRESSURE DATA]
TOTAL FM JAN 1 339 HIGHEST SLP 30.23 ON 31
DPTR FM NORMAL 193 LOWEST SLP 29.73 ON 7
[REMARKS]
7TH: HIGH OF 99 BREAKS PREVIOUS RECORD OF 96 SET IN 1983.
11TH: HIGH OF 95 TIES PREVIOUS RECORD SET IN 1976.
18TH: HIGH OF 99 BREAKS PREVIOUS RECORD OF 98 SET IN 2003.
31ST: RAINFALL OF 1.28 INCHES BREAKS PREVIOUS RECORD OF 0.35 INCHES
SET IN 1966.
#FINAL-07-21#