000
CXUS53 KUNR 071514
CF6IEN
PRELIMINARY LOCAL CLIMATOLOGICAL DATA (WS FORM: F-6)
STATION: PINE RIDGE SD
MONTH: JULY
YEAR: 2022
LATITUDE: 43 1 N
LONGITUDE: 102 31 W
TEMPERATURE IN F: :PCPN: SNOW: WIND :SUNSHINE: SKY :PK WND
================================================================================
1 2 3 4 5 6A 6B 7 8 9 10 11 12 13 14 15 16 17 18
12Z AVG MX 2MIN
DY MAX MIN AVG DEP HDD CDD WTR SNW DPTH SPD SPD DIR MIN PSBL S-S WX SPD DR
================================================================================
1 88 51 70 -2 0 5 0.20 M M 8.1 31 250 M M 1 138 46 250
2 92 55 74 2 0 9 0.12 M M 6.9 31 310 M M 1 3 51 310
3 98 63 81 9 0 16 0.06 M M 13.6 26 180 M M 0 3 38 170
4 97 61 79 7 0 14 0.01 M M 5.7 23 180 M M 0 3 30 40
5 94 59 77 4 0 12 0.05 M M 9.6 30 130 M M 1 3 44 150
6 90 57 74 1 0 9 0.60 M M 3.9 36 100 M M 3 123 52 100
7 87 61 74 1 0 9 0.28 M M 5.1 41 320 M M 2 138 55 320
8 91 55 73 -1 0 8 0.00 M M 7.5 22 180 M M 0 33 170
9 103 71 87 13 0 22 0.00 M M 13.3 26 180 M M 0 39 190
10 95 67 81 7 0 16 0.00 M M 11.4 25 10 M M 0 37 10
11 82 51 67 -7 0 2 0.05 M M 8.4 30 30 M M 4 13 43 30
12 92 50 71 -3 0 6 0.00 M M 5.7 17 180 M M 3 24 150
13 99 57 78 3 0 13 0.00 M M 8.5 22 150 M M 0 33 170
14 100 66 83 8 0 18 0.00 M M 8.3 20 20 M M 0 29 260
15 97 66 82 7 0 17 0.03 M M 7.6 26 250 M M 3 13 37 240
16 94 66 80 5 0 15 T M M 5.7 14 360 M M 2 22 350
17 102 63 83 8 0 18 0.00 M M 6.6 24 180 M M 1 35 190
18 110 73 92 17 0 27 T M M 15.5 26 190 M M 0 40 180
19 93 54 74 -1 0 9 0.00 M M 11.0 30 310 M M 0 44 290
20 100 49 75 0 0 10 0.00 M M 6.6 21 310 M M 0 34 300
21 102 52 77 1 0 12 0.00 M M 7.6 20 150 M M 0 28 170
22 100 52 76 0 0 11 0.00 M M 9.3 28 160 M M 0 41 160
23 89 61 75 -1 0 10 0.00 M M 12.1 26 340 M M 0 39 350
24 88 56 72 -4 0 7 T M M 9.3 30 30 M M 4 13 41 30
25 90 60 75 -1 0 10 T M M 5.1 17 180 M M 5 23 180
26 79 56 68 -8 0 3 T M M 6.1 20 360 M M 1 13 27 320
27 90 55 73 -3 0 8 T M M 8.7 26 20 M M 3 3 37 20
28 84 51 68 -8 0 3 0.00 M M 4.1 13 80 M M 2 18 80
29 91 61 76 1 0 11 0.00 M M 13.8 25 190 M M 2 37 180
30 99 64 82 7 0 17 0.00 M M 13.7 26 190 M M 0 36 190
31 96 63 80 5 0 15 0.00 M M 7.1 17 140 M M 0 23 20
================================================================================
SM 2912 1826 0 362 1.40 M 265.9 M 38
================================================================================
AV 93.9 58.9 8.6 FASTST M M 1 MAX(MPH)
MISC ----> 41 320 55 320
================================================================================
NOTES:
# LAST OF SEVERAL OCCURRENCES
COLUMN 17 PEAK WIND IN M.P.H.
PRELIMINARY LOCAL CLIMATOLOGICAL DATA (WS FORM: F-6) , PAGE 2
STATION: PINE RIDGE SD
MONTH: JULY
YEAR: 2022
LATITUDE: 43 1 N
LONGITUDE: 102 31 W
[TEMPERATURE DATA] [PRECIPITATION DATA] SYMBOLS USED IN COLUMN 16
AVERAGE MONTHLY: 76.4 TOTAL FOR MONTH: 1.40 1 = FOG OR MIST
DPTR FM NORMAL: 1.9 DPTR FM NORMAL: -0.72 2 = FOG REDUCING VISIBILITY
HIGHEST: 110 ON 18 GRTST 24HR 0.86 ON 6- 7 TO 1/4 MILE OR LESS
LOWEST: 49 ON 20 3 = THUNDER
SNOW, ICE PELLETS, HAIL 4 = ICE PELLETS
TOTAL MONTH: M 5 = HAIL
GRTST 24HR M ON M 6 = FREEZING RAIN OR DRIZZLE
GRTST DEPTH: M ON M 7 = DUSTSTORM OR SANDSTORM:
VSBY 1/2 MILE OR LESS
8 = SMOKE OR HAZE
[NO. OF DAYS WITH] [WEATHER - DAYS WITH] 9 = BLOWING SNOW
X = TORNADO
MAX 32 OR BELOW: 0 0.01 INCH OR MORE: 9
MAX 90 OR ABOVE: 24 0.10 INCH OR MORE: 4
MIN 32 OR BELOW: 0 0.50 INCH OR MORE: 1
MIN 0 OR BELOW: 0 1.00 INCH OR MORE: 0
[HDD (BASE 65) ]
TOTAL THIS MO. 0 CLEAR (SCALE 0-3) 27
DPTR FM NORMAL -7 PTCLDY (SCALE 4-7) 4
TOTAL FM JUL 1 0 CLOUDY (SCALE 8-10) 0
DPTR FM NORMAL -2
[CDD (BASE 65) ]
TOTAL THIS MO. 362
DPTR FM NORMAL 62 [PRESSURE DATA]
TOTAL FM JAN 1 503 HIGHEST SLP 30.16 ON 28
DPTR FM NORMAL 56 LOWEST SLP 29.54 ON 18
[REMARKS]
#FINAL-07-22#