000
CXUS51 KPHI 010815
CF6ILG
PRELIMINARY LOCAL CLIMATOLOGICAL DATA (WS FORM: F-6)
STATION: WILMINGTON DE
MONTH: MARCH
YEAR: 2022
LATITUDE: 39 40 N
LONGITUDE: 75 36 W
TEMPERATURE IN F: :PCPN: SNOW: WIND :SUNSHINE: SKY :PK WND
================================================================================
1 2 3 4 5 6A 6B 7 8 9 10 11 12 13 14 15 16 17 18
12Z AVG MX 2MIN
DY MAX MIN AVG DEP HDD CDD WTR SNW DPTH SPD SPD DIR MIN PSBL S-S WX SPD DR
================================================================================
1 53 30 42 3 23 0 0.00 0.0 0 7.4 17 150 M M 2 23 200
2 59 35 47 8 18 0 0.00 0.0 0 6.3 20 280 M M 2 23 280
3 51 27 39 0 26 0 0.00 0.0 0 13.0 24 310 M M 3 31 310
4 41 20 31 -9 34 0 0.00 0.0 0 6.9 16 250 M M 0 20 40
5 52 28 40 0 25 0 0.00 0.0 0 7.2 22 180 M M 2 27 170
6 72 41 57 17 8 0 0.07 0.0 0 8.2 22 220 M M 4 1 30 230
7 78 49 64 24 1 0 T 0.0 0 17.2 38 290 M M 2 51 280
8 51 40 46 5 19 0 0.00 0.0 0 12.3 35 310 M M 2 46 290
9 43 36 40 -1 25 0 0.38 0.0 0 8.2 17 130 M M 8 1 22 140
10 52 30 41 0 24 0 0.00 0.0 0 5.8 14 150 M M 2 128 16 10
11 57 30 44 2 21 0 0.00 0.0 0 6.7 17 160 M M 1 128 22 150
12 48 24 36 -6 29 0 0.60 1.4 0 17.4 36 310 M M 8 12 46 310
13 38 22 30 -12 35 0 0.00 0.0 1 11.8 26 290 M M 4 35 290
14 61 28 45 3 20 0 0.00 0.0 0 6.6 17 190 M M 0 22 210
15 70 35 53 10 12 0 0.00 0.0 0 4.9 14 170 M M 1 17 170
16 69 39 54 11 11 0 0.00 0.0 0 5.8 21 160 M M 0 24 160
17 60 46 53 10 12 0 0.27 0.0 0 7.2 15 50 M M 9 128 18 40
18 71 46 59 15 6 0 0.00 0.0 0 4.9 16 170 M M 6 128 19 180
19 74 53 64 20 1 0 0.23 0.0 0 9.6 31 260 M M 4 138 41 250
20 57 48 53 9 12 0 0.00 0.0 0 13.9 28 290 M M 7 34 280
21 67 40 54 9 11 0 0.00 0.0 0 9.9 25 290 M M 0 32 290
22 62 42 52 7 13 0 0.00 0.0 0 6.5 16 10 M M 1 23 360
23 54 44 49 4 16 0 0.47 0.0 0 13.0 22 80 M M 5 1 28 80
24 49 46 48 2 17 0 0.57 0.0 0 9.9 18 300 M M 10 13 23 80
25 61 42 52 6 13 0 0.00 0.0 0 8.9 20 300 M M 6 1 31 290
26 55 38 47 1 18 0 T 0.0 0 13.3 28 290 M M 7 37 270
27 45 30 38 -9 27 0 T T 0 15.7 31 310 M M 6 42 300
28 37 25 31 -16 34 0 0.00 0.0 0 18.5 35 310 M M 4 44 300
29 44 24 34 -14 31 0 0.00 0.0 0 12.2 25 310 M M 2 33 290
30 49 26 38 -10 27 0 T 0.0 0 8.1 20 170 M M 6 23 160
31 72 49 61 13 4 0 T 0.0 0 16.8 30 200 M M 7 41 190
================================================================================
SM 1752 1113 573 0 2.59 1.4 314.1 M 121
================================================================================
AV 56.5 35.9 10.1 FASTST M M 4 MAX(MPH)
MISC ----> 38 290 51 280
================================================================================
NOTES:
# LAST OF SEVERAL OCCURRENCES
COLUMN 17 PEAK WIND IN M.P.H.
PRELIMINARY LOCAL CLIMATOLOGICAL DATA (WS FORM: F-6) , PAGE 2
STATION: WILMINGTON DE
MONTH: MARCH
YEAR: 2022
LATITUDE: 39 40 N
LONGITUDE: 75 36 W
[TEMPERATURE DATA] [PRECIPITATION DATA] SYMBOLS USED IN COLUMN 16
AVERAGE MONTHLY: 46.2 TOTAL FOR MONTH: 2.59 1 = FOG OR MIST
DPTR FM NORMAL: 3.0 DPTR FM NORMAL: -1.57 2 = FOG REDUCING VISIBILITY
HIGHEST: 78 ON 7 GRTST 24HR 0.60 ON 12-12 TO 1/4 MILE OR LESS
LOWEST: 20 ON 4 3 = THUNDER
SNOW, ICE PELLETS, HAIL 4 = ICE PELLETS
TOTAL MONTH: 1.4 INCHES 5 = HAIL
GRTST 24HR 1.4 ON 12-12 6 = FREEZING RAIN OR DRIZZLE
GRTST DEPTH: 1 ON 13 7 = DUSTSTORM OR SANDSTORM:
VSBY 1/2 MILE OR LESS
8 = SMOKE OR HAZE
[NO. OF DAYS WITH] [WEATHER - DAYS WITH] 9 = BLOWING SNOW
X = TORNADO
MAX 32 OR BELOW: 0 0.01 INCH OR MORE: 7
MAX 90 OR ABOVE: 0 0.10 INCH OR MORE: 6
MIN 32 OR BELOW: 13 0.50 INCH OR MORE: 2
MIN 0 OR BELOW: 0 1.00 INCH OR MORE: 0
[HDD (BASE 65) ]
TOTAL THIS MO. 573 CLEAR (SCALE 0-3) 14
DPTR FM NORMAL -103 PTCLDY (SCALE 4-7) 14
TOTAL FM JUL 1 3759 CLOUDY (SCALE 8-10) 3
DPTR FM NORMAL -407
[CDD (BASE 65) ]
TOTAL THIS MO. 0
DPTR FM NORMAL -1 [PRESSURE DATA]
TOTAL FM JAN 1 0 HIGHEST SLP 30.62 ON 4
DPTR FM NORMAL -1 LOWEST SLP 29.37 ON 12
[REMARKS]
#FINAL-03-22#