000
CXUS51 KPHI 010915
CF6ILG
PRELIMINARY LOCAL CLIMATOLOGICAL DATA (WS FORM: F-6)
STATION: WILMINGTON DE
MONTH: FEBRUARY
YEAR: 2024
LATITUDE: 39 40 N
LONGITUDE: 75 36 W
TEMPERATURE IN F: :PCPN: SNOW: WIND :SUNSHINE: SKY :PK WND
================================================================================
1 2 3 4 5 6A 6B 7 8 9 10 11 12 13 14 15 16 17 18
12Z AVG MX 2MIN
DY MAX MIN AVG DEP HDD CDD WTR SNW DPTH SPD SPD DIR MIN PSBL S-S WX SPD DR
================================================================================
1 50 27 39 6 26 0 T 0.0 0 4.6 13 250 M M 6 12 17 280
2 46 39 43 9 22 0 0.08 0.0 0 7.5 20 340 M M 10 1 25 330
3 49 28 39 5 26 0 0.00 0.0 0 7.4 17 20 M M 2 23 10
4 50 26 38 4 27 0 0.00 0.0 0 4.1 9 320 M M 0 13 20
5 49 28 39 5 26 0 0.00 0.0 0 5.8 15 70 M M 0 18 80
6 45 24 35 1 30 0 0.00 0.0 0 6.7 16 40 M M 0 21 30
7 50 24 37 3 28 0 0.00 0.0 0 3.9 9 160 M M 0 12 20
8 52 27 40 6 25 0 0.00 0.0 0 4.7 14 170 M M 0 17 170
9 57 37 47 13 18 0 0.00 0.0 0 5.1 12 130 M M 0 14 130
10 56 38 47 13 18 0 T 0.0 0 2.4 12 160 M M 3 13 160
11 50 43 47 12 18 0 T 0.0 0 3.9 10 70 M M 6 1 13 60
12 50 40 45 10 20 0 0.11 0.0 0 4.7 12 90 M M 8 1 14 90
13 42 32 37 2 28 0 0.84 0.5 T 15.0 30 320 M M 7 1 37 40
14 40 26 33 -2 32 0 T T 0 14.9 25 320 M M 3 33 310
15 41 22 32 -3 33 0 0.00 0.0 0 6.9 18 160 M M 0 23 160
16 45 31 38 2 27 0 T T 0 10.9 24 320 M M 2 31 290
17 38 25 32 -4 33 0 0.23 2.0 2 11.0 29 290 M M 6 1 37 310
18 44 22 33 -3 32 0 0.00 0.0 T 11.0 25 230 M M 0 32 240
19 46 26 36 0 29 0 0.00 0.0 0 6.1 15 300 M M 0 20 300
20 44 23 34 -2 31 0 0.00 0.0 0 6.8 13 30 M M 0 20 170
21 45 23 34 -3 31 0 0.00 0.0 0 5.8 16 160 M M 0 19 150
22 45 26 36 -1 29 0 0.18 0.0 0 6.1 16 160 M M 5 1 19 160
23 48 38 43 6 22 0 T 0.0 0 5.8 15 330 M M 7 18 17 330
24 48 27 38 1 27 0 0.03 0.0 0 8.8 17 320 M M 4 1 22 310
25 42 20 31 -7 34 0 0.00 0.0 0 6.3 14 160 M M 0 17 160
26 58 30 44 6 21 0 0.00 0.0 0 5.4 14 170 M M 0 17 160
27 62 35 49 11 16 0 0.10 0.0 0 9.5 24 200 M M 4 1 33 180
28 63 41 52 14 13 0 0.23 0.0 0 16.1 35 300 M M 9 1 47 320
29 44 29 37 -2 28 0 0.00 0.0 0 13.2 31 300 M M 0 41 310
================================================================================
SM 1399 857 750 0 1.80 2.5 220.4 M 82
================================================================================
AV 48.2 29.6 7.6 FASTST M M 3 MAX(MPH)
MISC ----> 35 300 47 320
================================================================================
NOTES:
# LAST OF SEVERAL OCCURRENCES
COLUMN 17 PEAK WIND IN M.P.H.
PRELIMINARY LOCAL CLIMATOLOGICAL DATA (WS FORM: F-6) , PAGE 2
STATION: WILMINGTON DE
MONTH: FEBRUARY
YEAR: 2024
LATITUDE: 39 40 N
LONGITUDE: 75 36 W
[TEMPERATURE DATA] [PRECIPITATION DATA] SYMBOLS USED IN COLUMN 16
AVERAGE MONTHLY: 38.9 TOTAL FOR MONTH: 1.80 1 = FOG OR MIST
DPTR FM NORMAL: 3.4 DPTR FM NORMAL: -1.03 2 = FOG REDUCING VISIBILITY
HIGHEST: 63 ON 28 GRTST 24HR 0.95 ON 12-13 TO 1/4 MILE OR LESS
LOWEST: 20 ON 25 3 = THUNDER
SNOW, ICE PELLETS, HAIL 4 = ICE PELLETS
TOTAL MONTH: 2.5 INCHES 5 = HAIL
GRTST 24HR 2.0 ON 17-17 6 = FREEZING RAIN OR DRIZZLE
GRTST DEPTH: 2 ON 17 7 = DUSTSTORM OR SANDSTORM:
VSBY 1/2 MILE OR LESS
8 = SMOKE OR HAZE
[NO. OF DAYS WITH] [WEATHER - DAYS WITH] 9 = BLOWING SNOW
X = TORNADO
MAX 32 OR BELOW: 0 0.01 INCH OR MORE: 8
MAX 90 OR ABOVE: 0 0.10 INCH OR MORE: 6
MIN 32 OR BELOW: 21 0.50 INCH OR MORE: 1
MIN 0 OR BELOW: 0 1.00 INCH OR MORE: 0
[HDD (BASE 65) ]
TOTAL THIS MO. 750 CLEAR (SCALE 0-3) 17
DPTR FM NORMAL -74 PTCLDY (SCALE 4-7) 10
TOTAL FM JUL 1 3239 CLOUDY (SCALE 8-10) 2
DPTR FM NORMAL -302
[CDD (BASE 65) ]
TOTAL THIS MO. 0
DPTR FM NORMAL 0 [PRESSURE DATA]
TOTAL FM JAN 1 0 HIGHEST SLP 30.52 ON 20
DPTR FM NORMAL 0 LOWEST SLP 29.42 ON 13
[REMARKS]
#FINAL-02-24#