000
CXUS52 KILM 011000
CF6ILM
PRELIMINARY LOCAL CLIMATOLOGICAL DATA (WS FORM: F-6)
STATION: WILMINGTON NORTH CAROLINA
MONTH: OCTOBER
YEAR: 2022
LATITUDE: 34 16 N
LONGITUDE: 77 55 W
TEMPERATURE IN F: :PCPN: SNOW: WIND :SUNSHINE: SKY :PK WND
================================================================================
1 2 3 4 5 6A 6B 7 8 9 10 11 12 13 14 15 16 17 18
12Z AVG MX 2MIN
DY MAX MIN AVG DEP HDD CDD WTR SNW DPTH SPD SPD DIR MIN PSBL S-S WX SPD DR
================================================================================
1 80 62 71 0 0 6 0.00 0.0 0 8.9 20 200 M M 5 29 190
2 77 62 70 -1 0 5 T 0.0 0 8.5 16 330 M M 6 19 330
3 62 52 57 -13 8 0 0.00 0.0 0 12.5 20 360 M M 9 29 350
4 72 51 62 -8 3 0 0.00 0.0 0 7.4 18 330 M M 4 24 330
5 76 47 62 -8 3 0 0.00 0.0 0 4.5 16 290 M M 0 22 290
6 82 54 68 -1 0 3 0.00 0.0 0 3.4 14 140 M M 0 18 130
7 85 58 72 3 0 7 0.00 0.0 0 4.6 13 230 M M 0 16 180
8 76 58 67 -2 0 2 0.00 0.0 0 8.0 16 30 M M 5 20 40
9 71 49 60 -8 5 0 0.00 0.0 0 6.5 14 60 M M 1 19 100
10 74 54 64 -4 1 0 0.00 0.0 0 5.8 16 60 M M 7 21 50
11 76 55 66 -2 0 1 0.00 0.0 0 7.0 14 110 M M 1 19 70
12 78 55 67 0 0 2 0.00 0.0 0 4.6 12 120 M M 2 17 110
13 81 67 74 7 0 9 0.36 0.0 0 5.2 17 170 M M 5 1 25 170
14 73 56 65 -2 0 0 0.00 0.0 0 4.4 13 330 M M 3 1 15 340
15 80 50 65 -1 0 0 0.00 0.0 0 2.0 10 180 M M 1 12 13 130
16 85 56 71 5 0 6 0.00 0.0 0 6.1 14 300 M M 0 18 270
17 84 62 73 7 0 8 0.00 0.0 0 10.9 22 230 M M 0 28 240
18 73 45 59 -6 6 0 0.00 0.0 0 9.2 20 350 M M 2 25 350
19 62 38 50 -15 15 0 0.00 0.0 0 6.0 17 280 M M 0 22 290
20 67 37 52 -12 13 0 0.00 0.0 0 2.1 12 120 M M 0 18 110
21 73 41 57 -7 8 0 0.00 0.0 0 2.8 12 30 M M 4 1 15 10
22 79 53 66 2 0 1 0.00 0.0 0 9.1 17 40 M M 1 22 360
23 77 57 67 4 0 2 0.00 0.0 0 9.4 17 330 M M 1 21 330
24 75 55 65 2 0 0 0.00 0.0 0 3.6 10 340 M M 6 12 13 360
25 75 57 66 3 0 1 0.00 0.0 0 2.8 9 100 M M 5 1 14 20
26 78 54 66 4 0 1 0.00 0.0 0 4.3 14 200 M M 7 12 18 200
27 73 60 67 5 0 2 0.00 0.0 0 9.4 17 40 M M 7 1 23 40
28 65 58 62 0 3 0 0.13 0.0 0 10.1 16 30 M M 10 1 21 10
29 70 57 64 3 1 0 0.09 0.0 0 10.4 18 30 M M 10 1 23 30
30 72 53 63 2 2 0 0.00 0.0 0 4.4 12 50 M M 6 15 10
31 77 56 67 6 0 2 0.01 0.0 0 4.7 12 90 M M 5 1 15 100
================================================================================
SM 2328 1669 68 58 0.59 0.0 198.6 M 113
================================================================================
AV 75.1 53.8 6.4 FASTST M M 4 MAX(MPH)
MISC ----> 22 230 # 29 190
================================================================================
NOTES:
# LAST OF SEVERAL OCCURRENCES
COLUMN 17 PEAK WIND IN M.P.H.
PRELIMINARY LOCAL CLIMATOLOGICAL DATA (WS FORM: F-6) , PAGE 2
STATION: WILMINGTON NORTH CAROLINA
MONTH: OCTOBER
YEAR: 2022
LATITUDE: 34 16 N
LONGITUDE: 77 55 W
[TEMPERATURE DATA] [PRECIPITATION DATA] SYMBOLS USED IN COLUMN 16
AVERAGE MONTHLY: 64.5 TOTAL FOR MONTH: 0.59 1 = FOG OR MIST
DPTR FM NORMAL: -1.4 DPTR FM NORMAL: -4.07 2 = FOG REDUCING VISIBILITY
HIGHEST: 85 ON 16, 7 GRTST 24HR 0.66 ON 30- 1 TO 1/4 MILE OR LESS
LOWEST: 37 ON 20 3 = THUNDER
SNOW, ICE PELLETS, HAIL 4 = ICE PELLETS
TOTAL MONTH: 0.0 INCH 5 = HAIL
GRTST 24HR 0.0 6 = FREEZING RAIN OR DRIZZLE
GRTST DEPTH: 0 7 = DUSTSTORM OR SANDSTORM:
VSBY 1/2 MILE OR LESS
8 = SMOKE OR HAZE
[NO. OF DAYS WITH] [WEATHER - DAYS WITH] 9 = BLOWING SNOW
X = TORNADO
MAX 32 OR BELOW: 0 0.01 INCH OR MORE: 4
MAX 90 OR ABOVE: 0 0.10 INCH OR MORE: 2
MIN 32 OR BELOW: 0 0.50 INCH OR MORE: 0
MIN 0 OR BELOW: 0 1.00 INCH OR MORE: 0
[HDD (BASE 65) ]
TOTAL THIS MO. 68 CLEAR (SCALE 0-3) 14
DPTR FM NORMAL -14 PTCLDY (SCALE 4-7) 14
TOTAL FM JUL 1 70 CLOUDY (SCALE 8-10) 3
DPTR FM NORMAL -17
[CDD (BASE 65) ]
TOTAL THIS MO. 58
DPTR FM NORMAL -50 [PRESSURE DATA]
TOTAL FM JAN 1 2388 HIGHEST SLP 30.34 ON 11
DPTR FM NORMAL 283 LOWEST SLP 29.64 ON 18
[REMARKS]
#FINAL-10-22#