000
CXUS53 KLBF 010745
CLMIML
CLIMATE REPORT
NATIONAL WEATHER SERVICE NORTH PLATTE NE
245 AM CDT FRI SEP 01 2023
...................................
...THE IMPERIAL CLIMATE SUMMARY FOR THE MONTH OF AUGUST 2023...
CLIMATE NORMAL PERIOD 1991 TO 2020
CLIMATE RECORD PERIOD 1893 TO 2023
WEATHER OBSERVED NORMAL DEPART LAST YEAR`S
VALUE DATE(S) VALUE FROM VALUE DATE(S)
NORMAL
................................................................
TEMPERATURE (F)
RECORD
HIGH 111 08/02/2008
LOW 34 08/25/1910
HIGHEST 105 08/22 99 6 102 08/05
08/28
LOWEST 48 08/15 50 -2 52 08/20
08/30
AVG. MAXIMUM 92.1 88.4 3.7 93.1
AVG. MINIMUM 60.2 60.0 0.2 60.8
MEAN 76.1 74.2 1.9 77.0
DAYS MAX >= 90 19 15.2 3.8 24
DAYS MAX <= 32 0 0.0 0.0 0
DAYS MIN <= 32 0 0.0 0.0 0
DAYS MIN <= 0 0 0.0 0.0 0
PRECIPITATION (INCHES)
RECORD
MAXIMUM 9.59 1933
MINIMUM T 2022
TOTALS 1.39 2.16 -0.77 T
DAILY AVG. 0.04 0.07 -0.03 T
DAYS >= .01 7 9.1 -2.1 0
DAYS >= .10 3 4.0 -1.0 0
DAYS >= .50 1 1.2 -0.2 0
DAYS >= 1.00 0 0.4 -0.4 0
GREATEST
24 HR. TOTAL 1.09 08/03 TO 08/04 0.01 07/31 TO 07/31
SNOWFALL (INCHES)
TOTALS MM
DEGREE DAYS
HEATING TOTAL 0 7 -7 0
SINCE 7/1 6 6 0 MM
COOLING TOTAL 353 292 61 380
SINCE 1/1 822 903 -81 MM
................................................................
WIND (MPH)
HIGHEST WIND SPEED/DIRECTION 39/310 DATE 08/04
HIGHEST GUST SPEED/DIRECTION 60/290 DATE 08/04
AVERAGE RH (PERCENT) 58
WEATHER CONDITIONS. NUMBER OF DAYS WITH
THUNDERSTORM 8 MIXED PRECIP 0
HEAVY RAIN 2 RAIN 3
LIGHT RAIN 11 FREEZING RAIN 0
LT FREEZING RAIN 0 HAIL 0
HEAVY SNOW 0 SNOW 0
LIGHT SNOW 0 SLEET 0
FOG 8 FOG W/VIS <= 1/4 MILE 0
HAZE 10
- INDICATES NEGATIVE NUMBERS.
R INDICATES RECORD WAS SET OR TIED.
MM INDICATES DATA IS MISSING.
T INDICATES TRACE AMOUNT.
$$