000
CXUS53 KDLH 020037
CF6INL
PRELIMINARY LOCAL CLIMATOLOGICAL DATA (WS FORM: F-6)
STATION: INTERNATIONAL FALLS
MONTH: SEPTEMBER
YEAR: 2021
LATITUDE: 48 34 N
LONGITUDE: 93 23 W
TEMPERATURE IN F: :PCPN: SNOW: WIND :SUNSHINE: SKY :PK WND
================================================================================
1 2 3 4 5 6A 6B 7 8 9 10 11 12 13 14 15 16 17 18
12Z AVG MX 2MIN
DY MAX MIN AVG DEP HDD CDD WTR SNW DPTH SPD SPD DIR MIN PSBL S-S WX SPD DR
================================================================================
1 77 49 63 3 2 0 0.00 0.0 0 5.5 15 130 M M 3 20 130
2 72 55 64 5 1 0 0.03 0.0 0 6.2 16 140 M M 5 22 160
3 64 56 60 1 5 0 0.06 0.0 0 4.6 12 210 M M 10 18 19 200
4 73 53 63 5 2 0 0.10 0.0 0 7.2 22 330 M M 6 1 29 330
5 67 42 55 -3 10 0 0.02 0.0 0 8.0 25 330 M M 5 1 35 330
6 73 39 56 -2 9 0 0.13 0.0 0 4.7 22 320 M M 3 1 31 330
7 72 55 64 6 1 0 0.09 0.0 0 10.6 29 300 M M 4 3 43 280
8 68 52 60 3 5 0 0.09 0.0 0 8.4 21 320 M M 8 1 32 320
9 66 45 56 -1 9 0 0.00 0.0 0 1.6 9 240 M M 3 12 14 280
10 78 43 61 5 4 0 0.00 0.0 0 5.3 15 210 M M 1 25 210
11 66 52 59 3 6 0 0.00 0.0 0 8.9 22 320 M M 1 28 300
12 65 37 51 -5 14 0 0.00 0.0 0 5.3 16 340 M M 3 21 10
13 69 37 53 -2 12 0 0.08 0.0 0 3.5 12 140 M M 5 1 18 140
14 67 44 56 1 9 0 0.06 0.0 0 5.1 17 290 M M 6 1 25 300
15 75 40 58 3 7 0 T 0.0 0 4.4 15 220 M M 4 25 190
16 70 52 61 7 4 0 0.27 0.0 0 4.9 20 330 M M 7 138 28 320
17 62 38 50 -4 15 0 T 0.0 0 6.9 21 290 M M 1 35 260
18 73 36 55 2 10 0 0.00 0.0 0 6.2 16 200 M M 1 26 190
19 83 61 72 19 0 7 0.24 0.0 0 8.4 20 220 M M 2 13 38 220
20 68 53 61 8 4 0 2.02 0.0 0 9.7 20 340 M M 10 13 29 340
21 63 40 52 0 13 0 0.03 0.0 0 6.6 17 340 M M 4 22 290
22 73 39 56 4 9 0 0.00 0.0 0 4.0 13 210 M M 1 20 200
23 73 46 60 9 5 0 0.00 0.0 0 4.4 13 160 M M 0 24 160
24 61 47 54 3 11 0 0.01 0.0 0 7.2 20 310 M M 6 27 320
25 63 45 54 4 11 0 T 0.0 0 6.6 16 280 M M 6 23 280
26 74 53 64 14 1 0 T 0.0 0 4.2 16 330 M M 4 22 340
27 70 40 55 5 10 0 0.00 0.0 0 3.7 10 140 M M 0 14 120
28 84 48 66 17 0 1 0.00 0.0 0 5.6 13 220 M M 0 18 210
29 85 52 69 20 0 4 0.00 0.0 0 6.7 13 140 M M 0 17 150
30 81 57 69 21 0 4 0.00 0.0 0 2.9 8 310 M M 1 1 12 50
================================================================================
SM 2135 1406 189 16 3.23 0.0 177.3 M 110
================================================================================
AV 71.2 46.9 5.9 FASTST M M 4 MAX(MPH)
MISC ----> 29 300 43 280
================================================================================
NOTES:
# LAST OF SEVERAL OCCURRENCES
COLUMN 17 PEAK WIND IN M.P.H.
PRELIMINARY LOCAL CLIMATOLOGICAL DATA (WS FORM: F-6) , PAGE 2
STATION: INTERNATIONAL FALLS
MONTH: SEPTEMBER
YEAR: 2021
LATITUDE: 48 34 N
LONGITUDE: 93 23 W
[TEMPERATURE DATA] [PRECIPITATION DATA] SYMBOLS USED IN COLUMN 16
AVERAGE MONTHLY: 59.0 TOTAL FOR MONTH: 3.23 1 = FOG OR MIST
DPTR FM NORMAL: 4.8 DPTR FM NORMAL: 0.23 2 = FOG REDUCING VISIBILITY
HIGHEST: 85 ON 29 GRTST 24HR 2.25 ON 19-20 TO 1/4 MILE OR LESS
LOWEST: 36 ON 18 3 = THUNDER
SNOW, ICE PELLETS, HAIL 4 = ICE PELLETS
TOTAL MONTH: 0.0 INCH 5 = HAIL
GRTST 24HR 0.0 6 = FREEZING RAIN OR DRIZZLE
GRTST DEPTH: 0 7 = DUSTSTORM OR SANDSTORM:
VSBY 1/2 MILE OR LESS
8 = SMOKE OR HAZE
[NO. OF DAYS WITH] [WEATHER - DAYS WITH] 9 = BLOWING SNOW
X = TORNADO
MAX 32 OR BELOW: 0 0.01 INCH OR MORE: 14
MAX 90 OR ABOVE: 0 0.10 INCH OR MORE: 5
MIN 32 OR BELOW: 0 0.50 INCH OR MORE: 1
MIN 0 OR BELOW: 0 1.00 INCH OR MORE: 1
[HDD (BASE 65) ]
TOTAL THIS MO. 189 CLEAR (SCALE 0-3) 13
DPTR FM NORMAL -147 PTCLDY (SCALE 4-7) 15
TOTAL FM JUL 1 280 CLOUDY (SCALE 8-10) 2
DPTR FM NORMAL -247
[CDD (BASE 65) ]
TOTAL THIS MO. 16
DPTR FM NORMAL 4 [PRESSURE DATA]
TOTAL FM JAN 1 403 HIGHEST SLP 30.30 ON 21
DPTR FM NORMAL 229 LOWEST SLP 29.52 ON 20
[REMARKS]
#FINAL-09-21#