000
CXUS55 KPSR 011005
CF6IPL
PRELIMINARY LOCAL CLIMATOLOGICAL DATA (WS FORM: F-6)
STATION: IMPERIAL CA
MONTH: OCTOBER
YEAR: 2021
LATITUDE: 32 50 N
LONGITUDE: 115 35 W
TEMPERATURE IN F: :PCPN: SNOW: WIND :SUNSHINE: SKY :PK WND
================================================================================
1 2 3 4 5 6A 6B 7 8 9 10 11 12 13 14 15 16 17 18
12Z AVG MX 2MIN
DY MAX MIN AVG DEP HDD CDD WTR SNW DPTH SPD SPD DIR MIN PSBL S-S WX SPD DR
================================================================================
1 93 59 76 -5 0 11 0.00 M M 4.0 9 270 M M 0 11 280
2 96 60 78 -3 0 13 0.00 M M 4.2 9 90 M M 0 13 70
3 97 65 81 1 0 16 0.00 0.0 M 4.5 9 310 M M 0 13 350
4 98 66 82 2 0 17 0.00 0.0 M 4.5 23 270 M M 0 8 29 260
5 91 69 80 0 0 15 0.02 0.0 M 7.6 31 270 M M 2 38 42 280
6 91 67 79 0 0 14 0.00 M M 4.9 10 340 M M 0 15 280
7 89 73 81 2 0 16 0.00 M M 8.4 17 280 M M 0 23 290
8 81 66 74 -4 0 9 0.00 0.0 M 13.2 26 260 M M 2 8 34 260
9 86 62 74 -4 0 9 0.00 M M 6.4 18 280 M M 0 24 280
10 87 57 72 -5 0 7 0.00 M M 4.9 14 20 M M 0 17 20
11 90 60 75 -2 0 10 0.00 M M 15.6 40 240 M M 0 8 54 240
12 74 54 64 -13 1 0 0.00 0.0 M 8.1 18 270 M M 1 22 270
13 79 47 63 -13 2 0 0.00 M M 3.5 10 10 M M 0 14 360
14 83 51 67 -9 0 2 0.00 0.0 M 3.7 8 350 M M 0 12 120
15 85 51 68 -8 0 3 0.00 0.0 M 6.6 20 10 M M 0 24 10
16 88 51 70 -5 0 5 0.00 M M 6.0 10 290 M M 0 13 350
17 90 58 74 -1 0 9 0.00 M M 8.3 23 260 M M 0 28 270
18 79 59 69 -5 0 4 M M M 18.1 37 260 M M 0 8 45 260
19 79 51 65 -9 0 0 0.00 M M 4.4 10 290 M M 0 15 310
20 82 51 67 -7 0 2 0.00 M M 3.8 10 350 M M 0 8 13 360
21 87 53 70 -3 0 5 0.00 M M 4.2 9 360 M M 0 15 280
22 90 55 73 0 0 8 0.00 M M 4.7 16 260 M M 0 20 270
23 87 60 74 2 0 9 0.00 M M 12.5 25 250 M M 0 32 260
24 86 56 71 -1 0 6 0.00 M M 4.0 12 260 M M 0 15 270
25 86 59 73 1 0 8 0.00 M M 13.2 39 260 M M 1 128 47 260
26 79 54 67 -4 0 2 0.00 M M 6.9 17 270 M M 0 21 270
27 85 52 69 -2 0 4 0.00 M M 5.0 9 250 M M 0 12 30
28 90 59 75 4 0 10 0.00 M M 5.0 10 260 M M 0 14 10
29 92 58 75 5 0 10 0.00 M M 3.8 10 270 M M 0 12 80
30 91 61 76 6 0 11 0.00 M M 5.2 12 250 M M 0 8 16 140
31 89 59 74 4 0 9 0.00 M M 6.7 20 240 M M 0 24 240
================================================================================
SM 2700 1803 3 244 0.02 0.0 211.9 M 6
================================================================================
AV 87.1 58.2 6.8 FASTST M M 0 MAX(MPH)
MISC ----> 40 240 54 240
================================================================================
NOTES:
# LAST OF SEVERAL OCCURRENCES
COLUMN 17 PEAK WIND IN M.P.H.
PRELIMINARY LOCAL CLIMATOLOGICAL DATA (WS FORM: F-6) , PAGE 2
STATION: IMPERIAL CA
MONTH: OCTOBER
YEAR: 2021
LATITUDE: 32 50 N
LONGITUDE: 115 35 W
[TEMPERATURE DATA] [PRECIPITATION DATA] SYMBOLS USED IN COLUMN 16
AVERAGE MONTHLY: 72.6 TOTAL FOR MONTH: 0.02 1 = FOG OR MIST
DPTR FM NORMAL: -2.6 DPTR FM NORMAL: -0.17 2 = FOG REDUCING VISIBILITY
HIGHEST: 98 ON 4 GRTST 24HR 0.02 ON 5- 5 TO 1/4 MILE OR LESS
LOWEST: 47 ON 13 3 = THUNDER
SNOW, ICE PELLETS, HAIL 4 = ICE PELLETS
TOTAL MONTH: 0.0 INCH 5 = HAIL
GRTST 24HR 0.0 6 = FREEZING RAIN OR DRIZZLE
GRTST DEPTH: M ON M 7 = DUSTSTORM OR SANDSTORM:
VSBY 1/2 MILE OR LESS
8 = SMOKE OR HAZE
[NO. OF DAYS WITH] [WEATHER - DAYS WITH] 9 = BLOWING SNOW
X = TORNADO
MAX 32 OR BELOW: 0 0.01 INCH OR MORE: 1
MAX 90 OR ABOVE: 12 0.10 INCH OR MORE: 0
MIN 32 OR BELOW: 0 0.50 INCH OR MORE: 0
MIN 0 OR BELOW: 0 1.00 INCH OR MORE: 0
[HDD (BASE 65) ]
TOTAL THIS MO. 3 CLEAR (SCALE 0-3) 31
DPTR FM NORMAL -4 PTCLDY (SCALE 4-7) 0
TOTAL FM JUL 1 3 CLOUDY (SCALE 8-10) 0
DPTR FM NORMAL -2
[CDD (BASE 65) ]
TOTAL THIS MO. 244
DPTR FM NORMAL -79 [PRESSURE DATA]
TOTAL FM JAN 1 4326 HIGHEST SLP M ON M
DPTR FM NORMAL 224 LOWEST SLP 29.44 ON 11
[REMARKS]
#FINAL-10-21#