000
CXUS55 KPSR 011005
CF6IPL
PRELIMINARY LOCAL CLIMATOLOGICAL DATA (WS FORM: F-6)
STATION: IMPERIAL CA
MONTH: JUNE
YEAR: 2020
LATITUDE: 32 50 N
LONGITUDE: 115 35 W
TEMPERATURE IN F: :PCPN: SNOW: WIND :SUNSHINE: SKY :PK WND
================================================================================
1 2 3 4 5 6A 6B 7 8 9 10 11 12 13 14 15 16 17 18
12Z AVG MX 2MIN
DY MAX MIN AVG DEP HDD CDD WTR SNW DPTH SPD SPD DIR MIN PSBL S-S WX SPD DR
================================================================================
1 100 70 85 2 0 20 0.00 M M 5.1 12 100 M M 0 16 110
2 103 71 87 4 0 22 0.00 M M 6.1 13 30 M M 0 24 50
3 110 76 93 10 0 28 0.00 M M 6.8 14 180 M M 0 17 180
4 111 77 94 11 0 29 0.00 M M 8.7 21 140 M M 0 25 140
5 95 70 83 -1 0 18 0.00 M M 16.8 33 270 M M 0 8 44 270
6 89 66 78 -6 0 13 0.00 M M 16.9 29 250 M M 0 36 270
7 95 63 79 -5 0 14 0.00 M M 9.3 25 260 M M 0 34 270
8 90 61 76 -8 0 11 0.00 M M 9.8 22 20 M M 0 28 20
9 96 56 76 -9 0 11 0.00 M M 6.7 13 10 M M 0 17 30
10 103 63 83 -2 0 18 0.00 M M 4.6 12 240 M M 0 8 14 240
11 107 68 88 3 0 23 0.00 M M 5.7 13 280 M M 0 17 90
12 105 65 85 0 0 20 0.00 M M 9.1 26 270 M M 0 8 39 280
13 99 72 86 0 0 21 0.00 M M 15.7 26 250 M M 0 33 250
14 97 66 82 -4 0 17 0.00 M M 6.7 17 260 M M 0 23 260
15 101 73 87 1 0 22 0.00 M M 5.2 14 260 M M 0 17 260
16 103 72 88 2 0 23 0.00 M M 8.4 26 260 M M 0 33 260
17 100 71 86 -1 0 21 0.00 M M 9.5 18 280 M M 0 25 270
18 101 69 85 -2 0 20 0.00 M M 7.2 15 250 M M 0 19 260
19 103 69 86 -1 0 21 0.00 M M 5.0 13 270 M M 0 16 280
20 105 75 90 2 0 25 0.00 M M 5.7 12 140 M M 0 15 140
21 108 71 90 2 0 25 0.00 M M 5.3 13 230 M M 0 17 140
22 107 76 92 4 0 27 0.00 M M 6.3 14 160 M M 0 17 160
23 109 73 91 3 0 26 0.00 M M 6.3 18 120 M M 0 22 140
24 110 73 92 4 0 27 0.00 M M 6.6 16 130 M M 0 21 110
25 109 76 93 4 0 28 0.00 M M 6.4 15 290 M M 0 21 300
26 109 77 93 4 0 28 0.00 M M 7.7 17 120 M M 0 22 140
27 109 78 94 5 0 29 0.00 M M 7.2 20 260 M M 1 8 23 260
28 104 76 90 0 0 25 0.00 M M 14.1 31 270 M M 0 8 39 260
29 93 70 82 -8 0 17 0.00 M M 17.0 29 300 M M 0 37 300
30 99 64 82 -8 0 17 0.00 M M 4.9 13 260 M M 0 8 23 280
================================================================================
SM 3070 2107 0 646 0.00 M 250.8 M 1
================================================================================
AV102.3 70.2 8.4 FASTST M M 0 MAX(MPH)
MISC ----> 33 270 44 270
================================================================================
NOTES:
# LAST OF SEVERAL OCCURRENCES
COLUMN 17 PEAK WIND IN M.P.H.
PRELIMINARY LOCAL CLIMATOLOGICAL DATA (WS FORM: F-6) , PAGE 2
STATION: IMPERIAL CA
MONTH: JUNE
YEAR: 2020
LATITUDE: 32 50 N
LONGITUDE: 115 35 W
[TEMPERATURE DATA] [PRECIPITATION DATA] SYMBOLS USED IN COLUMN 16
AVERAGE MONTHLY: 86.3 TOTAL FOR MONTH: 0.00 1 = FOG OR MIST
DPTR FM NORMAL: 0.0 DPTR FM NORMAL: -0.03 2 = FOG REDUCING VISIBILITY
HIGHEST: 111 ON 4 GRTST 24HR 0.00 ON 1- 1 TO 1/4 MILE OR LESS
LOWEST: 56 ON 9 3 = THUNDER
SNOW, ICE PELLETS, HAIL 4 = ICE PELLETS
TOTAL MONTH: M 5 = HAIL
GRTST 24HR M ON M 6 = FREEZING RAIN OR DRIZZLE
GRTST DEPTH: M ON M 7 = DUSTSTORM OR SANDSTORM:
VSBY 1/2 MILE OR LESS
8 = SMOKE OR HAZE
[NO. OF DAYS WITH] [WEATHER - DAYS WITH] 9 = BLOWING SNOW
X = TORNADO
MAX 32 OR BELOW: 0 0.01 INCH OR MORE: 0
MAX 90 OR ABOVE: 29 0.10 INCH OR MORE: 0
MIN 32 OR BELOW: 0 0.50 INCH OR MORE: 0
MIN 0 OR BELOW: 0 1.00 INCH OR MORE: 0
[HDD (BASE 65) ]
TOTAL THIS MO. 0 CLEAR (SCALE 0-3) 30
DPTR FM NORMAL 0 PTCLDY (SCALE 4-7) 0
TOTAL FM JUL 1 916 CLOUDY (SCALE 8-10) 0
DPTR FM NORMAL -113
[CDD (BASE 65) ]
TOTAL THIS MO. 646
DPTR FM NORMAL 7 [PRESSURE DATA]
TOTAL FM JAN 1 1438 HIGHEST SLP M ON M
DPTR FM NORMAL 134 LOWEST SLP 29.50 ON 28
[REMARKS]
#FINAL-06-20#