000
CXUS51 KCTP 011421
CF6IPT
PRELIMINARY LOCAL CLIMATOLOGICAL DATA (WS FORM: F-6)
STATION: WILLIAMSPORT PA
MONTH: JULY
YEAR: 2020
LATITUDE: 41 15 N
LONGITUDE: 76 55 W
TEMPERATURE IN F: :PCPN: SNOW: WIND :SUNSHINE: SKY :PK WND
================================================================================
1 2 3 4 5 6A 6B 7 8 9 10 11 12 13 14 15 16 17 18
12Z AVG MX 2MIN
DY MAX MIN AVG DEP HDD CDD WTR SNW DPTH SPD SPD DIR MIN PSBL S-S WX SPD DR
================================================================================
1 85 62 74 2 0 9 0.00 0.0 0 3.9 13 330 M M 7 17 310
2 95 62 79 7 0 14 0.00 0.0 0 5.5 16 310 M M 1 21 300
3 95 68 82 10 0 17 0.29 0.0 0 6.0 20 330 M M 2 13 31 330
4 91 69 80 8 0 15 0.00 0.0 0 3.5 9 340 M M 4 18 13 220
5 93 63 78 6 0 13 0.00 0.0 0 2.5 8 220 M M 1 18 11 270
6 94 62 78 6 0 13 0.00 0.0 0 4.3 14 70 M M 1 3 21 150
7 83 69 76 3 0 11 T 0.0 0 6.4 14 150 M M 7 19 140
8 90 70 80 7 0 15 0.35 0.0 0 3.9 21 70 M M 6 13 25 20
9 91 69 80 7 0 15 T 0.0 0 3.5 12 130 M M 5 12 16 170
10 83 72 78 5 0 13 0.07 0.0 0 6.5 13 100 M M 3 15 90
11 85 69 77 4 0 12 0.05 0.0 0 7.4 23 240 M M 6 29 230
12 86 65 76 3 0 11 0.37 0.0 0 4.8 18 240 M M 2 1 24 230
13 85 64 75 2 0 10 T 0.0 0 7.8 20 260 M M 6 1 24 250
14 87 60 74 1 0 9 0.00 0.0 0 4.6 14 280 M M 1 18 280
15 88 61 75 2 0 10 0.00 0.0 0 4.6 22 160 M M 1 29 150
16 78 71 75 2 0 10 0.01 0.0 0 12.1 25 150 M M 8 37 140
17 91 66 79 6 0 14 0.06 0.0 0 5.7 21 140 M M 4 1 30 130
18 95 61 78 5 0 13 0.00 0.0 0 3.3 15 240 M M 0 21 290
19 97 65 81 8 0 16 0.00 0.0 0 3.1 22 340 M M 0 3 33 330
20 93 72 83 10 0 18 0.00 0.0 0 6.9 18 260 M M 2 25 280
21 93 68 81 8 0 16 T 0.0 0 3.9 12 330 M M 3 17 340
22 88 69 79 6 0 14 T 0.0 0 3.5 14 170 M M 5 20 230
23 90 72 81 8 0 16 0.20 0.0 0 4.7 18 20 M M 7 13 22 30
24 88 71 80 7 0 15 0.00 0.0 0 3.5 13 110 M M 7 17 130
25 93 67 80 7 0 15 T 0.0 0 4.5 14 260 M M 3 17 250
26 94 63 79 6 0 14 0.00 0.0 0 4.6 18 250 M M 0 21 250
27 100 64 82 9 0 17 0.00 0.0 0 6.8 21 270 M M 2 26 260
28 91 67 79 6 0 14 0.43 0.0 0 6.2 15 280 M M 3 1 20 280
29 93 61 77 4 0 12 0.03 0.0 0 5.2 18 260 M M 2 26 290
30 86 68 77 4 0 12 0.00 0.0 0 2.1 12 310 M M 3 1 15 320
31 90 67 79 6 0 14 0.00 0.0 0 3.4 12 70 M M 4 16 60
================================================================================
SM 2791 2057 0 417 1.86 0.0 154.7 M 106
================================================================================
AV 90.0 66.4 5.0 FASTST M M 3 MAX(MPH)
MISC ----> 25 150 37 140
================================================================================
NOTES:
# LAST OF SEVERAL OCCURRENCES
COLUMN 17 PEAK WIND IN M.P.H.
PRELIMINARY LOCAL CLIMATOLOGICAL DATA (WS FORM: F-6) , PAGE 2
STATION: WILLIAMSPORT PA
MONTH: JULY
YEAR: 2020
LATITUDE: 41 15 N
LONGITUDE: 76 55 W
[TEMPERATURE DATA] [PRECIPITATION DATA] SYMBOLS USED IN COLUMN 16
AVERAGE MONTHLY: 78.2 TOTAL FOR MONTH: 1.86 1 = FOG OR MIST
DPTR FM NORMAL: 5.5 DPTR FM NORMAL: -2.48 2 = FOG REDUCING VISIBILITY
HIGHEST: 100 ON 27 GRTST 24HR 0.43 ON 28-28 TO 1/4 MILE OR LESS
LOWEST: 60 ON 14 3 = THUNDER
SNOW, ICE PELLETS, HAIL 4 = ICE PELLETS
TOTAL MONTH: 0.0 INCH 5 = HAIL
GRTST 24HR 0.0 6 = FREEZING RAIN OR DRIZZLE
GRTST DEPTH: 0 7 = DUSTSTORM OR SANDSTORM:
VSBY 1/2 MILE OR LESS
8 = SMOKE OR HAZE
[NO. OF DAYS WITH] [WEATHER - DAYS WITH] 9 = BLOWING SNOW
X = TORNADO
MAX 32 OR BELOW: 0 0.01 INCH OR MORE: 10
MAX 90 OR ABOVE: 19 0.10 INCH OR MORE: 5
MIN 32 OR BELOW: 0 0.50 INCH OR MORE: 0
MIN 0 OR BELOW: 0 1.00 INCH OR MORE: 0
[HDD (BASE 65) ]
TOTAL THIS MO. 0 CLEAR (SCALE 0-3) 16
DPTR FM NORMAL -4 PTCLDY (SCALE 4-7) 15
TOTAL FM JUL 1 0 CLOUDY (SCALE 8-10) 0
DPTR FM NORMAL 0
[CDD (BASE 65) ]
TOTAL THIS MO. 417
DPTR FM NORMAL 173 [PRESSURE DATA]
TOTAL FM JAN 1 652 HIGHEST SLP 30.20 ON 16
DPTR FM NORMAL 219 LOWEST SLP 29.60 ON 11
[REMARKS]
#FINAL-07-20#