000
CXUS53 KGRB 161453
CF6ISW
PRELIMINARY LOCAL CLIMATOLOGICAL DATA (WS FORM: F-6)
STATION: WISCONSIN RAPIDS ASOS
MONTH: FEBRUARY
YEAR: 2024
LATITUDE: 44 22 N
LONGITUDE: 89 50 W
TEMPERATURE IN F: :PCPN: SNOW: WIND :SUNSHINE: SKY :PK WND
================================================================================
1 2 3 4 5 6A 6B 7 8 9 10 11 12 13 14 15 16 17 18
12Z AVG MX 2MIN
DY MAX MIN AVG DEP HDD CDD WTR SNW DPTH SPD SPD DIR MIN PSBL S-S WX SPD DR
================================================================================
1 50 27 39 23 26 0 0.00 0.0 T 5.9 16 30 M M 5 12 20 40
2 39 27 33 17 32 0 0.00 0.0 T 7.5 15 100 M M 6 22 110
3 39 24 32 15 33 0 0.00 0.0 0 4.6 9 110 M M 6 1 14 170
4 53 21 37 20 28 0 0.00 0.0 0 2.2 8 40 M M 0 1 10 50
5 50 22 36 19 29 0 T 0.0 0 2.6 10 120 M M 0 13 110
6 51 22 37 20 28 0 0.00 0.0 0 4.4 12 220 M M 0 1 15 160
7 48 29 39 22 26 0 0.00 0.0 0 6.8 14 190 M M 0 18 20 190
8 56 37 47 29 18 0 0.11 0.0 0 9.9 22 250 M M 5 3 34 230
9 40 30 35 17 30 0 0.00 0.0 0 13.4 22 240 M M 10 36 240
10 35 25 30 12 35 0 0.00 0.0 0 13.3 21 310 M M 8 30 310
11 38 19 29 11 36 0 T 0.0 0 6.9 16 240 M M 6 26 210
12 46 24 35 16 30 0 0.00 0.0 0 9.1 20 320 M M 2 29 320
13 35 21 28 9 37 0 0.00 0.0 0 5.1 13 10 M M 8 18 320
14 46 24 35 16 30 0 T 0.0 0 5.3 18 220 M M 9 24 210
15 39 21 30 10 35 0 0.14 1.0 1 11.3 22 350 M M 6 1 33 360
16 23 7 15 -5 50 0 0.00 0.0 1 9.3 21 320 M M 2 28 340
17 30 5 18 -2 47 0 0.00 0.0 1 12.6 25 240 M M 1 37 260
18 38 17 28 7 37 0 0.00 0.0 1 8.8 20 330 M M 0 28 320
19 44 14 29 8 36 0 0.00 0.0 0 3.5 9 220 M M 0 14 140
20 55 22 39 18 26 0 0.00 0.0 0 6.6 21 220 M M 1 18 27 220
21 56 24 40 18 25 0 0.00 0.0 0 1.9 9 280 M M 0 14 260
22 59 22 41 19 24 0 0.00 0.0 0 5.5 18 290 M M 0 25 270
23 40 15 28 6 37 0 0.03 T T 7.2 17 30 M M 4 22 80
24 34 4 19 -4 46 0 0.00 0.0 0 6.7 18 220 M M 0 25 200
25 54 27 41 18 24 0 0.00 0.0 0 8.1 20 310 M M 1 29 310
26 60 24 42 18 23 0 0.00 0.0 0 7.3 20 140 M M 0 32 160
27 72 25 49 25 16 0 T T T 9.1 28 350 M M 2 1 40 340
28 25 8 17 -8 48 0 0.03 0.2 T 14.2 26 310 M M 4 1 39 320
29 45 3 24 -1 41 0 0.00 0.0 0 6.7 18 200 M M 0 24 190
================================================================================
SM 1300 590 933 0 0.31 1.2 215.8 M 86
================================================================================
AV 44.8 20.3 7.4 FASTST M M 3 MAX(MPH)
MISC ----> 28 350 40 340
================================================================================
NOTES:
# LAST OF SEVERAL OCCURRENCES
COLUMN 17 PEAK WIND IN M.P.H.
PRELIMINARY LOCAL CLIMATOLOGICAL DATA (WS FORM: F-6) , PAGE 2
STATION: WISCONSIN RAPIDS ASOS
MONTH: FEBRUARY
YEAR: 2024
LATITUDE: 44 22 N
LONGITUDE: 89 50 W
[TEMPERATURE DATA] [PRECIPITATION DATA] SYMBOLS USED IN COLUMN 16
AVERAGE MONTHLY: 32.6 TOTAL FOR MONTH: 0.31 1 = FOG OR MIST
DPTR FM NORMAL: 12.8 DPTR FM NORMAL: -0.59 2 = FOG REDUCING VISIBILITY
HIGHEST: 72 ON 27 GRTST 24HR 0.16 ON 14-15 TO 1/4 MILE OR LESS
LOWEST: 3 ON 29 3 = THUNDER
SNOW, ICE PELLETS, HAIL 4 = ICE PELLETS
TOTAL MONTH: 1.2 INCHES 5 = HAIL
GRTST 24HR 1.0 ON 15-15 6 = FREEZING RAIN OR DRIZZLE
GRTST DEPTH: 1 ON 18,17 7 = DUSTSTORM OR SANDSTORM:
VSBY 1/2 MILE OR LESS
8 = SMOKE OR HAZE
[NO. OF DAYS WITH] [WEATHER - DAYS WITH] 9 = BLOWING SNOW
X = TORNADO
MAX 32 OR BELOW: 3 0.01 INCH OR MORE: 4
MAX 90 OR ABOVE: 0 0.10 INCH OR MORE: 2
MIN 32 OR BELOW: 28 0.50 INCH OR MORE: 0
MIN 0 OR BELOW: 0 1.00 INCH OR MORE: 0
[HDD (BASE 65) ]
TOTAL THIS MO. 933 CLEAR (SCALE 0-3) 17
DPTR FM NORMAL -333 PTCLDY (SCALE 4-7) 10
TOTAL FM JUL 1 4697 CLOUDY (SCALE 8-10) 2
DPTR FM NORMAL -1207
[CDD (BASE 65) ]
TOTAL THIS MO. 0
DPTR FM NORMAL 0 [PRESSURE DATA]
TOTAL FM JAN 1 0 HIGHEST SLP 30.44 ON 29
DPTR FM NORMAL 0 LOWEST SLP 29.21 ON 27
[REMARKS]
#FINAL-02-24#