000
CXUS53 KGRB 011614
CF6ISW
PRELIMINARY LOCAL CLIMATOLOGICAL DATA (WS FORM: F-6)
STATION: WISCONSIN RAPIDS ASOS
MONTH: NOVEMBER
YEAR: 2021
LATITUDE: 44 22 N
LONGITUDE: 89 50 W
TEMPERATURE IN F: :PCPN: SNOW: WIND :SUNSHINE: SKY :PK WND
================================================================================
1 2 3 4 5 6A 6B 7 8 9 10 11 12 13 14 15 16 17 18
12Z AVG MX 2MIN
DY MAX MIN AVG DEP HDD CDD WTR SNW DPTH SPD SPD DIR MIN PSBL S-S WX SPD DR
================================================================================
1 43 29 36 -5 29 0 T 0.0 0 9.1 17 300 M M 5 26 310
2 41 27 34 -6 31 0 0.00 0.0 0 8.5 16 270 M M 5 25 290
3 40 20 30 -10 35 0 0.00 0.0 0 3.0 10 310 M M 4 15 260
4 50 24 37 -2 28 0 0.00 0.0 0 3.9 9 190 M M 6 14 190
5 54 32 43 4 22 0 0.00 0.0 0 11.2 24 210 M M 1 34 200
6 64 40 52 14 13 0 0.00 0.0 0 9.1 17 220 M M 1 26 200
7 66 35 51 13 14 0 0.00 0.0 0 4.9 17 200 M M 0 1 27 200
8 67 36 52 14 13 0 0.00 0.0 0 5.7 15 360 M M 0 1 20 360
9 56 26 41 4 24 0 0.00 0.0 0 2.8 12 360 M M 0 17 10
10 55 23 39 2 26 0 0.20 0.0 0 8.3 21 110 M M 3 1 30 100
11 51 34 43 7 22 0 0.45 0.0 0 11.4 22 250 M M 9 1 36 260
12 39 33 36 0 29 0 0.02 T 0 7.3 18 310 M M 9 1 27 310
13 35 30 33 -2 32 0 T T 0 9.1 18 310 M M 10 1 26 310
14 35 27 31 -4 34 0 0.28 1.9 2 10.3 20 310 M M 10 1 27 320
15 36 16 26 -8 39 0 0.00 0.0 1 0.8 8 270 M M 1 11 260
16 43 18 31 -3 34 0 0.00 0.0 1 8.0 18 130 M M 1 31 140
17 46 33 40 7 25 0 0.00 0.0 0 9.2 23 280 M M 5 18 35 280
18 33 28 31 -2 34 0 T T 0 11.4 22 300 M M 10 32 290
19 37 16 27 -5 38 0 0.00 0.0 0 6.1 13 170 M M 2 21 150
20 45 25 35 3 30 0 0.00 0.0 0 4.8 13 220 M M 3 18 170
21 43 22 33 1 32 0 T T 0 10.7 36 300 M M 4 1 52 300
22 31 15 23 -8 42 0 0.00 0.0 0 7.7 15 250 M M 5 23 270
23 44 14 29 -2 36 0 0.00 0.0 0 9.2 20 200 M M 0 29 200
24 50 38 44 14 21 0 0.00 0.0 0 9.0 18 360 M M 2 30 190
25 39 12 26 -4 39 0 T T T 12.1 21 330 M M 7 16 30 330
26 27 8 18 -11 47 0 0.00 0.0 T 4.8 10 130 M M 6 16 130
27 34 24 29 0 36 0 T T 0 6.0 13 300 M M 8 1 18 310
28 36 18 27 -1 38 0 0.00 0.0 0 9.0 24 330 M M 1 35 300
29 39 19 29 1 36 0 T T 0 4.2 15 170 M M 5 26 180
30 42 23 33 5 32 0 0.00 0.0 0 6.5 21 310 M M 0 30 310
================================================================================
SM 1321 745 911 0 0.95 1.9 224.1 M 123
================================================================================
AV 44.0 24.8 7.5 FASTST M M 4 MAX(MPH)
MISC ----> 36 300 52 300
================================================================================
NOTES:
# LAST OF SEVERAL OCCURRENCES
COLUMN 17 PEAK WIND IN M.P.H.
PRELIMINARY LOCAL CLIMATOLOGICAL DATA (WS FORM: F-6) , PAGE 2
STATION: WISCONSIN RAPIDS ASOS
MONTH: NOVEMBER
YEAR: 2021
LATITUDE: 44 22 N
LONGITUDE: 89 50 W
[TEMPERATURE DATA] [PRECIPITATION DATA] SYMBOLS USED IN COLUMN 16
AVERAGE MONTHLY: 34.4 TOTAL FOR MONTH: 0.95 1 = FOG OR MIST
DPTR FM NORMAL: 0.4 DPTR FM NORMAL: -0.75 2 = FOG REDUCING VISIBILITY
HIGHEST: 67 ON 8 GRTST 24HR 0.65 ON 10-11 TO 1/4 MILE OR LESS
LOWEST: 8 ON 26 3 = THUNDER
SNOW, ICE PELLETS, HAIL 4 = ICE PELLETS
TOTAL MONTH: 1.9 INCHES 5 = HAIL
GRTST 24HR 1.9 ON 14-14 6 = FREEZING RAIN OR DRIZZLE
GRTST DEPTH: 2 ON 14 7 = DUSTSTORM OR SANDSTORM:
VSBY 1/2 MILE OR LESS
8 = SMOKE OR HAZE
[NO. OF DAYS WITH] [WEATHER - DAYS WITH] 9 = BLOWING SNOW
X = TORNADO
MAX 32 OR BELOW: 2 0.01 INCH OR MORE: 4
MAX 90 OR ABOVE: 0 0.10 INCH OR MORE: 3
MIN 32 OR BELOW: 23 0.50 INCH OR MORE: 0
MIN 0 OR BELOW: 0 1.00 INCH OR MORE: 0
[HDD (BASE 65) ]
TOTAL THIS MO. 911 CLEAR (SCALE 0-3) 13
DPTR FM NORMAL -17 PTCLDY (SCALE 4-7) 11
TOTAL FM JUL 1 1361 CLOUDY (SCALE 8-10) 6
DPTR FM NORMAL -345
[CDD (BASE 65) ]
TOTAL THIS MO. 0
DPTR FM NORMAL 0 [PRESSURE DATA]
TOTAL FM JAN 1 672 HIGHEST SLP 30.48 ON 19
DPTR FM NORMAL 170 LOWEST SLP 29.33 ON 11
[REMARKS]
#FINAL-11-21#