407
CXUS53 KGRB 181210
CF6ISW
PRELIMINARY LOCAL CLIMATOLOGICAL DATA (WS FORM: F-6)
STATION: WISCONSIN RAPIDS ASOS
MONTH: JULY
YEAR: 2020
LATITUDE: 44 22 N
LONGITUDE: 89 50 W
TEMPERATURE IN F: :PCPN: SNOW: WIND :SUNSHINE: SKY :PK WND
================================================================================
1 2 3 4 5 6A 6B 7 8 9 10 11 12 13 14 15 16 17 18
12Z AVG MX 2MIN
DY MAX MIN AVG DEP HDD CDD WTR SNW DPTH SPD SPD DIR MIN PSBL S-S WX SPD DR
================================================================================
1 89 64 77 8 0 12 0.00 0.0 0 5.3 15 110 M M 1 21 110
2 90 60 75 5 0 10 0.00 0.0 0 2.5 8 30 M M 0 1 12 160
3 91 65 78 8 0 13 0.00 0.0 0 2.5 12 40 M M 1 1 16 80
4 92 63 78 8 0 13 0.00 0.0 0 1.7 15 90 M M 0 1 19 100
5 93 65 79 9 0 14 0.00 0.0 0 2.8 12 350 M M 1 123 17 350
6 93 66 80 10 0 15 0.34 0.0 0 4.4 18 360 M M 2 123 25 230
7 88 65 77 7 0 12 0.82 0.0 0 2.7 21 330 M M 2 13 28 330
8 91 64 78 8 0 13 T 0.0 0 4.7 16 230 M M 2 12 20 220
9 81 68 75 5 0 10 0.33 0.0 0 8.1 22 360 M M 4 13 31 40
10 84 64 74 4 0 9 0.01 0.0 0 9.2 18 320 M M 3 26 290
11 85 60 73 3 0 8 0.00 0.0 0 4.9 15 310 M M 1 23 320
12 81 60 71 1 0 6 0.00 0.0 0 6.2 16 360 M M 2 21 340
13 83 56 70 -1 0 5 0.00 0.0 0 4.3 13 180 M M 1 1 18 160
14 84 67 76 5 0 11 0.72 0.0 0 7.9 18 170 M M 7 13 30 190
15 69 56 63 -8 2 0 0.15 0.0 0 4.3 13 100 M M 6 123 17 110
16 81 52 67 -4 0 2 0.00 0.0 0 3.9 13 210 M M 4 128 18 230
17 88 60 74 3 0 9 0.00 0.0 0 7.4 15 210 M M 1 22 190
18 89 69 79 8 0 14 0.02 0.0 0 9.2 17 190 M M 2 27 180
19 83 66 75 4 0 10 0.44 0.0 0 11.0 26 270 M M 2 13 39 270
20 77 58 68 -3 0 3 0.00 0.0 0 5.1 13 310 M M 0 20 350
21 78 56 67 -4 0 2 T 0.0 0 6.5 15 170 M M 7 12 22 190
22 72 61 67 -4 0 2 T 0.0 0 8.4 16 280 M M 8 21 280
23 78 60 69 -2 0 4 0.00 0.0 0 4.4 9 100 M M 8 13 60
24 84 60 72 1 0 7 0.00 0.0 0 6.3 13 200 M M 1 17 200
25 91 67 79 8 0 14 0.00 0.0 0 8.1 17 210 M M 0 25 210
26 87 73 80 9 0 15 0.07 0.0 0 8.8 21 300 M M 5 8 29 310
27 84 64 74 3 0 9 0.00 0.0 0 10.2 21 310 M M 1 29 310
28 82 60 71 1 0 6 0.90 0.0 0 4.5 14 240 M M 5 123 20 210
29 84 61 73 3 0 8 0.00 0.0 0 4.0 14 310 M M 2 12 20 320
30 82 59 71 1 0 6 0.00 0.0 0 7.3 17 70 M M 2 24 70
31 80 55 68 -2 0 3 0.00 0.0 0 3.5 10 340 M M 3 16 330
================================================================================
SM 2614 1924 2 265 3.80 0.0 180.1 M 84
================================================================================
AV 84.3 62.1 5.8 FASTST M M 3 MAX(MPH)
MISC ----> # 26 270 # 39 270
================================================================================
NOTES:
# LAST OF SEVERAL OCCURRENCES
COLUMN 17 PEAK WIND IN M.P.H.
PRELIMINARY LOCAL CLIMATOLOGICAL DATA (WS FORM: F-6) , PAGE 2
STATION: WISCONSIN RAPIDS ASOS
MONTH: JULY
YEAR: 2020
LATITUDE: 44 22 N
LONGITUDE: 89 50 W
[TEMPERATURE DATA] [PRECIPITATION DATA] SYMBOLS USED IN COLUMN 16
AVERAGE MONTHLY: 73.2 TOTAL FOR MONTH: 3.80 1 = FOG OR MIST
DPTR FM NORMAL: 2.8 DPTR FM NORMAL: -0.28 2 = FOG REDUCING VISIBILITY
HIGHEST: 93 ON 6, 5 GRTST 24HR 0.90 ON 28-28 TO 1/4 MILE OR LESS
LOWEST: 52 ON 16 3 = THUNDER
SNOW, ICE PELLETS, HAIL 4 = ICE PELLETS
TOTAL MONTH: 0.0 INCH 5 = HAIL
GRTST 24HR 0.0 6 = FREEZING RAIN OR DRIZZLE
GRTST DEPTH: 0 7 = DUSTSTORM OR SANDSTORM:
VSBY 1/2 MILE OR LESS
8 = SMOKE OR HAZE
[NO. OF DAYS WITH] [WEATHER - DAYS WITH] 9 = BLOWING SNOW
X = TORNADO
MAX 32 OR BELOW: 0 0.01 INCH OR MORE: 10
MAX 90 OR ABOVE: 7 0.10 INCH OR MORE: 7
MIN 32 OR BELOW: 0 0.50 INCH OR MORE: 3
MIN 0 OR BELOW: 0 1.00 INCH OR MORE: 0
[HDD (BASE 65) ]
TOTAL THIS MO. 2 CLEAR (SCALE 0-3) 22
DPTR FM NORMAL -13 PTCLDY (SCALE 4-7) 9
TOTAL FM JUL 1 2 CLOUDY (SCALE 8-10) 0
DPTR FM NORMAL -13
[CDD (BASE 65) ]
TOTAL THIS MO. 265
DPTR FM NORMAL 83 [PRESSURE DATA]
TOTAL FM JAN 1 426 HIGHEST SLP 30.19 ON 24
DPTR FM NORMAL 131 LOWEST SLP 29.65 ON 19
[REMARKS]
#FINAL-07-20#