000
CXUS52 TJSJ 010449
CF6ISX
PRELIMINARY LOCAL CLIMATOLOGICAL DATA (WS FORM: F-6)
STATION: HENRY E. ROHLSEN AP/ST CROIX
MONTH: DECEMBER
YEAR: 2022
LATITUDE: 17 42 N
LONGITUDE: 64 48 W
TEMPERATURE IN F: :PCPN: SNOW: WIND :SUNSHINE: SKY :PK WND
================================================================================
1 2 3 4 5 6A 6B 7 8 9 10 11 12 13 14 15 16 17 18
12Z AVG MX 2MIN
DY MAX MIN AVG DEP HDD CDD WTR SNW DPTH SPD SPD DIR MIN PSBL S-S WX SPD DR
================================================================================
1 86 72 79 -1 0 14 0.07 M M 8.4 17 40 M M 3 1 25 30
2 86 72 79 -1 0 14 T M M 9.3 20 60 M M 2 24 60
3 85 71 78 -1 0 13 0.00 M M 8.1 17 50 M M 1 23 50
4 86 68 77 -2 0 12 0.00 M M 5.9 15 320 M M 2 18 320
5 86 72 79 0 0 14 0.00 M M 7.8 16 320 M M 3 22 310
6 85 70 78 -1 0 13 0.04 M M 5.2 18 350 M M 3 26 350
7 85 70 78 -1 0 13 T M M 6.5 15 360 M M 2 21 10
8 85 71 78 -1 0 13 T M M 6.9 17 330 M M 2 24 340
9 85 70 78 -1 0 13 0.01 M M 5.2 14 30 M M 2 1 18 30
10 85 67 76 -3 0 11 0.00 M M 3.9 12 350 M M 1 16 320
11 86 69 78 -1 0 13 0.08 M M 4.7 13 20 M M 3 1 M M
12 84 66 75 -4 0 10 0.00 M M 4.4 10 30 M M 4 14 40
13 84 69 77 -2 0 12 0.00 M M 6.4 13 130 M M 2 15 100
14 85 69 77 -2 0 12 0.00 M M 8.0 15 70 M M 1 20 20
15 87 75 81 2 0 16 0.00 M M 9.3 18 110 M M 4 22 90
16 88 74 81 2 0 16 0.00 M M 9.2 21 100 M M 3 24 100
17 86 74 80 1 0 15 0.13 M M 10.0 22 120 M M 2 18 33 110
18 86 74 80 1 0 15 0.00 M M 11.1 21 100 M M 1 26 90
19 86 74 80 1 0 15 0.03 M M 9.0 22 100 M M 4 1 29 110
20 86 73 80 1 0 15 0.01 M M 9.2 20 100 M M 2 23 110
21 86 75 81 2 0 16 0.00 M M 11.2 22 100 M M 2 26 100
22 86 75 81 3 0 16 0.00 M M 12.6 22 100 M M 4 27 90
23 85 72 79 1 0 14 0.00 M M 9.0 17 110 M M 1 20 110
24 86 73 80 2 0 15 T M M 11.2 21 80 M M 1 25 110
25 87 74 81 3 0 16 0.10 M M 12.5 23 80 M M 3 1 29 80
26 85 74 80 2 0 15 0.10 M M 12.4 28 90 M M 3 1 35 80
27 86 74 80 2 0 15 0.01 M M 12.5 23 100 M M 2 18 28 100
28 86 76 81 3 0 16 T M M 14.0 23 90 M M 3 30 80
29 87 76 82 4 0 17 T M M 12.7 24 90 M M 3 30 80
30 86 74 80 2 0 15 0.02 M M 12.7 25 100 M M 3 1 30 80
31 87 73 80 2 0 15 0.00 0.0 0 9.2 20 90 M M 2 24 90
================================================================================
SM 2659 2236 0 439 0.60 0.0 278.5 M 74
================================================================================
AV 85.8 72.1 9.0 FASTST M M 2 MAX(MPH)
MISC ----> 28 90 35 80
================================================================================
NOTES:
# LAST OF SEVERAL OCCURRENCES
COLUMN 17 PEAK WIND IN M.P.H.
PRELIMINARY LOCAL CLIMATOLOGICAL DATA (WS FORM: F-6) , PAGE 2
STATION: HENRY E. ROHLSEN AP/ST CROIX
MONTH: DECEMBER
YEAR: 2022
LATITUDE: 17 42 N
LONGITUDE: 64 48 W
[TEMPERATURE DATA] [PRECIPITATION DATA] SYMBOLS USED IN COLUMN 16
AVERAGE MONTHLY: 79.0 TOTAL FOR MONTH: 0.60 1 = FOG OR MIST
DPTR FM NORMAL: 0.2 DPTR FM NORMAL: -2.65 2 = FOG REDUCING VISIBILITY
HIGHEST: 88 ON 16 GRTST 24HR 0.16 ON 25-26 TO 1/4 MILE OR LESS
LOWEST: 66 ON 12 3 = THUNDER
SNOW, ICE PELLETS, HAIL 4 = ICE PELLETS
TOTAL MONTH: 0.0 INCH 5 = HAIL
GRTST 24HR 0.0 6 = FREEZING RAIN OR DRIZZLE
GRTST DEPTH: 0 7 = DUSTSTORM OR SANDSTORM:
VSBY 1/2 MILE OR LESS
8 = SMOKE OR HAZE
[NO. OF DAYS WITH] [WEATHER - DAYS WITH] 9 = BLOWING SNOW
X = TORNADO
MAX 32 OR BELOW: 0 0.01 INCH OR MORE: 11
MAX 90 OR ABOVE: 0 0.10 INCH OR MORE: 3
MIN 32 OR BELOW: 0 0.50 INCH OR MORE: 0
MIN 0 OR BELOW: 0 1.00 INCH OR MORE: 0
[HDD (BASE 65) ]
TOTAL THIS MO. 0 CLEAR (SCALE 0-3) 23
DPTR FM NORMAL 0 PTCLDY (SCALE 4-7) 8
TOTAL FM JUL 1 0 CLOUDY (SCALE 8-10) 0
DPTR FM NORMAL 0
[CDD (BASE 65) ]
TOTAL THIS MO. 439
DPTR FM NORMAL 11 [PRESSURE DATA]
TOTAL FM JAN 1 6160 HIGHEST SLP M ON M
DPTR FM NORMAL 411 LOWEST SLP 29.77 ON 5
[REMARKS]
#FINAL-12-22#