000
CXUS55 KRIW 011110
CF6JAC
PRELIMINARY LOCAL CLIMATOLOGICAL DATA (WS FORM: F-6)
STATION: JACKSON WY
MONTH: OCTOBER
YEAR: 2020
LATITUDE: 43 35 N
LONGITUDE: 110 44 W
TEMPERATURE IN F: :PCPN: SNOW: WIND :SUNSHINE: SKY :PK WND
================================================================================
1 2 3 4 5 6A 6B 7 8 9 10 11 12 13 14 15 16 17 18
12Z AVG MX 2MIN
DY MAX MIN AVG DEP HDD CDD WTR SNW DPTH SPD SPD DIR MIN PSBL S-S WX SPD DR
================================================================================
1 73 25 49 3 16 0 0.00 M M 4.9 9 340 M M 0 M M
2 71 39 55 10 10 0 0.00 M M 4.8 10 290 M M 2 M M
3 71 29 50 5 15 0 0.00 M M 4.6 8 240 M M 0 M M
4 72 28 50 6 15 0 0.00 M M 5.9 18 290 M M 0 25 290
5 71 32 52 8 13 0 0.00 M M 6.1 13 290 M M 0 25 300
6 74 26 50 6 15 0 0.00 M M 5.3 14 220 M M 0 20 220
7 72 24 48 5 17 0 0.00 M M 4.5 12 10 M M 0 8 M M
8 74 24 49 6 16 0 0.00 M M 6.6 17 240 M M 0 31 240
9 73 27 50 8 15 0 0.00 M M 7.4 16 280 M M 0 22 280
10 72 23 48 6 17 0 0.10 M M 10.2 23 220 M M 2 37 220
11 45 32 39 -3 26 0 0.22 M M 15.4 25 180 M M 6 1 33 180
12 54 37 46 5 19 0 0.00 M M 17.0 25 220 M M 7 39 280
13 57 41 49 8 16 0 0.04 M M 11.6 28 220 M M 9 54 210
14 54 35 45 4 20 0 0.43 M M 11.8 25 250 M M 5 46 240
15 44 30 37 -3 28 0 0.00 M M 10.1 16 340 M M 4 31 320
16 55 28 42 2 23 0 T M M 13.7 22 190 M M 5 32 200
17 57 42 50 10 15 0 0.02 M M 15.2 25 240 M M 5 37 220
18 50 39 45 6 20 0 0.40 M M 12.2 24 210 M M 9 1 36 200
19 56 45 51 12 14 0 T M M 14.3 21 260 M M 7 31 260
20 55 46 51 13 14 0 T M M 14.5 27 270 M M 6 40 280
21 55 36 46 8 19 0 0.00 M M 18.2 27 230 M M 4 43 230
22 38 15 27 -11 38 0 0.02 M M 8.1 16 40 M M 7 1 30 350
23 42 10 26 -11 39 0 T M M 7.9 16 210 M M 2 31 180
24 35 18 27 -10 38 0 0.54 M M 15.4 25 20 M M 9 1 31 220
25 20 -2 9 -27 56 0 T M M 16.6 27 20 M M 6 1 35 20
26 33 -10 12 -24 53 0 0.00 M M 2.3 13 20 M M 4 M M
27 35 5 20 -16 45 0 0.00 M M 2.6 8 20 M M 0 M M
28 45 13 29 -6 36 0 0.00 M M 2.6 7 10 M M 1 8 M M
29 47 18 33 -2 32 0 T M M 2.9 9 20 M M 3 12 M M
30 57 17 37 3 28 0 0.00 M M 9.5 24 240 M M 1 40 230
31 53 22 38 4 27 0 0.00 M M 6.8 13 210 M M 0 M M
================================================================================
SM 1710 794 755 0 1.77 M 288.8 M 104
================================================================================
AV 55.2 25.6 9.3 FASTST M M 3 MAX(MPH)
MISC ----> 28 220 54 210
================================================================================
NOTES:
# LAST OF SEVERAL OCCURRENCES
COLUMN 17 PEAK WIND IN M.P.H.
PRELIMINARY LOCAL CLIMATOLOGICAL DATA (WS FORM: F-6) , PAGE 2
STATION: JACKSON WY
MONTH: OCTOBER
YEAR: 2020
LATITUDE: 43 35 N
LONGITUDE: 110 44 W
[TEMPERATURE DATA] [PRECIPITATION DATA] SYMBOLS USED IN COLUMN 16
AVERAGE MONTHLY: 40.4 TOTAL FOR MONTH: 1.77 1 = FOG OR MIST
DPTR FM NORMAL: 0.6 DPTR FM NORMAL: 0.30 2 = FOG REDUCING VISIBILITY
HIGHEST: 74 ON 8, 6 GRTST 24HR 0.54 ON 24-24 TO 1/4 MILE OR LESS
LOWEST: -10 ON 26 3 = THUNDER
SNOW, ICE PELLETS, HAIL 4 = ICE PELLETS
TOTAL MONTH: M 5 = HAIL
GRTST 24HR M ON M 6 = FREEZING RAIN OR DRIZZLE
GRTST DEPTH: M ON M 7 = DUSTSTORM OR SANDSTORM:
VSBY 1/2 MILE OR LESS
8 = SMOKE OR HAZE
[NO. OF DAYS WITH] [WEATHER - DAYS WITH] 9 = BLOWING SNOW
X = TORNADO
MAX 32 OR BELOW: 1 0.01 INCH OR MORE: 8
MAX 90 OR ABOVE: 0 0.10 INCH OR MORE: 5
MIN 32 OR BELOW: 22 0.50 INCH OR MORE: 1
MIN 0 OR BELOW: 2 1.00 INCH OR MORE: 0
[HDD (BASE 65) ]
TOTAL THIS MO. 755 CLEAR (SCALE 0-3) 16
DPTR FM NORMAL -26 PTCLDY (SCALE 4-7) 12
TOTAL FM JUL 1 1355 CLOUDY (SCALE 8-10) 3
DPTR FM NORMAL -118
[CDD (BASE 65) ]
TOTAL THIS MO. 0
DPTR FM NORMAL 0 [PRESSURE DATA]
TOTAL FM JAN 1 27 HIGHEST SLP 30.65 ON 26
DPTR FM NORMAL -16 LOWEST SLP 29.60 ON 11
[REMARKS]
#FINAL-10-20#