000
CXUS52 KJAX 010800
CF6JAX
PRELIMINARY LOCAL CLIMATOLOGICAL DATA (WS FORM: F-6)
STATION: JACKSONVILLE
MONTH: OCTOBER
YEAR: 2022
LATITUDE: 30 30 N
LONGITUDE: 81 42 W
TEMPERATURE IN F: :PCPN: SNOW: WIND :SUNSHINE: SKY :PK WND
================================================================================
1 2 3 4 5 6A 6B 7 8 9 10 11 12 13 14 15 16 17 18
12Z AVG MX 2MIN
DY MAX MIN AVG DEP HDD CDD WTR SNW DPTH SPD SPD DIR MIN PSBL S-S WX SPD DR
================================================================================
1 85 58 72 -4 0 7 0.00 0.0 0 5.7 17 280 M M 2 25 290
2 83 58 71 -5 0 6 0.00 0.0 0 6.9 15 280 M M 1 20 310
3 74 59 67 -8 0 2 0.00 0.0 0 8.4 16 20 M M 6 21 20
4 75 54 65 -10 0 0 0.00 0.0 0 7.8 22 40 M M 4 30 10
5 83 49 66 -9 0 1 0.00 0.0 0 4.0 12 130 M M 2 22 320
6 85 53 69 -5 0 4 0.00 0.0 0 4.0 13 110 M M 1 17 300
7 87 53 70 -4 0 5 0.00 0.0 0 1.6 12 110 M M 2 1 14 120
8 89 56 73 -1 0 8 0.00 0.0 0 2.4 12 100 M M 3 15 90
9 85 60 73 -1 0 8 0.00 0.0 0 3.1 12 70 M M 5 16 60
10 84 64 74 1 0 9 0.00 0.0 0 4.6 17 60 M M 6 12 21 70
11 87 66 77 4 0 12 T 0.0 0 7.8 18 40 M M 8 12 24 30
12 83 73 78 5 0 13 0.21 0.0 0 6.1 20 200 M M 9 13 32 190
13 88 64 76 4 0 11 1.25 0.0 0 6.3 21 330 M M 8 13 31 330
14 84 59 72 0 0 7 0.00 0.0 0 3.1 10 360 M M 1 16 10
15 82 57 70 -2 0 5 0.00 0.0 0 3.6 13 70 M M 0 20 60
16 87 54 71 0 0 6 0.00 0.0 0 2.1 10 120 M M 2 14 130
17 85 63 74 3 0 9 0.01 0.0 0 4.9 16 210 M M 6 22 230
18 73 49 61 -10 4 0 0.00 0.0 0 9.2 16 280 M M 5 24 310
19 65 42 54 -16 11 0 0.00 0.0 0 6.2 15 300 M M 2 19 10
20 72 39 56 -14 9 0 0.00 0.0 0 1.6 10 350 M M 1 14 280
21 73 42 58 -12 7 0 0.00 0.0 0 2.6 13 60 M M 1 17 30
22 76 46 61 -8 4 0 0.00 0.0 0 5.1 15 50 M M 1 22 40
23 80 50 65 -4 0 0 0.00 0.0 0 4.2 15 60 M M 2 21 30
24 78 51 65 -4 0 0 0.00 0.0 0 3.5 13 80 M M 2 16 70
25 83 48 66 -2 0 1 0.00 0.0 0 1.6 12 60 M M 3 1 14 70
26 86 60 73 5 0 8 T 0.0 0 5.9 20 250 M M 5 1 26 240
27 82 57 70 2 0 5 0.00 0.0 0 6.4 16 60 M M 5 22 70
28 75 67 71 4 0 6 0.00 0.0 0 10.3 17 50 M M 9 23 50
29 69 65 67 0 0 2 T 0.0 0 10.3 17 30 M M 10 1 25 30
30 78 64 71 4 0 6 0.13 0.0 0 6.4 13 30 M M 9 1 16 30
31 86 64 75 9 0 10 0.00 0.0 0 4.1 12 180 M M 6 12 17 160
================================================================================
SM 2502 1744 35 151 1.60 0.0 159.8 M 127
================================================================================
AV 80.7 56.3 5.2 FASTST M M 4 MAX(MPH)
MISC ----> 22 40 32 190
================================================================================
NOTES:
# LAST OF SEVERAL OCCURRENCES
COLUMN 17 PEAK WIND IN M.P.H.
PRELIMINARY LOCAL CLIMATOLOGICAL DATA (WS FORM: F-6) , PAGE 2
STATION: JACKSONVILLE
MONTH: OCTOBER
YEAR: 2022
LATITUDE: 30 30 N
LONGITUDE: 81 42 W
[TEMPERATURE DATA] [PRECIPITATION DATA] SYMBOLS USED IN COLUMN 16
AVERAGE MONTHLY: 68.5 TOTAL FOR MONTH: 1.60 1 = FOG OR MIST
DPTR FM NORMAL: -2.7 DPTR FM NORMAL: -2.43 2 = FOG REDUCING VISIBILITY
HIGHEST: 89 ON 8 GRTST 24HR 1.42 ON 12-13 TO 1/4 MILE OR LESS
LOWEST: 39 ON 20 3 = THUNDER
SNOW, ICE PELLETS, HAIL 4 = ICE PELLETS
TOTAL MONTH: 0.0 INCH 5 = HAIL
GRTST 24HR 0.0 6 = FREEZING RAIN OR DRIZZLE
GRTST DEPTH: 0 7 = DUSTSTORM OR SANDSTORM:
VSBY 1/2 MILE OR LESS
8 = SMOKE OR HAZE
[NO. OF DAYS WITH] [WEATHER - DAYS WITH] 9 = BLOWING SNOW
X = TORNADO
MAX 32 OR BELOW: 0 0.01 INCH OR MORE: 4
MAX 90 OR ABOVE: 0 0.10 INCH OR MORE: 3
MIN 32 OR BELOW: 0 0.50 INCH OR MORE: 1
MIN 0 OR BELOW: 0 1.00 INCH OR MORE: 1
[HDD (BASE 65) ]
TOTAL THIS MO. 35 CLEAR (SCALE 0-3) 15
DPTR FM NORMAL 10 PTCLDY (SCALE 4-7) 12
TOTAL FM JUL 1 35 CLOUDY (SCALE 8-10) 4
DPTR FM NORMAL 13
[CDD (BASE 65) ]
TOTAL THIS MO. 151
DPTR FM NORMAL -66 [PRESSURE DATA]
TOTAL FM JAN 1 2713 HIGHEST SLP 30.22 ON 29
DPTR FM NORMAL -3 LOWEST SLP 29.74 ON 18
[REMARKS]
#FINAL-10-22#