000
CXUS52 KJAX 100903
CF6JAX
PRELIMINARY LOCAL CLIMATOLOGICAL DATA (WS FORM: F-6)
STATION: JACKSONVILLE
MONTH: FEBRUARY
YEAR: 2024
LATITUDE: 30 30 N
LONGITUDE: 81 42 W
TEMPERATURE IN F: :PCPN: SNOW: WIND :SUNSHINE: SKY :PK WND
================================================================================
1 2 3 4 5 6A 6B 7 8 9 10 11 12 13 14 15 16 17 18
12Z AVG MX 2MIN
DY MAX MIN AVG DEP HDD CDD WTR SNW DPTH SPD SPD DIR MIN PSBL S-S WX SPD DR
================================================================================
1 66 37 52 -3 13 0 0.00 0.0 0 2.3 9 90 M M 5 11 120
2 71 41 56 1 9 0 0.00 0.0 0 3.8 15 250 M M 6 8 23 230
3 70 39 55 -1 10 0 T 0.0 0 9.1 22 40 M M 3 1 28 30
4 67 54 61 5 4 0 0.53 T 0 12.2 26 100 M M 8 135 36 90
5 60 45 53 -3 12 0 T 0.0 0 7.6 16 350 M M 8 12 24 350
6 65 45 55 -1 10 0 0.00 0.0 0 10.3 20 360 M M 4 28 10
7 54 40 47 -9 18 0 0.00 0.0 0 8.3 20 50 M M 1 33 60
8 69 39 54 -2 11 0 0.00 0.0 0 4.9 14 80 M M 5 20 50
9 75 47 61 5 4 0 0.00 0.0 0 3.1 10 170 M M 7 15 200
10 79 51 65 8 0 0 0.00 0.0 0 4.7 18 190 M M 8 1 27 190
11 81 56 69 12 0 4 0.00 0.0 0 7.0 20 200 M M 8 27 190
12 80 62 71 14 0 6 0.02 0.0 0 11.5 32 220 M M 8 46 210
13 67 44 56 -1 9 0 0.00 0.0 0 12.0 23 270 M M 7 39 310
14 66 37 52 -5 13 0 0.00 0.0 0 3.7 12 90 M M 2 17 60
15 75 45 60 2 5 0 0.00 0.0 0 3.7 15 200 M M 7 21 200
16 70 50 60 2 5 0 0.00 0.0 0 2.9 10 250 M M 9 14 270
17 62 53 58 0 7 0 0.62 0.0 0 5.3 16 340 M M 10 1 20 340
18 54 47 51 -7 14 0 0.55 0.0 0 7.5 17 30 M M 10 1 22 20
19 65 40 53 -5 12 0 0.01 0.0 0 5.3 14 70 M M 4 17 70
20 66 36 51 -7 14 0 0.00 0.0 0 3.9 15 80 M M 2 20 70
21 65 38 52 -7 13 0 0.00 0.0 0 5.8 20 30 M M 1 29 30
22 73 36 55 -4 10 0 0.00 0.0 0 3.1 14 170 M M 2 21 180
23 74 50 62 3 3 0 0.71 0.0 0 11.5 28 230 M M 6 13 45 290
24 71 48 60 1 5 0 0.00 0.0 0 10.5 26 270 M M 1 36 270
25 68 39 54 -5 11 0 0.00 0.0 0 3.8 13 300 M M 1 19 290
26 75 38 57 -3 8 0 0.00 0.0 0 5.1 14 100 M M 2 21 160
27 80 45 63 3 2 0 0.00 0.0 0 6.8 14 160 M M 5 23 180
28 83 56 70 10 0 5 0.00 0.0 0 11.6 22 230 M M 7 30 230
29 68 57 63 3 2 0 0.00 0.0 0 12.3 24 50 M M 9 36 50
================================================================================
SM 2019 1315 224 15 2.44 T 199.6 M 156
================================================================================
AV 69.6 45.3 6.9 FASTST M M 5 MAX(MPH)
MISC ----> 32 220 46 210
================================================================================
NOTES:
# LAST OF SEVERAL OCCURRENCES
COLUMN 17 PEAK WIND IN M.P.H.
PRELIMINARY LOCAL CLIMATOLOGICAL DATA (WS FORM: F-6) , PAGE 2
STATION: JACKSONVILLE
MONTH: FEBRUARY
YEAR: 2024
LATITUDE: 30 30 N
LONGITUDE: 81 42 W
[TEMPERATURE DATA] [PRECIPITATION DATA] SYMBOLS USED IN COLUMN 16
AVERAGE MONTHLY: 57.5 TOTAL FOR MONTH: 2.44 1 = FOG OR MIST
DPTR FM NORMAL: 0.0 DPTR FM NORMAL: -0.42 2 = FOG REDUCING VISIBILITY
HIGHEST: 83 ON 28 GRTST 24HR 1.07 ON 17-18 TO 1/4 MILE OR LESS
LOWEST: 36 ON 22,20 3 = THUNDER
SNOW, ICE PELLETS, HAIL 4 = ICE PELLETS
TOTAL MONTH: T 5 = HAIL
GRTST 24HR T ON 4- 4 6 = FREEZING RAIN OR DRIZZLE
GRTST DEPTH: 0 7 = DUSTSTORM OR SANDSTORM:
VSBY 1/2 MILE OR LESS
8 = SMOKE OR HAZE
[NO. OF DAYS WITH] [WEATHER - DAYS WITH] 9 = BLOWING SNOW
X = TORNADO
MAX 32 OR BELOW: 0 0.01 INCH OR MORE: 6
MAX 90 OR ABOVE: 0 0.10 INCH OR MORE: 4
MIN 32 OR BELOW: 0 0.50 INCH OR MORE: 4
MIN 0 OR BELOW: 0 1.00 INCH OR MORE: 0
[HDD (BASE 65) ]
TOTAL THIS MO. 224 CLEAR (SCALE 0-3) 9
DPTR FM NORMAL -10 PTCLDY (SCALE 4-7) 14
TOTAL FM JUL 1 960 CLOUDY (SCALE 8-10) 6
DPTR FM NORMAL -91
[CDD (BASE 65) ]
TOTAL THIS MO. 15
DPTR FM NORMAL -9 [PRESSURE DATA]
TOTAL FM JAN 1 40 HIGHEST SLP 30.37 ON 29
DPTR FM NORMAL 1 LOWEST SLP 29.49 ON 4
[REMARKS]
#FINAL-02-24#