000
CXUS54 KMEG 060550
CF6JBR
PRELIMINARY LOCAL CLIMATOLOGICAL DATA (WS FORM: F-6)
STATION: JONESBORO
MONTH: JULY
YEAR: 2020
LATITUDE: 35 49 N
LONGITUDE: 90 39 W
TEMPERATURE IN F: :PCPN: SNOW: WIND :SUNSHINE: SKY :PK WND
================================================================================
1 2 3 4 5 6A 6B 7 8 9 10 11 12 13 14 15 16 17 18
12Z AVG MX 2MIN
DY MAX MIN AVG DEP HDD CDD WTR SNW DPTH SPD SPD DIR MIN PSBL S-S WX SPD DR
================================================================================
1 90 72 81 1 0 16 0.72 0.0 0 M M M M M 5 138 M M
2 89 71 80 0 0 15 0.00 0.0 0 4.5 9 70 M M 3 14 70
3 90 75 83 2 0 18 0.15 0.0 0 3.7 18 120 M M 2 23 130
4 91 75 83 2 0 18 T 0.0 0 4.5 13 60 M M 1 18 16 70
5 93 73 83 2 0 18 0.00 0.0 0 4.4 13 150 M M 0 18 17 150
6 93 72 83 2 0 18 0.00 0.0 0 2.8 10 130 M M 1 13 120
7 94 75 85 4 0 20 0.00 0.0 0 3.9 16 220 M M M 1 19 200
8 91 75 83 2 0 18 0.00 0.0 0 5.2 12 180 M M M 14 170
9 91 75 83 2 0 18 0.00 0.0 0 6.0 18 230 M M M 23 210
10 94 73 84 3 0 19 0.00 0.0 0 5.6 13 40 M M M 17 40
11 95 74 85 4 0 20 0.00 0.0 0 6.1 15 210 M M M 23 250
12 95 77 86 5 0 21 0.00 0.0 0 8.3 17 310 M M M 24 310
13 91 70 81 0 0 16 0.00 0.0 0 4.4 13 80 M M 0 17 100
14 93 72 83 2 0 18 0.00 0.0 0 6.2 13 150 M M 1 16 120
15 97 78 88 7 0 23 0.00 0.0 0 9.0 21 220 M M 3 26 220
16 89 75 82 1 0 17 T 0.0 0 4.6 13 240 M M 2 17 230
17 93 75 84 3 0 19 T 0.0 0 5.9 16 360 M M 1 21 350
18 95 74 85 4 0 20 0.00 0.0 0 7.4 16 220 M M 0 1 26 200
19 96 76 86 5 0 21 0.00 0.0 0 8.1 17 220 M M 0 22 220
20 97 78 88 7 0 23 0.00 0.0 0 7.7 16 220 M M 1 23 220
21 96 75 86 5 0 21 T 0.0 0 7.6 18 190 M M 1 26 200
22 90 76 83 2 0 18 0.04 0.0 0 8.0 24 170 M M 1 1 41 280
23 92 75 84 3 0 19 T 0.0 0 3.5 18 130 M M 0 24 190
24 94 75 85 4 0 20 0.17 0.0 0 4.9 20 160 M M 1 26 170
25 91 74 83 2 0 18 0.00 0.0 0 4.9 13 210 M M 1 17 140
26 93 75 84 3 0 19 0.00 0.0 0 6.3 14 210 M M 1 18 190
27 92 75 84 3 0 19 0.00 0.0 0 7.8 15 200 M M 0 19 250
28 92 76 84 3 0 19 0.15 0.0 0 6.0 23 150 M M 2 29 140
29 94 75 85 4 0 20 0.02 0.0 0 8.3 21 220 M M 1 25 220
30 92 76 84 3 0 19 T 0.0 0 13.6 23 210 M M 5 31 240
31 86 73 80 -1 0 15 0.69 0.0 0 11.2 24 230 M M M 138 31 230
================================================================================
SM 2869 2310 0 583 1.94 0.0 190.4 M 33
================================================================================
AV 92.6 74.5 6.3 FASTST M M 1 MAX(MPH)
MISC ----> # 24 170 # 41 280
================================================================================
NOTES:
# LAST OF SEVERAL OCCURRENCES
COLUMN 17 PEAK WIND IN M.P.H.
PRELIMINARY LOCAL CLIMATOLOGICAL DATA (WS FORM: F-6) , PAGE 2
STATION: JONESBORO
MONTH: JULY
YEAR: 2020
LATITUDE: 35 49 N
LONGITUDE: 90 39 W
[TEMPERATURE DATA] [PRECIPITATION DATA] SYMBOLS USED IN COLUMN 16
AVERAGE MONTHLY: 83.5 TOTAL FOR MONTH: 1.94 1 = FOG OR MIST
DPTR FM NORMAL: 2.7 DPTR FM NORMAL: -1.60 2 = FOG REDUCING VISIBILITY
HIGHEST: 97 ON 20,15 GRTST 24HR 0.72 ON 1- 1 TO 1/4 MILE OR LESS
LOWEST: 70 ON 13 3 = THUNDER
SNOW, ICE PELLETS, HAIL 4 = ICE PELLETS
TOTAL MONTH: 0.0 INCH 5 = HAIL
GRTST 24HR 0.0 6 = FREEZING RAIN OR DRIZZLE
GRTST DEPTH: 0 7 = DUSTSTORM OR SANDSTORM:
VSBY 1/2 MILE OR LESS
8 = SMOKE OR HAZE
[NO. OF DAYS WITH] [WEATHER - DAYS WITH] 9 = BLOWING SNOW
X = TORNADO
MAX 32 OR BELOW: 0 0.01 INCH OR MORE: 7
MAX 90 OR ABOVE: 28 0.10 INCH OR MORE: 5
MIN 32 OR BELOW: 0 0.50 INCH OR MORE: 2
MIN 0 OR BELOW: 0 1.00 INCH OR MORE: 0
[HDD (BASE 65) ]
TOTAL THIS MO. 0 CLEAR (SCALE 0-3) 22
DPTR FM NORMAL 0 PTCLDY (SCALE 4-7) 2
TOTAL FM JUL 1 0 CLOUDY (SCALE 8-10) 0
DPTR FM NORMAL 0
[CDD (BASE 65) ]
TOTAL THIS MO. 583
DPTR FM NORMAL 92 [PRESSURE DATA]
TOTAL FM JAN 1 788 HIGHEST SLP M ON M
DPTR FM NORMAL -299 LOWEST SLP 29.76 ON 31
[REMARKS]
#FINAL-07-20#