000
CXUS53 KLSX 011400
CF6JEF
PRELIMINARY LOCAL CLIMATOLOGICAL DATA (WS FORM: F-6)
STATION: JEFFERSON CITY
MONTH: SEPTEMBER
YEAR: 2022
LATITUDE: 38 35 N
LONGITUDE: 92 10 W
TEMPERATURE IN F: :PCPN: SNOW: WIND :SUNSHINE: SKY :PK WND
================================================================================
1 2 3 4 5 6A 6B 7 8 9 10 11 12 13 14 15 16 17 18
12Z AVG MX 2MIN
DY MAX MIN AVG DEP HDD CDD WTR SNW DPTH SPD SPD DIR MIN PSBL S-S WX SPD DR
================================================================================
1 88 60 74 0 0 9 0.00 0.0 0 5.0 10 130 M M 0 1 14 110
2 78 66 72 -1 0 7 0.24 0.0 0 4.0 12 190 M M 5 1 15 160
3 87 63 75 2 0 10 0.00 0.0 0 2.1 8 110 M M 2 11 100
4 82 65 74 1 0 9 0.02 0.0 0 4.6 16 30 M M 5 12 27 20
5 78 67 73 1 0 8 T 0.0 0 3.9 12 10 M M 7 1 15 20
6 83 65 74 2 0 9 0.00 0.0 0 2.4 9 290 M M 5 18 14 280
7 85 62 74 2 0 9 0.00 0.0 0 3.6 13 350 M M 3 12 19 330
8 83 58 71 -1 0 6 0.00 0.0 0 2.9 12 160 M M 1 12 16 170
9 85 57 71 0 0 6 0.00 0.0 0 3.0 14 120 M M 1 1 14 120
10 88 60 74 3 0 9 0.00 0.0 0 2.7 12 340 M M 1 1 18 350
11 76 54 65 -5 0 0 0.87 0.0 0 7.5 18 300 M M 5 1 27 300
12 81 50 66 -4 0 1 0.00 0.0 0 4.1 17 280 M M 0 25 300
13 86 52 69 -1 0 4 0.00 0.0 0 1.4 7 130 M M 1 12 8 270
14 88 56 72 3 0 7 0.00 0.0 0 3.6 10 120 M M 0 14 120
15 84 59 72 3 0 7 0.00 0.0 0 5.5 12 150 M M 0 1 17 150
16 86 59 73 4 0 8 0.00 0.0 0 5.9 15 180 M M 1 1 20 160
17 90 66 78 10 0 13 0.00 0.0 0 7.4 16 130 M M 2 22 120
18 86 68 77 9 0 12 0.02 0.0 0 6.1 15 170 M M 1 3 23 20
19 96 73 85 17 0 20 0.00 M M 5.2 14 240 M M 0 19 260
20 97 67 82 15 0 17 0.00 0.0 0 6.5 20 220 M M 0 27 260
21 96 68 82 15 0 17 0.00 0.0 0 7.6 20 340 M M 4 27 270
22 73 60 67 1 0 2 0.00 0.0 0 6.1 13 30 M M 1 21 30
23 62 58 60 -6 5 0 0.04 0.0 0 7.1 17 120 M M 7 21 120
24 89 51 70 4 0 5 0.00 0.0 0 2.7 13 290 M M 0 8 17 300
25 81 53 67 2 0 2 0.00 0.0 0 5.8 21 300 M M 0 18 29 280
26 74 48 61 -4 4 0 0.00 0.0 0 5.8 17 290 M M 0 27 290
27 80 42 61 -4 4 0 0.00 M 0 2.7 9 70 M M 0 15 60
28 71 46 59 -5 6 0 0.00 0.0 0 4.4 13 70 M M 0 20 80
29 72 39 56 -8 9 0 0.00 0.0 0 4.4 13 100 M M 0 19 110
30 75 41 58 -6 7 0 0.00 0.0 0 3.1 13 80 M M 0 1 18 80
================================================================================
SM 2480 1733 35 197 1.19 0.0 137.1 M 52
================================================================================
AV 82.7 57.8 4.6 FASTST M M 2 MAX(MPH)
MISC ----> 21 300 29 280
================================================================================
NOTES:
# LAST OF SEVERAL OCCURRENCES
COLUMN 17 PEAK WIND IN M.P.H.
PRELIMINARY LOCAL CLIMATOLOGICAL DATA (WS FORM: F-6) , PAGE 2
STATION: JEFFERSON CITY
MONTH: SEPTEMBER
YEAR: 2022
LATITUDE: 38 35 N
LONGITUDE: 92 10 W
[TEMPERATURE DATA] [PRECIPITATION DATA] SYMBOLS USED IN COLUMN 16
AVERAGE MONTHLY: 70.2 TOTAL FOR MONTH: 1.19 1 = FOG OR MIST
DPTR FM NORMAL: 1.4 DPTR FM NORMAL: -2.54 2 = FOG REDUCING VISIBILITY
HIGHEST: 97 ON 20 GRTST 24HR 0.87 ON 11-11 TO 1/4 MILE OR LESS
LOWEST: 39 ON 29 3 = THUNDER
SNOW, ICE PELLETS, HAIL 4 = ICE PELLETS
TOTAL MONTH: 0.0 INCH 5 = HAIL
GRTST 24HR 0.0 6 = FREEZING RAIN OR DRIZZLE
GRTST DEPTH: 0 7 = DUSTSTORM OR SANDSTORM:
VSBY 1/2 MILE OR LESS
8 = SMOKE OR HAZE
[NO. OF DAYS WITH] [WEATHER - DAYS WITH] 9 = BLOWING SNOW
X = TORNADO
MAX 32 OR BELOW: 0 0.01 INCH OR MORE: 5
MAX 90 OR ABOVE: 4 0.10 INCH OR MORE: 2
MIN 32 OR BELOW: 0 0.50 INCH OR MORE: 1
MIN 0 OR BELOW: 0 1.00 INCH OR MORE: 0
[HDD (BASE 65) ]
TOTAL THIS MO. 35 CLEAR (SCALE 0-3) 22
DPTR FM NORMAL -10 PTCLDY (SCALE 4-7) 8
TOTAL FM JUL 1 35 CLOUDY (SCALE 8-10) 0
DPTR FM NORMAL -9
[CDD (BASE 65) ]
TOTAL THIS MO. 197
DPTR FM NORMAL 38 [PRESSURE DATA]
TOTAL FM JAN 1 1735 HIGHEST SLP 30.43 ON 29
DPTR FM NORMAL 317 LOWEST SLP 29.80 ON 9
[REMARKS]
#FINAL-09-22#