000
CXUS55 KJKL 011310
CF6JKL
PRELIMINARY LOCAL CLIMATOLOGICAL DATA (WS FORM: F-6)
STATION: JACKSON KY
MONTH: JULY
YEAR: 2022
LATITUDE: 37 35 N
LONGITUDE: 83 19 W
TEMPERATURE IN F: :PCPN: SNOW: WIND :SUNSHINE: SKY :PK WND
================================================================================
1 2 3 4 5 6A 6B 7 8 9 10 11 12 13 14 15 16 17 18
12Z AVG MX 2MIN
DY MAX MIN AVG DEP HDD CDD WTR SNW DPTH SPD SPD DIR MIN PSBL S-S WX SPD DR
================================================================================
1 88 73 81 6 0 16 0.32 0.0 0 1.9 13 120 M M 1 23 160
2 89 70 80 5 0 15 0.60 0.0 0 0.9 12 300 M M 3 123 22 240
3 82 69 76 0 0 11 0.16 0.0 0 0.2 8 340 M M 5 123 17 340
4 89 68 79 3 0 14 0.00 0.0 0 1.1 6 310 M M 1 10 320
5 90 71 81 5 0 16 0.10 0.0 0 1.9 10 300 M M 2 13 20 30
6 86 71 79 3 0 14 0.33 0.0 0 1.4 14 320 M M 3 1238 35 330
7 87 69 78 2 0 13 0.35 0.0 0 0.5 6 230 M M 5 1238 12 210
8 88 72 80 4 0 15 0.26 0.0 0 1.5 24 310 M M 7 123 38 320
9 79 69 74 -2 0 9 0.17 0.0 0 0.1 5 50 M M 10 12 11 20
10 80 69 75 -1 0 10 0.01 0.0 0 0.8 7 140 M M 8 12 13 130
11 86 63 75 -1 0 10 0.00 0.0 0 1.1 6 310 M M 0 12 8 180
12 90 70 80 4 0 15 0.55 0.0 0 1.6 9 280 M M 2 123 17 250
13 85 67 76 0 0 11 0.00 0.0 0 0.7 7 340 M M 3 12 11 330
14 86 65 76 0 0 11 0.00 0.0 0 1.9 9 310 M M 1 1 14 330
15 85 66 76 0 0 11 0.00 0.0 0 0.7 6 290 M M 1 9 290
16 88 70 79 3 0 14 T 0.0 0 1.4 8 160 M M 4 11 160
17 88 69 79 3 0 14 0.51 0.0 0 2.9 10 270 M M 4 123 20 250
18 76 69 73 -3 0 8 0.90 0.0 0 1.2 14 310 M M 8 13 21 290
19 86 69 78 2 0 13 0.00 0.0 0 0.7 7 310 M M 6 12 9 310
20 89 70 80 4 0 15 0.61 0.0 0 3.2 17 290 M M 4 13 40 220
21 87 70 79 3 0 14 0.10 0.0 0 1.5 7 290 M M 5 13 16 260
22 90 68 79 3 0 14 0.00 0.0 0 0.6 7 300 M M 0 1 12 290
23 93 70 82 6 0 17 0.00 0.0 0 2.0 10 130 M M 1 13 17 120
24 88 69 79 3 0 14 0.00 0.0 0 2.5 9 160 M M 1 17 190
25 84 73 79 3 0 14 0.22 0.0 0 1.3 10 300 M M 6 138 17 310
26 76 71 74 -2 0 9 2.11 0.0 0 1.8 8 170 M M 9 123 21 200
27 85 69 77 1 0 12 4.11 0.0 0 2.1 12 280 M M 7 123 23 280
28 85 70 78 2 0 13 1.78 0.0 0 1.8 8 280 M M 7 123 15 290
29 83 70 77 1 0 12 0.07 0.0 M 2.6 8 310 M M 7 123 13 340
30 81 64 73 -3 0 8 0.00 0.0 0 0.3 6 140 M M 1 10 40
31 79 68 74 -2 0 9 1.60 0.0 0 0.0 6 340 M M 7 12 10 340
================================================================================
SM 2648 2141 0 391 14.86 0.0 42.2 M 129
================================================================================
AV 85.4 69.1 1.4 FASTST M M 4 MAX(MPH)
MISC ----> 24 310 40 220
================================================================================
NOTES:
# LAST OF SEVERAL OCCURRENCES
COLUMN 17 PEAK WIND IN M.P.H.
PRELIMINARY LOCAL CLIMATOLOGICAL DATA (WS FORM: F-6) , PAGE 2
STATION: JACKSON KY
MONTH: JULY
YEAR: 2022
LATITUDE: 37 35 N
LONGITUDE: 83 19 W
[TEMPERATURE DATA] [PRECIPITATION DATA] SYMBOLS USED IN COLUMN 16
AVERAGE MONTHLY: 77.2 TOTAL FOR MONTH: 14.86 1 = FOG OR MIST
DPTR FM NORMAL: 1.5 DPTR FM NORMAL: 9.76 2 = FOG REDUCING VISIBILITY
HIGHEST: 93 ON 23 GRTST 24HR 4.94 ON 27-28 TO 1/4 MILE OR LESS
LOWEST: 63 ON 11 3 = THUNDER
SNOW, ICE PELLETS, HAIL 4 = ICE PELLETS
TOTAL MONTH: 0.0 INCH 5 = HAIL
GRTST 24HR 0.0 6 = FREEZING RAIN OR DRIZZLE
GRTST DEPTH: 0 7 = DUSTSTORM OR SANDSTORM:
VSBY 1/2 MILE OR LESS
8 = SMOKE OR HAZE
[NO. OF DAYS WITH] [WEATHER - DAYS WITH] 9 = BLOWING SNOW
X = TORNADO
MAX 32 OR BELOW: 0 0.01 INCH OR MORE: 20
MAX 90 OR ABOVE: 4 0.10 INCH OR MORE: 18
MIN 32 OR BELOW: 0 0.50 INCH OR MORE: 9
MIN 0 OR BELOW: 0 1.00 INCH OR MORE: 4
[HDD (BASE 65) ]
TOTAL THIS MO. 0 CLEAR (SCALE 0-3) 14
DPTR FM NORMAL 0 PTCLDY (SCALE 4-7) 15
TOTAL FM JUL 1 0 CLOUDY (SCALE 8-10) 2
DPTR FM NORMAL 0
[CDD (BASE 65) ]
TOTAL THIS MO. 391
DPTR FM NORMAL 57 [PRESSURE DATA]
TOTAL FM JAN 1 889 HIGHEST SLP 30.21 ON 30
DPTR FM NORMAL 161 LOWEST SLP 29.70 ON 21
[REMARKS]
#FINAL-07-22#