000
CXUS55 KJKL 010900
CF6JKL
PRELIMINARY LOCAL CLIMATOLOGICAL DATA (WS FORM: F-6)
STATION: JACKSON KY
MONTH: JUNE
YEAR: 2021
LATITUDE: 37 35 N
LONGITUDE: 83 19 W
TEMPERATURE IN F: :PCPN: SNOW: WIND :SUNSHINE: SKY :PK WND
================================================================================
1 2 3 4 5 6A 6B 7 8 9 10 11 12 13 14 15 16 17 18
12Z AVG MX 2MIN
DY MAX MIN AVG DEP HDD CDD WTR SNW DPTH SPD SPD DIR MIN PSBL S-S WX SPD DR
================================================================================
1 77 57 67 -2 0 2 T 0.0 0 1.3 6 170 M M 3 11 210
2 68 63 66 -3 0 1 0.13 0.0 0 1.8 8 140 M M 8 1 14 140
3 75 62 69 -1 0 4 0.51 0.0 0 3.2 8 180 M M 6 1 16 190
4 82 62 72 2 0 7 0.00 0.0 0 1.4 7 280 M M 4 18 14 230
5 87 60 74 4 0 9 0.00 0.0 0 1.4 7 160 M M 1 1 13 260
6 82 67 75 5 0 10 0.01 0.0 0 0.7 10 320 M M 4 20 280
7 79 71 75 4 0 10 0.09 0.0 0 2.3 7 190 M M 6 1 13 200
8 86 69 78 7 0 13 0.01 0.0 0 1.3 12 300 M M 3 3 18 310
9 76 68 72 1 0 7 0.70 0.0 0 1.2 9 150 M M 7 1 14 150
10 82 69 76 5 0 11 0.12 0.0 0 0.4 7 180 M M 8 123 17 220
11 77 69 73 1 0 8 0.08 0.0 0 0.3 8 300 M M 8 13 12 260
12 86 67 77 5 0 12 0.00 0.0 0 1.3 12 320 M M 5 12 16 340
13 88 64 76 4 0 11 0.00 0.0 0 1.2 7 290 M M 2 12 10 180
14 88 66 77 5 0 12 0.00 0.0 0 2.3 9 330 M M 2 12 18 330
15 79 63 71 -2 0 6 0.00 0.0 0 3.2 8 320 M M 2 15 340
16 79 61 70 -3 0 5 0.00 0.0 0 1.1 9 340 M M 2 16 350
17 82 58 70 -3 0 5 0.00 0.0 0 1.2 6 300 M M 0 9 280
18 88 63 76 3 0 11 0.14 0.0 0 3.8 12 20 M M 1 1 33 340
19 85 65 75 1 0 10 T 0.0 0 2.0 13 190 M M 2 1 25 230
20 86 68 77 3 0 12 0.00 0.0 0 1.6 7 300 M M 1 11 320
21 86 67 77 3 0 12 1.78 0.0 0 2.7 14 310 M M 5 123 27 260
22 72 57 65 -9 0 0 0.27 0.0 0 3.0 14 320 M M 5 1 22 330
23 78 52 65 -9 0 0 0.00 0.0 0 1.0 9 130 M M 0 19 120
24 85 62 74 0 0 9 0.00 0.0 0 2.6 9 170 M M 1 16 160
25 85 67 76 1 0 11 0.00 0.0 0 3.5 9 180 M M 1 17 150
26 86 67 77 2 0 12 0.00 0.0 0 2.9 10 190 M M 1 19 170
27 89 71 80 5 0 15 0.00 0.0 0 1.6 8 170 M M 3 18 220
28 90 72 81 6 0 16 0.00 0.0 0 1.0 7 310 M M 1 3 10 290
29 92 72 82 7 0 17 0.00 0.0 0 2.7 8 180 M M 1 3 16 210
30 86 73 80 5 0 15 T 0.0 0 1.7 8 340 M M 4 3 13 350
================================================================================
SM 2481 1952 0 273 3.84 0.0 55.7 M 97
================================================================================
AV 82.7 65.1 1.9 FASTST M M 3 MAX(MPH)
MISC ----> # 14 310 33 340
================================================================================
NOTES:
# LAST OF SEVERAL OCCURRENCES
COLUMN 17 PEAK WIND IN M.P.H.
PRELIMINARY LOCAL CLIMATOLOGICAL DATA (WS FORM: F-6) , PAGE 2
STATION: JACKSON KY
MONTH: JUNE
YEAR: 2021
LATITUDE: 37 35 N
LONGITUDE: 83 19 W
[TEMPERATURE DATA] [PRECIPITATION DATA] SYMBOLS USED IN COLUMN 16
AVERAGE MONTHLY: 73.9 TOTAL FOR MONTH: 3.84 1 = FOG OR MIST
DPTR FM NORMAL: 1.3 DPTR FM NORMAL: -1.41 2 = FOG REDUCING VISIBILITY
HIGHEST: 92 ON 29 GRTST 24HR 2.05 ON 21-22 TO 1/4 MILE OR LESS
LOWEST: 52 ON 23 3 = THUNDER
SNOW, ICE PELLETS, HAIL 4 = ICE PELLETS
TOTAL MONTH: 0.0 INCH 5 = HAIL
GRTST 24HR 0.0 6 = FREEZING RAIN OR DRIZZLE
GRTST DEPTH: 0 7 = DUSTSTORM OR SANDSTORM:
VSBY 1/2 MILE OR LESS
8 = SMOKE OR HAZE
[NO. OF DAYS WITH] [WEATHER - DAYS WITH] 9 = BLOWING SNOW
X = TORNADO
MAX 32 OR BELOW: 0 0.01 INCH OR MORE: 11
MAX 90 OR ABOVE: 2 0.10 INCH OR MORE: 7
MIN 32 OR BELOW: 0 0.50 INCH OR MORE: 3
MIN 0 OR BELOW: 0 1.00 INCH OR MORE: 1
[HDD (BASE 65) ]
TOTAL THIS MO. 0 CLEAR (SCALE 0-3) 17
DPTR FM NORMAL -9 PTCLDY (SCALE 4-7) 13
TOTAL FM JUL 1 3869 CLOUDY (SCALE 8-10) 0
DPTR FM NORMAL -195
[CDD (BASE 65) ]
TOTAL THIS MO. 273
DPTR FM NORMAL 38 [PRESSURE DATA]
TOTAL FM JAN 1 409 HIGHEST SLP 30.25 ON 1
DPTR FM NORMAL 15 LOWEST SLP 29.70 ON 21
[REMARKS]
#FINAL-06-21#