000
CXUS53 KSGF 010800
CF6JLN
PRELIMINARY LOCAL CLIMATOLOGICAL DATA (WS FORM: F-6)
STATION: JOPLIN MO
MONTH: JUNE
YEAR: 2020
LATITUDE: 37 10 N
LONGITUDE: 94 30 W
TEMPERATURE IN F: :PCPN: SNOW: WIND :SUNSHINE: SKY :PK WND
================================================================================
1 2 3 4 5 6A 6B 7 8 9 10 11 12 13 14 15 16 17 18
12Z AVG MX 2MIN
DY MAX MIN AVG DEP HDD CDD WTR SNW DPTH SPD SPD DIR MIN PSBL S-S WX SPD DR
================================================================================
1 83 63 73 2 0 8 0.00 M 0 9.0 18 210 M M 0 23 200
2 84 64 74 2 0 9 0.00 M M 10.3 16 220 M M 0 25 190
3 89 71 80 8 0 15 0.00 M M 11.4 18 200 M M 1 28 210
4 86 65 76 4 0 11 0.40 M M 9.2 37 340 M M 2 13 49 360
5 95 73 84 12 0 19 T M M 5.2 13 20 M M 0 17 50
6 94 73 84 11 0 19 0.00 M M 4.6 12 120 M M 1 16 130
7 91 67 79 6 0 14 0.00 M M 6.5 15 120 M M 0 19 130
8 88 68 78 5 0 13 T M M 6.5 15 80 M M 0 1 21 60
9 93 62 78 4 0 13 T M M 15.7 33 230 M M 5 8 47 230
10 79 58 69 -5 0 4 T M M 14.9 29 300 M M 6 1 43 230
11 86 53 70 -4 0 5 0.00 M M 3.7 12 210 M M 0 16 220
12 89 63 76 1 0 11 0.00 M M 7.8 16 190 M M 1 22 200
13 92 65 79 4 0 14 0.00 M M 5.3 13 160 M M 1 16 170
14 92 68 80 5 0 15 0.00 M M 6.9 12 160 M M 1 16 180
15 91 68 80 4 0 15 0.00 M M 6.8 13 180 M M 1 18 180
16 90 70 80 4 0 15 0.00 M M 8.6 24 220 M M 3 8 32 230
17 90 67 79 3 0 14 0.00 M M 9.8 18 190 M M 1 23 180
18 91 70 81 5 0 16 0.00 M M 10.6 18 190 M M 1 23 180
19 83 69 76 -1 0 11 0.04 M M 8.9 18 270 M M 2 18 26 260
20 82 66 74 -3 0 9 T M M 7.5 17 210 M M 2 22 230
21 91 65 78 1 0 13 0.00 M M 10.0 23 180 M M 1 29 190
22 91 68 80 3 0 15 T M M 6.2 14 160 M M 3 8 18 170
23 85 63 74 -4 0 9 0.00 M M 5.7 18 360 M M 1 24 350
24 91 57 74 -4 0 9 0.00 M M 3.5 8 170 M M 1 M M
25 93 67 80 2 0 15 0.00 M M 10.0 20 180 M M 0 29 150
26 92 71 82 4 0 17 0.00 M M 12.0 22 190 M M 3 32 180
27 89 73 81 3 0 16 0.27 M M 14.9 28 210 M M 3 138 41 210
28 91 76 84 5 0 19 T M M 15.6 26 190 M M 3 36 200
29 92 75 84 5 0 19 0.00 M M 14.1 24 190 M M 4 32 190
30 91 74 83 4 0 18 0.92 M M 13.7 25 170 M M 4 13 33 180
================================================================================
SM 2674 2012 0 400 1.63 M 274.9 M 51
================================================================================
AV 89.1 67.1 9.2 FASTST M M 2 MAX(MPH)
MISC ----> # 37 340 # 49 360
================================================================================
NOTES:
# LAST OF SEVERAL OCCURRENCES
COLUMN 17 PEAK WIND IN M.P.H.
PRELIMINARY LOCAL CLIMATOLOGICAL DATA (WS FORM: F-6) , PAGE 2
STATION: JOPLIN MO
MONTH: JUNE
YEAR: 2020
LATITUDE: 37 10 N
LONGITUDE: 94 30 W
[TEMPERATURE DATA] [PRECIPITATION DATA] SYMBOLS USED IN COLUMN 16
AVERAGE MONTHLY: 78.1 TOTAL FOR MONTH: 1.63 1 = FOG OR MIST
DPTR FM NORMAL: 2.6 DPTR FM NORMAL: -4.23 2 = FOG REDUCING VISIBILITY
HIGHEST: 95 ON 5 GRTST 24HR 0.92 ON 30-30 TO 1/4 MILE OR LESS
LOWEST: 53 ON 11 3 = THUNDER
SNOW, ICE PELLETS, HAIL 4 = ICE PELLETS
TOTAL MONTH: M 5 = HAIL
GRTST 24HR M ON M 6 = FREEZING RAIN OR DRIZZLE
GRTST DEPTH: 0 7 = DUSTSTORM OR SANDSTORM:
VSBY 1/2 MILE OR LESS
8 = SMOKE OR HAZE
[NO. OF DAYS WITH] [WEATHER - DAYS WITH] 9 = BLOWING SNOW
X = TORNADO
MAX 32 OR BELOW: 0 0.01 INCH OR MORE: 4
MAX 90 OR ABOVE: 18 0.10 INCH OR MORE: 3
MIN 32 OR BELOW: 0 0.50 INCH OR MORE: 1
MIN 0 OR BELOW: 0 1.00 INCH OR MORE: 0
[HDD (BASE 65) ]
TOTAL THIS MO. 0 CLEAR (SCALE 0-3) 26
DPTR FM NORMAL -5 PTCLDY (SCALE 4-7) 4
TOTAL FM JUL 1 3964 CLOUDY (SCALE 8-10) 0
DPTR FM NORMAL -110
[CDD (BASE 65) ]
TOTAL THIS MO. 400
DPTR FM NORMAL 82 [PRESSURE DATA]
TOTAL FM JAN 1 518 HIGHEST SLP M ON M
DPTR FM NORMAL 20 LOWEST SLP 29.42 ON 9
[REMARKS]
#FINAL-06-20#