000
CXUS51 KCTP 010800
CF6JST
PRELIMINARY LOCAL CLIMATOLOGICAL DATA (WS FORM: F-6)
STATION: JOHNSTOWN
MONTH: AUGUST
YEAR: 2023
LATITUDE: 40 18 N
LONGITUDE: 78 50 W
TEMPERATURE IN F: :PCPN: SNOW: WIND :SUNSHINE: SKY :PK WND
================================================================================
1 2 3 4 5 6A 6B 7 8 9 10 11 12 13 14 15 16 17 18
12Z AVG MX 2MIN
DY MAX MIN AVG DEP HDD CDD WTR SNW DPTH SPD SPD DIR MIN PSBL S-S WX SPD DR
================================================================================
1 70 54 62 -8 3 0 0.00 M M 5.7 15 310 M M 1 19 320
2 75 50 63 -7 2 0 0.00 M M 3.5 9 170 M M 1 8 14 140
3 80 60 70 0 0 5 0.20 M M 6.0 14 160 M M 3 13 17 170
4 80 63 72 2 0 7 0.21 M M 6.9 24 330 M M 2 13 36 320
5 79 58 69 -1 0 4 0.00 M M 3.7 9 310 M M 1 18 12 350
6 82 63 73 3 0 8 0.26 M M 6.6 22 180 M M 2 1 29 180
7 80 63 72 2 0 7 0.20 M M 10.3 23 290 M M 5 13 28 210
8 75 58 67 -3 0 2 0.07 M M 14.1 26 310 M M 7 1 36 290
9 77 60 69 -1 0 4 0.04 M M 8.2 15 250 M M 3 23 260
10 73 65 69 0 0 4 0.40 M M 7.3 17 320 M M 7 13 23 320
11 76 63 70 1 0 5 T M M 8.7 21 290 M M 6 1 27 280
12 81 60 71 2 0 6 0.90 M M 7.2 18 240 M M 7 13 24 270
13 78 65 72 3 0 7 0.02 M M 8.8 20 290 M M 6 12 25 290
14 76 66 71 2 0 6 1.41 M M 4.8 15 250 M M 6 1 20 260
15 76 63 70 1 0 5 0.25 M M 9.9 17 260 M M 8 12 24 250
16 73 61 67 -2 0 2 0.04 M M 6.5 14 310 M M 7 1 18 300
17 79 60 70 1 0 5 0.01 M M 8.0 21 230 M M 6 27 220
18 69 54 62 -7 3 0 0.05 M M 12.3 22 280 M M 6 1 31 270
19 72 52 62 -6 3 0 0.00 M M 8.4 20 290 M M 0 26 290
20 80 55 68 0 0 3 0.00 M M 5.9 9 290 M M 0 13 200
21 82 64 73 5 0 8 0.00 M M 6.9 14 290 M M 2 8 19 300
22 74 59 67 -1 0 2 0.00 M M 5.2 14 10 M M 1 1 17 50
23 71 54 63 -5 2 0 0.02 M M 4.5 15 170 M M 5 3 18 150
24 80 64 72 4 0 7 0.00 M M 7.6 14 250 M M 6 19 260
25 80 65 73 5 0 8 0.56 M M 8.8 18 290 M M 6 13 26 290
26 79 65 72 5 0 7 0.00 M M 6.6 13 300 M M 7 1 16 320
27 78 59 69 2 0 4 0.01 M M 4.8 10 350 M M 5 12 16 330
28 75 62 69 2 0 4 0.00 M M 7.5 16 160 M M 7 1 22 180
29 76 64 70 3 0 5 0.50 M M 6.1 12 190 M M 8 123 16 140
30 70 58 64 -2 1 0 0.00 M M 9.9 20 310 M M 6 1 25 290
31 72 54 63 -3 2 0 0.00 M M 7.5 15 40 M M 3 20 10
================================================================================
SM 2368 1861 16 125 5.15 M 228.2 M 140
================================================================================
AV 76.4 60.0 7.4 FASTST M M 5 MAX(MPH)
MISC ----> 26 310 # 36 320
================================================================================
NOTES:
# LAST OF SEVERAL OCCURRENCES
COLUMN 17 PEAK WIND IN M.P.H.
PRELIMINARY LOCAL CLIMATOLOGICAL DATA (WS FORM: F-6) , PAGE 2
STATION: JOHNSTOWN
MONTH: AUGUST
YEAR: 2023
LATITUDE: 40 18 N
LONGITUDE: 78 50 W
[TEMPERATURE DATA] [PRECIPITATION DATA] SYMBOLS USED IN COLUMN 16
AVERAGE MONTHLY: 68.2 TOTAL FOR MONTH: 5.15 1 = FOG OR MIST
DPTR FM NORMAL: -0.4 DPTR FM NORMAL: 1.20 2 = FOG REDUCING VISIBILITY
HIGHEST: 82 ON 21, 6 GRTST 24HR 1.66 ON 14-15 TO 1/4 MILE OR LESS
LOWEST: 50 ON 2 3 = THUNDER
SNOW, ICE PELLETS, HAIL 4 = ICE PELLETS
TOTAL MONTH: M 5 = HAIL
GRTST 24HR M ON M 6 = FREEZING RAIN OR DRIZZLE
GRTST DEPTH: M ON M 7 = DUSTSTORM OR SANDSTORM:
VSBY 1/2 MILE OR LESS
8 = SMOKE OR HAZE
[NO. OF DAYS WITH] [WEATHER - DAYS WITH] 9 = BLOWING SNOW
X = TORNADO
MAX 32 OR BELOW: 0 0.01 INCH OR MORE: 18
MAX 90 OR ABOVE: 0 0.10 INCH OR MORE: 10
MIN 32 OR BELOW: 0 0.50 INCH OR MORE: 4
MIN 0 OR BELOW: 0 1.00 INCH OR MORE: 1
[HDD (BASE 65) ]
TOTAL THIS MO. 16 CLEAR (SCALE 0-3) 12
DPTR FM NORMAL -8 PTCLDY (SCALE 4-7) 18
TOTAL FM JUL 1 16 CLOUDY (SCALE 8-10) 1
DPTR FM NORMAL -21
[CDD (BASE 65) ]
TOTAL THIS MO. 125
DPTR FM NORMAL -9 [PRESSURE DATA]
TOTAL FM JAN 1 383 HIGHEST SLP 30.26 ON 2
DPTR FM NORMAL -45 LOWEST SLP 29.68 ON 10
[REMARKS]
#FINAL-08-23#