000
CXUS53 KGID 012257
CF6JYR
PRELIMINARY LOCAL CLIMATOLOGICAL DATA (WS FORM: F-6)
STATION: YORK NE
MONTH: AUGUST
YEAR: 2023
LATITUDE: 40 54 N
LONGITUDE: 97 37 W
TEMPERATURE IN F: :PCPN: SNOW: WIND :SUNSHINE: SKY :PK WND
================================================================================
1 2 3 4 5 6A 6B 7 8 9 10 11 12 13 14 15 16 17 18
12Z AVG MX 2MIN
DY MAX MIN AVG DEP HDD CDD WTR SNW DPTH SPD SPD DIR MIN PSBL S-S WX SPD DR
================================================================================
1 77 66 72 M 0 7 0.00 M M 7.6 13 90 M M 8 1 18 90
2 82 72 77 M 0 12 0.04 M M 7.3 14 130 M M 7 1 22 50
3 81 70 76 M 0 11 0.00 M M 6.1 18 60 M M 7 1 M M
4 81 66 74 M 0 9 0.00 M M 4.2 15 220 M M 6 12 21 220
5 84 61 73 M 0 8 0.00 M M 7.4 14 270 M M 1 24 100
6 73 63 68 M 0 3 0.00 M M 13.3 18 310 M M 7 29 290
7 77 59 68 M 0 3 0.02 M M 5.0 8 240 M M 1 3 15 10
8 81 59 70 M 0 5 0.22 M M 5.2 20 250 M M 3 3 23 250
9 79 63 71 M 0 6 0.85 M M 4.3 13 290 M M 2 1 29 290
10 84 61 73 M 0 8 0.00 M M 6.3 14 170 M M 0 1 16 170
11 88 64 76 M 0 11 T M M 6.2 14 100 M M 0 15 360
12 82 63 73 M 0 8 0.00 M M 6.5 9 140 M M 1 13 160
13 77 57 67 M 0 2 0.28 M M 8.8 24 10 M M 6 1 31 10
14 73 55 64 M 1 0 0.00 M M 11.5 20 320 M M 3 28 330
15 81 52 67 M 0 2 0.00 M M 4.4 9 170 M M 1 M M
16 90 59 75 M 0 10 0.00 M M 10.8 18 180 M M 0 22 200
17 79 57 68 M 0 3 0.00 M M 8.3 15 10 M M 1 23 360
18 86 55 71 M 0 6 0.00 M M 11.0 18 190 M M 1 25 190
19 95 68 82 M 0 17 0.00 M M 6.3 12 20 M M 0 M M
20 90 73 82 M 0 17 0.00 M M 8.6 14 20 M M 4 1 15 360
21 99 72 86 M 0 21 0.00 M M 8.0 12 130 M M 2 12 17 190
22 99 73 86 M 0 21 0.00 M M 8.1 15 170 M M 0 M M
23 99 72 86 M 0 21 0.00 M M 8.2 12 230 M M 0 12 220
24 99 68 84 M 0 19 0.00 M M 7.8 12 210 M M 0 14 210
25 93 70 82 M 0 17 0.15 M M 9.1 23 10 M M 3 1 30 10
26 77 59 68 M 0 3 0.16 M M 9.8 20 10 M M 3 1 31 340
27 79 54 67 M 0 2 0.00 M M 3.4 7 20 M M 1 1 12 30
28 82 59 71 M 0 6 0.00 M M 7.2 15 240 M M 1 18 230
29 86 61 74 M 0 9 0.00 M M 6.3 13 30 M M 0 18 40
30 84 57 71 M 0 6 0.00 M M 6.2 14 140 M M 1 1 16 210
31 86 61 74 M 0 9 0.00 M M 13.0 20 170 M M 1 25 170
================================================================================
SM 2623 1949 1 282 1.72 M 236.2 M 71
================================================================================
AV 84.6 62.9 7.6 FASTST M M 2 MAX(MPH)
MISC ----> 24 10 # M M
================================================================================
NOTES:
# LAST OF SEVERAL OCCURRENCES
COLUMN 17 PEAK WIND IN M.P.H.
PRELIMINARY LOCAL CLIMATOLOGICAL DATA (WS FORM: F-6) , PAGE 2
STATION: YORK NE
MONTH: AUGUST
YEAR: 2023
LATITUDE: 40 54 N
LONGITUDE: 97 37 W
[TEMPERATURE DATA] [PRECIPITATION DATA] SYMBOLS USED IN COLUMN 16
AVERAGE MONTHLY: 73.7 TOTAL FOR MONTH: 1.72 1 = FOG OR MIST
DPTR FM NORMAL: M DPTR FM NORMAL: M 2 = FOG REDUCING VISIBILITY
HIGHEST: 99 ON 24,23 GRTST 24HR 0.85 ON 9- 9 TO 1/4 MILE OR LESS
LOWEST: 52 ON 15 3 = THUNDER
SNOW, ICE PELLETS, HAIL 4 = ICE PELLETS
TOTAL MONTH: M 5 = HAIL
GRTST 24HR M ON M 6 = FREEZING RAIN OR DRIZZLE
GRTST DEPTH: M ON M 7 = DUSTSTORM OR SANDSTORM:
VSBY 1/2 MILE OR LESS
8 = SMOKE OR HAZE
[NO. OF DAYS WITH] [WEATHER - DAYS WITH] 9 = BLOWING SNOW
X = TORNADO
MAX 32 OR BELOW: 0 0.01 INCH OR MORE: 7
MAX 90 OR ABOVE: 8 0.10 INCH OR MORE: 5
MIN 32 OR BELOW: 0 0.50 INCH OR MORE: 1
MIN 0 OR BELOW: 0 1.00 INCH OR MORE: 0
[HDD (BASE 65) ]
TOTAL THIS MO. 1 CLEAR (SCALE 0-3) 22
DPTR FM NORMAL M PTCLDY (SCALE 4-7) 8
TOTAL FM JUL 1 3 CLOUDY (SCALE 8-10) 1
DPTR FM NORMAL M
[CDD (BASE 65) ]
TOTAL THIS MO. 282
DPTR FM NORMAL M [PRESSURE DATA]
TOTAL FM JAN 1 831 HIGHEST SLP M ON M
DPTR FM NORMAL M LOWEST SLP M ON M
[REMARKS]
#FINAL-08-23#