000
CXUS53 KGRR 011316
CF6LAN
PRELIMINARY LOCAL CLIMATOLOGICAL DATA (WS FORM: F-6)
STATION: LANSING
MONTH: DECEMBER
YEAR: 2022
LATITUDE: 42 46 N
LONGITUDE: 84 36 W
TEMPERATURE IN F: :PCPN: SNOW: WIND :SUNSHINE: SKY :PK WND
================================================================================
1 2 3 4 5 6A 6B 7 8 9 10 11 12 13 14 15 16 17 18
12Z AVG MX 2MIN
DY MAX MIN AVG DEP HDD CDD WTR SNW DPTH SPD SPD DIR MIN PSBL S-S WX SPD DR
================================================================================
1 36 26 31 -3 34 0 0.00 0.0 0 11.2 29 270 M M 5 40 270
2 53 32 43 10 22 0 0.00 0.0 0 15.6 31 220 M M 10 42 220
3 50 22 36 3 29 0 0.11 T 0 16.0 37 280 M M 8 1 55 280
4 38 20 29 -4 36 0 0.00 0.0 0 11.2 22 250 M M 0 30 230
5 41 28 35 3 30 0 0.00 0.0 0 10.0 16 210 M M 5 23 210
6 42 37 40 8 25 0 T 0.0 0 4.9 15 110 M M 10 18 19 100
7 49 37 43 11 22 0 0.00 0.0 0 4.0 13 330 M M 8 18 17 340
8 38 31 35 3 30 0 0.00 0.0 0 6.9 12 40 M M 10 14 50
9 35 28 32 1 33 0 0.09 0.9 0 10.9 17 60 M M 9 1 22 70
10 35 32 34 3 31 0 0.07 0.6 1 5.0 13 70 M M 10 18 16 70
11 37 32 35 4 30 0 T T 1 1.5 6 320 M M 10 18 9 310
12 35 32 34 4 31 0 T T 0 4.8 12 80 M M 10 8 16 90
13 36 29 33 3 32 0 0.00 0.0 0 9.8 14 100 M M 6 20 90
14 40 30 35 5 30 0 T 0.0 0 14.7 23 90 M M 7 30 100
15 42 34 38 8 27 0 0.15 T 0 13.8 28 110 M M 10 18 40 120
16 34 28 31 2 34 0 0.02 0.9 0 11.0 18 230 M M 10 18 25 240
17 29 26 28 -1 37 0 0.01 0.3 1 14.1 21 220 M M 10 8 28 210
18 28 24 26 -3 39 0 0.01 0.3 2 14.4 22 260 M M 10 8 30 240
19 26 22 24 -5 41 0 0.00 0.0 T 7.2 16 260 M M 10 22 290
20 34 24 29 1 36 0 0.00 0.0 T 9.0 14 280 M M 10 20 270
21 29 14 22 -6 43 0 0.00 0.0 T 4.6 14 300 M M 4 8 18 300
22 38 19 29 1 36 0 0.26 3.2 T 8.4 25 270 M M 9 18 34 280
23 19 6 13 -15 52 0 0.27 5.9 4 25.7 40 260 M M 10 18 50 270
24 17 3 10 -17 55 0 0.16 4.0 7 19.3 31 260 M M 10 18 43 250
25 18 13 16 -11 49 0 0.01 0.4 9 14.8 24 260 M M 10 8 32 280
26 22 14 18 -9 47 0 T 0.1 7 6.7 13 220 M M 10 8 16 230
27 28 18 23 -4 42 0 T T 6 12.9 24 180 M M 8 8 31 180
28 43 28 36 10 29 0 0.00 0.0 6 15.4 24 190 M M 1 35 170
29 53 39 46 20 19 0 0.00 0.0 4 12.3 18 210 M M 6 18 27 190
30 56 41 49 23 16 0 0.06 0.0 T 10.3 22 210 M M 10 1 31 200
31 41 31 36 10 29 0 0.03 0.0 0 5.2 13 250 M M 9 18 15 280
================================================================================
SM 1122 800 1046 0 1.25 16.6 331.6 M 255
================================================================================
AV 36.2 25.8 10.7 FASTST M M 8 MAX(MPH)
MISC ----> 40 260 55 280
================================================================================
NOTES:
# LAST OF SEVERAL OCCURRENCES
COLUMN 17 PEAK WIND IN M.P.H.
PRELIMINARY LOCAL CLIMATOLOGICAL DATA (WS FORM: F-6) , PAGE 2
STATION: LANSING
MONTH: DECEMBER
YEAR: 2022
LATITUDE: 42 46 N
LONGITUDE: 84 36 W
[TEMPERATURE DATA] [PRECIPITATION DATA] SYMBOLS USED IN COLUMN 16
AVERAGE MONTHLY: 31.0 TOTAL FOR MONTH: 1.25 1 = FOG OR MIST
DPTR FM NORMAL: 1.5 DPTR FM NORMAL: -0.65 2 = FOG REDUCING VISIBILITY
HIGHEST: 56 ON 30 GRTST 24HR 0.33 ON 22-23 TO 1/4 MILE OR LESS
LOWEST: 3 ON 24 3 = THUNDER
SNOW, ICE PELLETS, HAIL 4 = ICE PELLETS
TOTAL MONTH: 16.6 INCHES 5 = HAIL
GRTST 24HR 5.9 ON 23-23 6 = FREEZING RAIN OR DRIZZLE
GRTST DEPTH: 9 ON 25 7 = DUSTSTORM OR SANDSTORM:
VSBY 1/2 MILE OR LESS
8 = SMOKE OR HAZE
[NO. OF DAYS WITH] [WEATHER - DAYS WITH] 9 = BLOWING SNOW
X = TORNADO
MAX 32 OR BELOW: 9 0.01 INCH OR MORE: 13
MAX 90 OR ABOVE: 0 0.10 INCH OR MORE: 5
MIN 32 OR BELOW: 26 0.50 INCH OR MORE: 0
MIN 0 OR BELOW: 0 1.00 INCH OR MORE: 0
[HDD (BASE 65) ]
TOTAL THIS MO. 1046 CLEAR (SCALE 0-3) 2
DPTR FM NORMAL -54 PTCLDY (SCALE 4-7) 8
TOTAL FM JUL 1 2245 CLOUDY (SCALE 8-10) 21
DPTR FM NORMAL -237
[CDD (BASE 65) ]
TOTAL THIS MO. 0
DPTR FM NORMAL 0 [PRESSURE DATA]
TOTAL FM JAN 1 918 HIGHEST SLP 30.52 ON 21
DPTR FM NORMAL 261 LOWEST SLP 29.47 ON 23
[REMARKS]
#FINAL-12-22#