000
CXUS53 KGRR 011428
CF6LAN
PRELIMINARY LOCAL CLIMATOLOGICAL DATA (WS FORM: F-6)
STATION: LANSING
MONTH: FEBRUARY
YEAR: 2021
LATITUDE: 42 46 N
LONGITUDE: 84 36 W
TEMPERATURE IN F: :PCPN: SNOW: WIND :SUNSHINE: SKY :PK WND
================================================================================
1 2 3 4 5 6A 6B 7 8 9 10 11 12 13 14 15 16 17 18
12Z AVG MX 2MIN
DY MAX MIN AVG DEP HDD CDD WTR SNW DPTH SPD SPD DIR MIN PSBL S-S WX SPD DR
================================================================================
1 30 15 23 -1 42 0 0.00 0.0 6 8.9 20 30 M M 4 28 40
2 32 11 22 -2 43 0 0.00 0.0 6 8.2 17 330 M M 0 24 360
3 36 12 24 0 41 0 0.00 0.0 5 4.7 12 300 M M 0 14 300
4 34 14 24 0 41 0 0.16 2.8 5 12.7 25 160 M M 4 128 36 140
5 34 15 25 1 40 0 0.09 3.5 9 20.7 33 240 M M 10 128 50 240
6 20 14 17 -7 48 0 0.03 M 9 14.8 24 260 M M 10 18 32 250
7 14 0 7 -17 58 0 0.01 0.7 10 10.1 22 270 M M 7 18 27 260
8 18 3 11 -13 54 0 0.04 0.6 10 4.6 12 190 M M 9 18 15 220
9 19 5 12 -13 53 0 0.01 0.4 10 5.2 16 270 M M 5 128 19 260
10 19 0 10 -15 55 0 T T 10 2.4 10 330 M M 7 14 320
11 18 0 9 -16 56 0 0.00 0.0 10 5.5 13 10 M M 4 17 340
12 25 15 20 -5 45 0 0.03 0.2 9 6.0 12 60 M M 8 18 16 60
13 21 8 15 -10 50 0 0.05 1.4 9 4.5 9 30 M M 9 128 11 50
14 18 6 12 -14 53 0 0.04 0.5 10 6.9 17 260 M M 10 12 24 250
15 12 7 10 -16 55 0 0.33 5.5 10 11.8 25 40 M M 8 18 36 40
16 18 -2 8 -18 57 0 0.18 4.1 16 7.6 17 350 M M 7 189 27 20
17 22 -9 7 -19 58 0 0.00 0.0 16 2.2 9 100 M M 1 18 10 130
18 22 6 14 -12 51 0 0.04 1.2 15 5.7 13 40 M M 8 1 17 40
19 27 14 21 -6 44 0 0.04 0.8 16 7.0 20 260 M M 9 18 25 260
20 27 12 20 -7 45 0 0.02 0.5 15 8.5 15 230 M M 5 18 20 260
21 31 6 19 -8 46 0 0.05 0.8 15 13.4 24 130 M M 3 18 35 130
22 35 29 32 5 33 0 0.09 0.6 14 16.7 30 270 M M 8 18 39 260
23 45 34 40 12 25 0 T 0.2 13 13.9 24 260 M M 5 18 32 260
24 46 28 37 9 28 0 0.00 0.0 9 12.4 30 260 M M 4 8 40 270
25 39 16 28 0 37 0 0.00 0.0 7 7.4 22 250 M M 1 33 260
26 40 19 30 2 35 0 0.00 0.0 6 9.6 21 150 M M 2 1 28 150
27 50 32 41 12 24 0 0.09 0.9 6 8.5 17 220 M M 5 18 22 160
28 58 32 45 16 20 0 T 0.0 4 11.7 26 270 M M 6 18 38 270
================================================================================
SM 810 342 1237 0 1.30 24.7 251.6 M 159
================================================================================
AV 28.9 12.2 9.0 FASTST M M 6 MAX(MPH)
MISC ----> 33 240 50 240
================================================================================
NOTES:
# LAST OF SEVERAL OCCURRENCES
COLUMN 17 PEAK WIND IN M.P.H.
PRELIMINARY LOCAL CLIMATOLOGICAL DATA (WS FORM: F-6) , PAGE 2
STATION: LANSING
MONTH: FEBRUARY
YEAR: 2021
LATITUDE: 42 46 N
LONGITUDE: 84 36 W
[TEMPERATURE DATA] [PRECIPITATION DATA] SYMBOLS USED IN COLUMN 16
AVERAGE MONTHLY: 20.6 TOTAL FOR MONTH: 1.30 1 = FOG OR MIST
DPTR FM NORMAL: -5.3 DPTR FM NORMAL: -0.17 2 = FOG REDUCING VISIBILITY
HIGHEST: 58 ON 28 GRTST 24HR 0.45 ON 15-16 TO 1/4 MILE OR LESS
LOWEST: -9 ON 17 3 = THUNDER
SNOW, ICE PELLETS, HAIL 4 = ICE PELLETS
TOTAL MONTH: 26.8 INCHES 5 = HAIL
GRTST 24HR 5.5 ON 15-15 6 = FREEZING RAIN OR DRIZZLE
GRTST DEPTH: 16 ON 19,17 7 = DUSTSTORM OR SANDSTORM:
VSBY 1/2 MILE OR LESS
8 = SMOKE OR HAZE
[NO. OF DAYS WITH] [WEATHER - DAYS WITH] 9 = BLOWING SNOW
X = TORNADO
MAX 32 OR BELOW: 18 0.01 INCH OR MORE: 17
MAX 90 OR ABOVE: 0 0.10 INCH OR MORE: 3
MIN 32 OR BELOW: 27 0.50 INCH OR MORE: 0
MIN 0 OR BELOW: 5 1.00 INCH OR MORE: 0
[HDD (BASE 65) ]
TOTAL THIS MO. 1237 CLEAR (SCALE 0-3) 6
DPTR FM NORMAL 142 PTCLDY (SCALE 4-7) 15
TOTAL FM JUL 1 4749 CLOUDY (SCALE 8-10) 7
DPTR FM NORMAL -185
[CDD (BASE 65) ]
TOTAL THIS MO. 0
DPTR FM NORMAL 0 [PRESSURE DATA]
TOTAL FM JAN 1 0 HIGHEST SLP 30.50 ON 11
DPTR FM NORMAL 0 LOWEST SLP 29.24 ON 5
[REMARKS]
#FINAL-02-21#
SNOWFALL DATA IS MISSING FOR FEBRUARY 6, 2021.