000
CXUS54 KOUN 010910
CF6LAW
PRELIMINARY LOCAL CLIMATOLOGICAL DATA (WS FORM: F-6)
STATION: LAWTON
MONTH: NOVEMBER
YEAR: 2023
LATITUDE: 34 34 N
LONGITUDE: 98 25 W
TEMPERATURE IN F: :PCPN: SNOW: WIND :SUNSHINE: SKY :PK WND
================================================================================
1 2 3 4 5 6A 6B 7 8 9 10 11 12 13 14 15 16 17 18
12Z AVG MX 2MIN
DY MAX MIN AVG DEP HDD CDD WTR SNW DPTH SPD SPD DIR MIN PSBL S-S WX SPD DR
================================================================================
1 56 24 40 -17 25 0 0.00 0.0 0 5.6 15 190 M M 0 20 190
2 67 30 49 -7 16 0 0.00 0.0 0 8.7 21 170 M M 0 28 190
3 74 33 54 -2 11 0 0.00 0.0 0 7.4 20 170 M M 0 26 170
4 76 50 63 7 2 0 0.00 0.0 0 8.0 15 170 M M 1 23 170
5 75 47 61 6 4 0 0.00 0.0 0 4.8 17 190 M M 1 12 25 190
6 84 49 67 12 0 2 0.00 0.0 0 6.7 15 190 M M 0 1 25 230
7 89 46 68 14 0 3 0.00 0.0 0 7.1 15 190 M M 0 1 21 180
8 90 49 70 16 0 5 0.00 0.0 0 9.8 30 20 M M 0 1 40 20
9 60 51 56 2 9 0 0.02 0.0 0 16.9 28 20 M M 7 38 20
10 65 41 53 0 12 0 0.00 0.0 0 8.9 20 80 M M 2 8 29 60
11 64 42 53 0 12 0 T 0.0 0 3.3 12 130 M M 8 17 120
12 69 35 52 0 13 0 0.00 0.0 0 2.0 10 190 M M 0 14 180
13 72 37 55 3 10 0 0.00 0.0 0 2.8 12 130 M M 0 1 18 100
14 69 34 52 0 13 0 0.00 0.0 0 3.1 13 160 M M 0 1 18 180
15 71 37 54 3 11 0 0.00 0.0 0 2.3 12 160 M M 0 17 180
16 71 39 55 4 10 0 0.00 0.0 0 7.9 21 160 M M 0 28 160
17 59 40 50 0 15 0 0.00 0.0 0 8.2 21 360 M M 7 1 26 350
18 69 35 52 2 13 0 0.00 0.0 0 3.0 10 170 M M 0 1 15 130
19 63 51 57 7 8 0 0.28 0.0 0 11.0 17 140 M M 9 13 29 180
20 66 51 59 10 6 0 0.01 0.0 0 12.7 25 350 M M 8 1 37 350
21 59 31 45 -4 20 0 0.00 0.0 0 13.5 26 340 M M 6 38 360
22 62 28 45 -4 20 0 0.00 0.0 0 4.3 10 190 M M 0 18 210
23 68 29 49 1 16 0 0.00 0.0 0 5.0 14 130 M M 0 24 120
24 57 38 48 0 17 0 0.00 0.0 0 12.4 18 10 M M 0 25 40
25 50 34 42 -5 23 0 0.21 0.0 0 9.5 21 360 M M 10 1 26 360
26 50 25 38 -9 27 0 0.00 0.0 0 6.9 18 360 M M 1 26 340
27 55 21 38 -9 27 0 0.00 0.0 0 2.2 10 250 M M 0 15 250
28 62 23 43 -3 22 0 0.00 0.0 0 3.1 14 190 M M 0 20 190
29 65 27 46 0 19 0 0.00 0.0 0 6.1 17 170 M M 1 26 170
30 58 39 49 3 16 0 0.07 M M 8.8 18 280 M M 8 18 33 280
================================================================================
SM 1995 1116 397 10 0.59 0.0 212.0 M 69
================================================================================
AV 66.5 37.2 7.1 FASTST M M 2 MAX(MPH)
MISC ----> 30 20 40 20
================================================================================
NOTES:
# LAST OF SEVERAL OCCURRENCES
COLUMN 17 PEAK WIND IN M.P.H.
PRELIMINARY LOCAL CLIMATOLOGICAL DATA (WS FORM: F-6) , PAGE 2
STATION: LAWTON
MONTH: NOVEMBER
YEAR: 2023
LATITUDE: 34 34 N
LONGITUDE: 98 25 W
[TEMPERATURE DATA] [PRECIPITATION DATA] SYMBOLS USED IN COLUMN 16
AVERAGE MONTHLY: 51.9 TOTAL FOR MONTH: 0.59 1 = FOG OR MIST
DPTR FM NORMAL: 0.6 DPTR FM NORMAL: -0.91 2 = FOG REDUCING VISIBILITY
HIGHEST: 90 ON 8 GRTST 24HR 0.29 ON 19-20 TO 1/4 MILE OR LESS
LOWEST: 21 ON 27 3 = THUNDER
SNOW, ICE PELLETS, HAIL 4 = ICE PELLETS
TOTAL MONTH: 0.0 INCH 5 = HAIL
GRTST 24HR 0.0 6 = FREEZING RAIN OR DRIZZLE
GRTST DEPTH: 0 7 = DUSTSTORM OR SANDSTORM:
VSBY 1/2 MILE OR LESS
8 = SMOKE OR HAZE
[NO. OF DAYS WITH] [WEATHER - DAYS WITH] 9 = BLOWING SNOW
X = TORNADO
MAX 32 OR BELOW: 0 0.01 INCH OR MORE: 5
MAX 90 OR ABOVE: 1 0.10 INCH OR MORE: 2
MIN 32 OR BELOW: 9 0.50 INCH OR MORE: 0
MIN 0 OR BELOW: 0 1.00 INCH OR MORE: 0
[HDD (BASE 65) ]
TOTAL THIS MO. 397 CLEAR (SCALE 0-3) 22
DPTR FM NORMAL -25 PTCLDY (SCALE 4-7) 5
TOTAL FM JUL 1 547 CLOUDY (SCALE 8-10) 3
DPTR FM NORMAL -21
[CDD (BASE 65) ]
TOTAL THIS MO. 10
DPTR FM NORMAL 4 [PRESSURE DATA]
TOTAL FM JAN 1 2640 HIGHEST SLP 30.54 ON 1
DPTR FM NORMAL 319 LOWEST SLP 29.53 ON 20
[REMARKS]
#FINAL-11-23#