000
CXUS56 KLOX 020214
CF6LAX
PRELIMINARY LOCAL CLIMATOLOGICAL DATA (WS FORM: F-6)
STATION: LOS ANGELES INTL AIRPORT CA
MONTH: OCTOBER
YEAR: 2023
LATITUDE: 33 55 N
LONGITUDE: 118 24 W
TEMPERATURE IN F: :PCPN: SNOW: WIND :SUNSHINE: SKY :PK WND
================================================================================
1 2 3 4 5 6A 6B 7 8 9 10 11 12 13 14 15 16 17 18
12Z AVG MX 2MIN
DY MAX MIN AVG DEP HDD CDD WTR SNW DPTH SPD SPD DIR MIN PSBL S-S WX SPD DR
================================================================================
1 69 58 64 -5 1 0 0.00 M M 7.1 13 270 M M 5 19 210
2 70 54 62 -6 3 0 0.00 M M 8.2 17 270 M M 2 8 24 240
3 77 58 68 0 0 3 0.00 M M 6.9 17 270 M M 1 22 280
4 81 60 71 3 0 6 0.00 M M 6.5 17 260 M M 0 1 20 250
5 91 62 77 9 0 12 0.00 M M 7.3 16 260 M M 0 19 250
6 84 62 73 5 0 8 0.00 M M 6.2 16 260 M M 1 12 19 270
7 79 62 71 3 0 6 0.00 M M 4.7 14 260 M M 4 18 17 280
8 71 61 66 -2 0 1 0.00 M M 8.1 17 250 M M 8 128 22 270
9 69 61 65 -3 0 0 0.00 M M 6.9 17 260 M M 7 18 21 270
10 73 60 67 -1 0 2 0.00 M M 6.5 14 230 M M 4 1 19 240
11 72 62 67 -1 0 2 0.00 M M 8.3 22 270 M M 2 24 260
12 75 59 67 -1 0 2 0.00 M M 7.6 18 270 M M 2 22 280
13 75 60 68 1 0 3 0.00 M M 5.8 16 250 M M 5 20 280
14 73 60 67 0 0 2 0.00 M M 5.7 15 250 M M 1 1 18 220
15 79 59 69 2 0 4 0.00 M M 6.1 16 260 M M 0 20 280
16 76 59 68 1 0 3 0.00 M M 6.2 17 260 M M 2 1 19 250
17 72 62 67 0 0 2 0.00 M M 6.0 14 270 M M 5 18 17 270
18 70 62 66 -1 0 1 0.00 M M 5.5 14 270 M M 7 128 18 280
19 72 61 67 0 0 2 0.00 M M 7.4 14 270 M M 6 128 18 280
20 75 63 69 2 0 4 0.00 M M 7.2 18 240 M M 2 18 22 260
21 77 60 69 2 0 4 0.00 M M 6.9 23 260 M M 1 1 28 260
22 73 57 65 -1 0 0 0.00 M M 7.4 20 230 M M 4 1 23 250
23 73 62 68 2 0 3 0.00 M M 6.6 15 260 M M 5 19 260
24 73 58 66 0 0 1 0.00 M M 6.3 15 270 M M 5 20 220
25 71 63 67 1 0 2 T M M 8.7 15 250 M M 8 19 220
26 70 60 65 -1 0 0 0.00 M M 7.1 16 260 M M 4 8 22 250
27 72 57 65 -1 0 0 0.00 M M 6.6 17 270 M M 4 21 250
28 72 54 63 -3 2 0 0.00 M M 6.5 22 270 M M 1 26 260
29 79 51 65 -1 0 0 0.00 M M 4.9 15 200 M M 0 18 200
30 80 48 64 -2 1 0 0.00 M M 4.8 15 250 M M 2 8 21 210
31 83 57 70 5 0 5 0.00 M M 4.4 13 280 M M 2 19 280
================================================================================
SM 2326 1832 7 78 T M 204.4 M 100
================================================================================
AV 75.0 59.1 6.6 FASTST M M 3 MAX(MPH)
MISC ----> 23 260 28 260
================================================================================
NOTES:
# LAST OF SEVERAL OCCURRENCES
COLUMN 17 PEAK WIND IN M.P.H.
PRELIMINARY LOCAL CLIMATOLOGICAL DATA (WS FORM: F-6) , PAGE 2
STATION: LOS ANGELES INTL AIRPORT CA
MONTH: OCTOBER
YEAR: 2023
LATITUDE: 33 55 N
LONGITUDE: 118 24 W
[TEMPERATURE DATA] [PRECIPITATION DATA] SYMBOLS USED IN COLUMN 16
AVERAGE MONTHLY: 67.1 TOTAL FOR MONTH: T 1 = FOG OR MIST
DPTR FM NORMAL: 0.0 DPTR FM NORMAL: -0.49 2 = FOG REDUCING VISIBILITY
HIGHEST: 91 ON 5 GRTST 24HR T ON 30- 1 TO 1/4 MILE OR LESS
LOWEST: 48 ON 30 3 = THUNDER
SNOW, ICE PELLETS, HAIL 4 = ICE PELLETS
TOTAL MONTH: M 5 = HAIL
GRTST 24HR M ON M 6 = FREEZING RAIN OR DRIZZLE
GRTST DEPTH: M ON M 7 = DUSTSTORM OR SANDSTORM:
VSBY 1/2 MILE OR LESS
8 = SMOKE OR HAZE
[NO. OF DAYS WITH] [WEATHER - DAYS WITH] 9 = BLOWING SNOW
X = TORNADO
MAX 32 OR BELOW: 0 0.01 INCH OR MORE: 0
MAX 90 OR ABOVE: 1 0.10 INCH OR MORE: 0
MIN 32 OR BELOW: 0 0.50 INCH OR MORE: 0
MIN 0 OR BELOW: 0 1.00 INCH OR MORE: 0
[HDD (BASE 65) ]
TOTAL THIS MO. 7 CLEAR (SCALE 0-3) 16
DPTR FM NORMAL -19 PTCLDY (SCALE 4-7) 15
TOTAL FM JUL 1 11 CLOUDY (SCALE 8-10) 0
DPTR FM NORMAL -20
[CDD (BASE 65) ]
TOTAL THIS MO. 78
DPTR FM NORMAL -13 [PRESSURE DATA]
TOTAL FM JAN 1 540 HIGHEST SLP 30.11 ON 30
DPTR FM NORMAL -145 LOWEST SLP 29.63 ON 11
[REMARKS]
#FINAL-10-23#