000
CXUS54 KLUB 010730
CF6LBB
PRELIMINARY LOCAL CLIMATOLOGICAL DATA (WS FORM: F-6)
STATION: LUBBOCK
MONTH: SEPTEMBER
YEAR: 2021
LATITUDE: 33 39 N
LONGITUDE: 101 49 W
TEMPERATURE IN F: :PCPN: SNOW: WIND :SUNSHINE: SKY :PK WND
================================================================================
1 2 3 4 5 6A 6B 7 8 9 10 11 12 13 14 15 16 17 18
12Z AVG MX 2MIN
DY MAX MIN AVG DEP HDD CDD WTR SNW DPTH SPD SPD DIR MIN PSBL S-S WX SPD DR
================================================================================
1 95 72 84 7 0 19 0.00 0.0 0 11.2 22 160 M M 4 28 180
2 92 74 83 7 0 18 0.03 0.0 0 9.5 22 180 M M 7 3 27 190
3 93 72 83 7 0 18 0.00 0.0 0 11.3 21 180 M M 5 25 170
4 93 69 81 5 0 16 0.00 0.0 0 7.5 23 350 M M 5 31 360
5 83 68 76 0 0 11 T 0.0 0 6.0 15 40 M M 7 21 40
6 92 63 78 3 0 13 0.00 0.0 0 5.8 13 180 M M 4 128 19 220
7 96 69 83 8 0 18 0.00 0.0 0 7.7 16 190 M M 3 21 210
8 90 66 78 3 0 13 0.00 0.0 0 9.5 22 40 M M 2 28 40
9 94 63 79 5 0 14 0.00 0.0 0 9.8 18 160 M M 1 23 160
10 99 70 85 11 0 20 0.00 0.0 0 12.9 21 190 M M 0 27 200
11 96 66 81 7 0 16 0.00 0.0 0 11.3 21 190 M M 0 27 200
12 91 60 76 2 0 11 0.00 0.0 0 9.9 16 240 M M 0 23 190
13 89 57 73 0 0 8 0.00 0.0 0 9.8 21 210 M M 1 29 210
14 89 61 75 2 0 10 0.00 0.0 0 10.1 18 140 M M 1 26 140
15 87 66 77 4 0 12 T 0.0 0 8.1 20 170 M M 4 23 170
16 90 64 77 5 0 12 0.00 0.0 0 12.0 21 190 M M 1 31 190
17 94 62 78 6 0 13 0.00 0.0 0 9.5 18 190 M M 2 23 190
18 90 64 77 5 0 12 0.00 0.0 0 8.2 17 120 M M 2 24 130
19 94 62 78 7 0 13 0.00 0.0 0 10.9 21 180 M M 1 29 190
20 99 70 85 14 0 20 0.00 0.0 0 13.9 24 210 M M 1 33 210
21 78 52 65 -6 0 0 0.00 0.0 0 15.3 28 40 M M 5 39 30
22 79 46 63 -7 2 0 0.00 0.0 0 6.6 16 190 M M 0 22 180
23 85 51 68 -2 0 3 0.00 0.0 0 12.5 23 190 M M 4 29 180
24 87 54 71 1 0 6 0.00 0.0 0 9.6 20 180 M M 4 27 190
25 88 50 69 0 0 4 0.00 0.0 0 7.5 16 180 M M 4 23 140
26 87 59 73 4 0 8 0.00 0.0 0 10.6 20 190 M M 4 26 220
27 85 61 73 4 0 8 0.54 0.0 0 9.6 38 320 M M 6 13 61 310
28 88 61 75 7 0 10 0.00 0.0 0 11.6 25 220 M M 3 33 220
29 89 57 73 5 0 8 0.00 0.0 0 10.6 22 260 M M 1 31 290
30 73 58 66 -2 0 1 0.03 0.0 0 10.8 22 30 M M 5 31 20
================================================================================
SM 2685 1867 2 335 0.60 0.0 299.6 M 87
================================================================================
AV 89.5 62.2 10.0 FASTST M M 3 MAX(MPH)
MISC ----> 38 320 61 310
================================================================================
NOTES:
# LAST OF SEVERAL OCCURRENCES
COLUMN 17 PEAK WIND IN M.P.H.
PRELIMINARY LOCAL CLIMATOLOGICAL DATA (WS FORM: F-6) , PAGE 2
STATION: LUBBOCK
MONTH: SEPTEMBER
YEAR: 2021
LATITUDE: 33 39 N
LONGITUDE: 101 49 W
[TEMPERATURE DATA] [PRECIPITATION DATA] SYMBOLS USED IN COLUMN 16
AVERAGE MONTHLY: 75.9 TOTAL FOR MONTH: 0.60 1 = FOG OR MIST
DPTR FM NORMAL: 3.6 DPTR FM NORMAL: -1.95 2 = FOG REDUCING VISIBILITY
HIGHEST: 99 ON 20,10 GRTST 24HR 0.54 ON 27-27 TO 1/4 MILE OR LESS
LOWEST: 46 ON 22 3 = THUNDER
SNOW, ICE PELLETS, HAIL 4 = ICE PELLETS
TOTAL MONTH: 0.0 INCH 5 = HAIL
GRTST 24HR 0.0 6 = FREEZING RAIN OR DRIZZLE
GRTST DEPTH: 0 7 = DUSTSTORM OR SANDSTORM:
VSBY 1/2 MILE OR LESS
8 = SMOKE OR HAZE
[NO. OF DAYS WITH] [WEATHER - DAYS WITH] 9 = BLOWING SNOW
X = TORNADO
MAX 32 OR BELOW: 0 0.01 INCH OR MORE: 3
MAX 90 OR ABOVE: 16 0.10 INCH OR MORE: 1
MIN 32 OR BELOW: 0 0.50 INCH OR MORE: 1
MIN 0 OR BELOW: 0 1.00 INCH OR MORE: 0
[HDD (BASE 65) ]
TOTAL THIS MO. 2 CLEAR (SCALE 0-3) 16
DPTR FM NORMAL -18 PTCLDY (SCALE 4-7) 14
TOTAL FM JUL 1 2 CLOUDY (SCALE 8-10) 0
DPTR FM NORMAL -16
[CDD (BASE 65) ]
TOTAL THIS MO. 335
DPTR FM NORMAL 95 [PRESSURE DATA]
TOTAL FM JAN 1 1867 HIGHEST SLP M ON M
DPTR FM NORMAL -17 LOWEST SLP 29.65 ON 28
[REMARKS]
#FINAL-09-21#