851
CXUS52 KILM 040853
CF6LBT
PRELIMINARY LOCAL CLIMATOLOGICAL DATA (WS FORM: F-6)
STATION: LUMBERTON NORTH CAROLINA
MONTH: APRIL
YEAR: 2020
LATITUDE: 34 35 N
LONGITUDE: 79 4 W
TEMPERATURE IN F: :PCPN: SNOW: WIND :SUNSHINE: SKY :PK WND
================================================================================
1 2 3 4 5 6A 6B 7 8 9 10 11 12 13 14 15 16 17 18
12Z AVG MX 2MIN
DY MAX MIN AVG DEP HDD CDD WTR SNW DPTH SPD SPD DIR MIN PSBL S-S WX SPD DR
================================================================================
1 60 43 52 -6 13 0 0.04 M M M M M M M M M M
2 66 41 54 -5 11 0 0.00 M M M M M M M M M M
3 72 42 57 -2 8 0 0.00 M M M M M M M M M M
4 73 43 58 -1 7 0 0.00 M M M M M M M M M M
5 74 49 62 3 3 0 0.00 M M M M M M M M M M
6 82 51 67 7 0 2 0.01 M M M M M M M M M M
7 83 58 71 11 0 6 0.00 M M M M M M M M M M
8 85 61 73 13 0 8 0.12 M M M M M M M M M M
9 86 59 73 13 0 8 0.00 M M M M M M M M M M
10 68 38 53 -7 12 0 0.00 M M M M M M M M M M
11 68 35 52 -9 13 0 0.00 M M M M M M M M M M
12 76 47 62 1 3 0 0.02 M M M M M M M M M M
13 81 60 71 10 0 6 0.70 M M M M M M M M M M
14 81 57 69 8 0 4 0.00 M M M M M M M M M M
15 65 40 53 -9 12 0 0.00 M M M M M M M M M M
16 69 36 53 -9 12 0 0.00 M M M M M M M M M M
17 73 39 56 -6 9 0 0.00 M M M M M M M M M M
18 74 51 63 1 2 0 0.00 M M M M M M M M M M
19 71 43 57 -5 8 0 0.01 M M M M M M M M M M
20 64 48 56 -7 9 0 0.43 M M M M M M M M M M
21 78 47 63 0 2 0 0.00 M M M M M M M M M M
22 71 45 58 -5 7 0 0.00 M M M M M M M M M M
23 70 54 62 -2 3 0 0.28 M M M M M M M M M M
24 80 61 71 7 0 6 0.00 M M M M M M M M M M
25 72 61 67 3 0 2 0.00 M M M M M M M M M M
26 77 59 68 4 0 3 0.00 M M M M M M M M M M
27 73 47 60 -4 5 0 0.00 M M M M M M M M M M
28 80 43 62 -3 3 0 0.00 M M M M M M M M M M
29 79 59 69 4 0 4 0.00 M M M M M M M M M M
30 71 57 64 -1 1 0 1.56 M M M M M M M M M M
================================================================================
SM 2222 1474 143 49 3.17 M M M M
================================================================================
AV 74.1 49.1 M FASTST M M 0 MAX(MPH)
MISC ----> M M M M
================================================================================
NOTES:
# LAST OF SEVERAL OCCURRENCES
COLUMN 17 PEAK WIND IN M.P.H.
PRELIMINARY LOCAL CLIMATOLOGICAL DATA (WS FORM: F-6) , PAGE 2
STATION: LUMBERTON NORTH CAROLINA
MONTH: APRIL
YEAR: 2020
LATITUDE: 34 35 N
LONGITUDE: 79 4 W
[TEMPERATURE DATA] [PRECIPITATION DATA] SYMBOLS USED IN COLUMN 16
AVERAGE MONTHLY: 61.6 TOTAL FOR MONTH: 3.17 1 = FOG OR MIST
DPTR FM NORMAL: -0.1 DPTR FM NORMAL: 0.35 2 = FOG REDUCING VISIBILITY
HIGHEST: 86 ON 9 GRTST 24HR 1.56 ON 30-30 TO 1/4 MILE OR LESS
LOWEST: 35 ON 11 3 = THUNDER
SNOW, ICE PELLETS, HAIL 4 = ICE PELLETS
TOTAL MONTH: M 5 = HAIL
GRTST 24HR M ON M 6 = FREEZING RAIN OR DRIZZLE
GRTST DEPTH: M ON M 7 = DUSTSTORM OR SANDSTORM:
VSBY 1/2 MILE OR LESS
8 = SMOKE OR HAZE
[NO. OF DAYS WITH] [WEATHER - DAYS WITH] 9 = BLOWING SNOW
X = TORNADO
MAX 32 OR BELOW: 0 0.01 INCH OR MORE: 9
MAX 90 OR ABOVE: 0 0.10 INCH OR MORE: 5
MIN 32 OR BELOW: 0 0.50 INCH OR MORE: 2
MIN 0 OR BELOW: 0 1.00 INCH OR MORE: 1
[HDD (BASE 65) ]
TOTAL THIS MO. 143 CLEAR (SCALE 0-3) 0
DPTR FM NORMAL -10 PTCLDY (SCALE 4-7) 0
TOTAL FM JUL 1 2178 CLOUDY (SCALE 8-10) 0
DPTR FM NORMAL -551
[CDD (BASE 65) ]
TOTAL THIS MO. 49
DPTR FM NORMAL -6 [PRESSURE DATA]
TOTAL FM JAN 1 129 HIGHEST SLP M ON M
DPTR FM NORMAL 61 LOWEST SLP M ON M
[REMARKS]
ALL DATA THIS MONTH WAS RECORDED AT THE BACKUP LOCATION, LUMBERTON RAWS, LOCATED 2 MILES SOUTHWEST OF THE LBT AIRPORT
#FINAL-04-20#