000
CXUS52 KMLB 010727
CF6LEE
PRELIMINARY LOCAL CLIMATOLOGICAL DATA (WS FORM: F-6)
STATION: LEESBURG
MONTH: FEBRUARY
YEAR: 2022
LATITUDE: 28 49 N
LONGITUDE: 81 49 W
TEMPERATURE IN F: :PCPN: SNOW: WIND :SUNSHINE: SKY :PK WND
================================================================================
1 2 3 4 5 6A 6B 7 8 9 10 11 12 13 14 15 16 17 18
12Z AVG MX 2MIN
DY MAX MIN AVG DEP HDD CDD WTR SNW DPTH SPD SPD DIR MIN PSBL S-S WX SPD DR
================================================================================
1 72 41 57 -4 8 0 0.00 0.0 0 5.4 15 110 M M 0 1 18 110
2 77 48 63 2 2 0 0.00 0.0 0 6.9 17 130 M M 1 23 140
3 80 58 69 8 0 4 0.00 0.0 0 7.6 16 120 M M 0 21 140
4 83 60 72 11 0 7 0.00 0.0 0 6.1 15 170 M M 2 22 180
5 69 50 60 -1 5 0 0.13 0.0 0 9.5 16 350 M M 10 1 22 350
6 59 50 55 -6 10 0 0.10 0.0 0 8.1 14 20 M M 10 1 17 20
7 60 49 55 -7 10 0 0.00 0.0 0 5.6 13 350 M M 9 1 16 10
8 52 49 51 -11 14 0 0.29 0.0 0 6.3 12 10 M M 10 1 15 340
9 66 43 55 -7 10 0 0.00 0.0 0 5.8 14 350 M M 2 20 10
10 69 39 54 -8 11 0 0.00 0.0 0 4.1 14 40 M M 0 1 18 30
11 76 44 60 -2 5 0 0.00 0.0 0 3.5 10 80 M M 2 26 150
12 82 52 67 5 0 2 0.00 0.0 0 2.4 9 300 M M 1 8 14 310
13 71 53 62 0 3 0 0.11 0.0 0 6.6 17 330 M M 5 1 23 330
14 64 42 53 -10 12 0 0.00 0.0 0 8.0 18 360 M M 0 24 350
15 72 41 57 -6 8 0 0.00 0.0 0 7.2 17 100 M M 2 23 70
16 79 50 65 2 0 0 0.00 0.0 0 8.4 18 110 M M 4 23 100
17 83 61 72 9 0 7 0.00 0.0 0 7.0 15 140 M M 6 22 140
18 84 65 75 12 0 10 0.00 0.0 0 7.8 14 270 M M 7 19 200
19 74 50 62 -1 3 0 0.00 0.0 0 7.6 13 340 M M 6 8 17 330
20 77 47 62 -2 3 0 0.00 0.0 0 7.6 16 120 M M 0 23 110
21 81 55 68 4 0 3 0.00 0.0 0 6.1 13 110 M M 1 16 110
22 83 60 72 8 0 7 0.00 0.0 0 6.2 14 150 M M 0 18 150
23 84 62 73 9 0 8 0.00 0.0 0 3.1 9 120 M M 3 12 12 130
24 84 62 73 9 0 8 0.00 0.0 0 4.3 14 100 M M 0 17 110
25 88 66 77 13 0 12 0.00 0.0 0 4.6 9 290 M M 1 14 310
26 84 60 72 8 0 7 0.00 0.0 0 4.0 13 80 M M 0 1 17 80
27 84 63 74 10 0 9 0.00 0.0 0 4.1 12 280 M M 2 16 280
28 76 57 67 3 0 2 0.07 0.0 0 7.5 21 360 M M 8 13 25 10
================================================================================
SM 2113 1477 104 86 0.70 0.0 171.4 M 92
================================================================================
AV 75.5 52.8 6.1 FASTST M M 3 MAX(MPH)
MISC ----> 21 360 26 150
================================================================================
NOTES:
# LAST OF SEVERAL OCCURRENCES
COLUMN 17 PEAK WIND IN M.P.H.
PRELIMINARY LOCAL CLIMATOLOGICAL DATA (WS FORM: F-6) , PAGE 2
STATION: LEESBURG
MONTH: FEBRUARY
YEAR: 2022
LATITUDE: 28 49 N
LONGITUDE: 81 49 W
[TEMPERATURE DATA] [PRECIPITATION DATA] SYMBOLS USED IN COLUMN 16
AVERAGE MONTHLY: 64.1 TOTAL FOR MONTH: 0.70 1 = FOG OR MIST
DPTR FM NORMAL: 1.5 DPTR FM NORMAL: -1.38 2 = FOG REDUCING VISIBILITY
HIGHEST: 88 ON 25 GRTST 24HR 0.29 ON 8- 8 TO 1/4 MILE OR LESS
LOWEST: 39 ON 10 3 = THUNDER
SNOW, ICE PELLETS, HAIL 4 = ICE PELLETS
TOTAL MONTH: 0.0 INCH 5 = HAIL
GRTST 24HR 0.0 6 = FREEZING RAIN OR DRIZZLE
GRTST DEPTH: 0 7 = DUSTSTORM OR SANDSTORM:
VSBY 1/2 MILE OR LESS
8 = SMOKE OR HAZE
[NO. OF DAYS WITH] [WEATHER - DAYS WITH] 9 = BLOWING SNOW
X = TORNADO
MAX 32 OR BELOW: 0 0.01 INCH OR MORE: 5
MAX 90 OR ABOVE: 0 0.10 INCH OR MORE: 4
MIN 32 OR BELOW: 0 0.50 INCH OR MORE: 0
MIN 0 OR BELOW: 0 1.00 INCH OR MORE: 0
[HDD (BASE 65) ]
TOTAL THIS MO. 104 CLEAR (SCALE 0-3) 18
DPTR FM NORMAL -22 PTCLDY (SCALE 4-7) 6
TOTAL FM JUL 1 413 CLOUDY (SCALE 8-10) 4
DPTR FM NORMAL -142
[CDD (BASE 65) ]
TOTAL THIS MO. 86
DPTR FM NORMAL 26 [PRESSURE DATA]
TOTAL FM JAN 1 117 HIGHEST SLP 30.49 ON 15
DPTR FM NORMAL 20 LOWEST SLP 29.97 ON 28
[REMARKS]
#FINAL-02-22#