000
CXUS54 KSHV 011300
CF6LFK
PRELIMINARY LOCAL CLIMATOLOGICAL DATA (WS FORM: F-6)
STATION: LUFKIN
MONTH: AUGUST
YEAR: 2021
LATITUDE: 31 14 N
LONGITUDE: 94 45 W
TEMPERATURE IN F: :PCPN: SNOW: WIND :SUNSHINE: SKY :PK WND
================================================================================
1 2 3 4 5 6A 6B 7 8 9 10 11 12 13 14 15 16 17 18
12Z AVG MX 2MIN
DY MAX MIN AVG DEP HDD CDD WTR SNW DPTH SPD SPD DIR MIN PSBL S-S WX SPD DR
================================================================================
1 97 77 87 4 0 22 0.00 0.0 0 3.7 12 260 M M 1 3 16 290
2 82 75 79 -4 0 14 0.30 0.0 0 1.9 10 220 M M 6 13 13 210
3 92 74 83 0 0 18 T 0.0 0 3.3 10 40 M M 6 1 13 30
4 91 73 82 -1 0 17 0.00 0.0 0 5.8 12 60 M M 1 16 90
5 90 68 79 -4 0 14 0.00 0.0 0 2.6 8 60 M M 1 12 110
6 93 70 82 -1 0 17 0.00 0.0 0 3.1 13 140 M M 0 1 16 140
7 96 72 84 1 0 19 0.00 0.0 0 5.7 13 220 M M 3 1 16 150
8 98 75 87 4 0 22 0.00 0.0 0 8.1 18 180 M M 1 25 190
9 96 76 86 3 0 21 0.00 0.0 0 8.0 15 210 M M 1 20 200
10 98 77 88 5 0 23 0.00 0.0 0 6.3 22 150 M M 2 3 26 150
11 98 75 87 4 0 22 0.00 0.0 0 5.3 13 160 M M 2 21 150
12 98 74 86 3 0 21 0.03 0.0 0 3.0 16 150 M M 2 3 21 160
13 95 74 85 2 0 20 0.00 0.0 0 2.1 15 160 M M 1 17 160
14 97 73 85 2 0 20 0.16 0.0 0 2.1 18 40 M M 2 13 24 30
15 93 72 83 0 0 18 0.00 0.0 0 2.3 9 320 M M 2 1 13 310
16 94 73 84 1 0 19 0.00 0.0 0 3.1 12 190 M M 1 15 110
17 95 74 85 2 0 20 0.00 0.0 0 4.8 13 180 M M 1 1 17 170
18 92 77 85 3 0 20 0.13 0.0 0 4.4 18 80 M M 3 13 23 110
19 93 78 86 4 0 21 0.04 0.0 0 6.9 15 150 M M 3 13 20 150
20 97 76 87 5 0 22 0.00 0.0 0 6.4 17 190 M M 1 22 190
21 97 73 85 3 0 20 0.00 0.0 0 4.7 12 260 M M 1 16 250
22 98 72 85 3 0 20 0.00 0.0 0 3.6 10 220 M M 2 1 13 210
23 99 72 86 4 0 21 0.00 0.0 0 3.0 10 120 M M 0 13 110
24 99 72 86 4 0 21 0.00 0.0 0 2.7 13 110 M M 2 16 130
25 99 74 87 5 0 22 0.01 0.0 0 2.8 13 20 M M 1 3 17 10
26 99 74 87 5 0 22 0.01 0.0 0 4.7 20 140 M M 1 13 27 110
27 95 74 85 4 0 20 0.00 0.0 0 6.3 15 80 M M 3 20 100
28 90 73 82 1 0 17 0.08 0.0 0 6.9 18 120 M M 5 1 22 100
29 96 73 85 4 0 20 0.00 0.0 0 5.4 14 30 M M 1 19 20
30 95 73 84 3 0 19 0.00 0.0 0 5.1 14 10 M M 1 21 350
31 99 72 86 5 0 21 0.00 0.0 0 3.5 10 120 M M 2 13 220
================================================================================
SM 2951 2285 0 613 0.76 0.0 137.6 M 59
================================================================================
AV 95.2 73.7 4.4 FASTST M M 2 MAX(MPH)
MISC ----> 22 150 27 110
================================================================================
NOTES:
# LAST OF SEVERAL OCCURRENCES
COLUMN 17 PEAK WIND IN M.P.H.
PRELIMINARY LOCAL CLIMATOLOGICAL DATA (WS FORM: F-6) , PAGE 2
STATION: LUFKIN
MONTH: AUGUST
YEAR: 2021
LATITUDE: 31 14 N
LONGITUDE: 94 45 W
[TEMPERATURE DATA] [PRECIPITATION DATA] SYMBOLS USED IN COLUMN 16
AVERAGE MONTHLY: 84.5 TOTAL FOR MONTH: 0.76 1 = FOG OR MIST
DPTR FM NORMAL: 2.1 DPTR FM NORMAL: -2.99 2 = FOG REDUCING VISIBILITY
HIGHEST: 99 ON 31,26 GRTST 24HR 0.30 ON 2- 2 TO 1/4 MILE OR LESS
LOWEST: 68 ON 5 3 = THUNDER
SNOW, ICE PELLETS, HAIL 4 = ICE PELLETS
TOTAL MONTH: 0.0 INCH 5 = HAIL
GRTST 24HR 0.0 6 = FREEZING RAIN OR DRIZZLE
GRTST DEPTH: 0 7 = DUSTSTORM OR SANDSTORM:
VSBY 1/2 MILE OR LESS
8 = SMOKE OR HAZE
[NO. OF DAYS WITH] [WEATHER - DAYS WITH] 9 = BLOWING SNOW
X = TORNADO
MAX 32 OR BELOW: 0 0.01 INCH OR MORE: 8
MAX 90 OR ABOVE: 30 0.10 INCH OR MORE: 3
MIN 32 OR BELOW: 0 0.50 INCH OR MORE: 0
MIN 0 OR BELOW: 0 1.00 INCH OR MORE: 0
[HDD (BASE 65) ]
TOTAL THIS MO. 0 CLEAR (SCALE 0-3) 28
DPTR FM NORMAL 0 PTCLDY (SCALE 4-7) 3
TOTAL FM JUL 1 0 CLOUDY (SCALE 8-10) 0
DPTR FM NORMAL 0
[CDD (BASE 65) ]
TOTAL THIS MO. 613
DPTR FM NORMAL 74 [PRESSURE DATA]
TOTAL FM JAN 1 2147 HIGHEST SLP 30.15 ON 13
DPTR FM NORMAL 178 LOWEST SLP 29.70 ON 31
[REMARKS]
#FINAL-08-21#