035
CXUS51 KOKX 010702
CF6LGA
PRELIMINARY LOCAL CLIMATOLOGICAL DATA (WS FORM: F-6)
STATION: LAGUARDIA NY
MONTH: OCTOBER
YEAR: 2020
LATITUDE: 40 46 N
LONGITUDE: 73 54 W
TEMPERATURE IN F: :PCPN: SNOW: WIND :SUNSHINE: SKY :PK WND
================================================================================
1 2 3 4 5 6A 6B 7 8 9 10 11 12 13 14 15 16 17 18
12Z AVG MX 2MIN
DY MAX MIN AVG DEP HDD CDD WTR SNW DPTH SPD SPD DIR MIN PSBL S-S WX SPD DR
================================================================================
1 74 62 68 5 0 3 T 0.0 0 9.1 18 280 M M 5 23 280
2 68 58 63 0 2 0 0.03 0.0 0 9.0 16 320 M M 7 21 300
3 69 55 62 -1 3 0 0.00 0.0 0 7.4 13 320 M M 2 18 320
4 67 53 60 -2 5 0 0.00 0.0 0 8.1 16 40 M M 5 20 40
5 68 56 62 0 3 0 0.00 0.0 0 6.9 13 160 M M 4 15 160
6 71 59 65 3 0 0 0.00 0.0 0 8.3 15 230 M M 3 22 210
7 77 62 70 9 0 5 0.02 0.0 0 14.6 29 320 M M 6 36 320
8 65 57 61 0 4 0 0.00 0.0 0 14.4 26 300 M M 2 34 300
9 71 54 63 3 2 0 0.00 0.0 0 6.9 17 220 M M 3 25 210
10 73 60 67 7 0 2 0.00 0.0 0 12.0 20 220 M M 7 28 220
11 69 58 64 4 1 0 0.01 0.0 0 10.6 20 100 M M 9 23 90
12 58 51 55 -4 10 0 0.95 0.0 0 18.6 26 70 M M 10 1 33 70
13 60 54 57 -2 8 0 0.26 0.0 0 14.6 26 50 M M 9 1 33 50
14 71 54 63 4 2 0 0.00 0.0 0 8.7 17 310 M M 1 25 320
15 73 58 66 8 0 1 0.00 0.0 0 11.7 26 170 M M 6 34 170
16 66 50 58 0 7 0 1.43 0.0 0 9.9 21 320 M M 9 1 26 320
17 62 49 56 -2 9 0 0.03 0.0 0 7.6 20 310 M M 3 23 10
18 65 49 57 0 8 0 0.00 0.0 0 6.5 18 140 M M 5 24 140
19 68 54 61 4 4 0 0.00 0.0 0 5.8 14 160 M M 7 17 150
20 72 60 66 9 0 1 0.01 0.0 0 5.3 14 170 M M 8 128 16 170
21 71 62 67 11 0 2 T 0.0 0 5.8 12 170 M M 8 128 14 170
22 69 64 67 11 0 2 0.00 0.0 0 3.5 8 180 M M 9 18 10 70
23 71 64 68 12 0 3 T 0.0 0 6.5 12 180 M M 10 18 15 180
24 70 50 60 5 5 0 0.00 0.0 0 10.4 22 310 M M 9 27 310
25 55 46 51 -4 14 0 0.02 0.0 0 11.0 17 30 M M 8 23 20
26 59 53 56 1 9 0 0.03 0.0 0 8.1 17 80 M M 10 128 21 80
27 60 54 57 3 8 0 T 0.0 0 6.9 16 320 M M 8 12 20 320
28 60 52 56 2 9 0 0.13 0.0 0 6.0 12 310 M M 9 1 16 300
29 58 47 53 -1 12 0 1.59 0.0 0 14.2 32 50 M M 10 1 39 50
30 47 39 43 -11 22 0 0.65 0.0 0 14.6 24 10 M M 8 1 31 20
31 48 35 42 -11 23 0 0.00 0.0 0 6.0 15 180 M M 3 18 190
================================================================================
SM 2035 1679 170 19 5.16 0.0 289.0 M 203
================================================================================
AV 65.7 54.2 9.3 FASTST M M 7 MAX(MPH)
MISC ----> # 32 50 # 39 50
================================================================================
NOTES:
# LAST OF SEVERAL OCCURRENCES
COLUMN 17 PEAK WIND IN M.P.H.
PRELIMINARY LOCAL CLIMATOLOGICAL DATA (WS FORM: F-6) , PAGE 2
STATION: LAGUARDIA NY
MONTH: OCTOBER
YEAR: 2020
LATITUDE: 40 46 N
LONGITUDE: 73 54 W
[TEMPERATURE DATA] [PRECIPITATION DATA] SYMBOLS USED IN COLUMN 16
AVERAGE MONTHLY: 59.9 TOTAL FOR MONTH: 5.16 1 = FOG OR MIST
DPTR FM NORMAL: 1.8 DPTR FM NORMAL: 1.38 2 = FOG REDUCING VISIBILITY
HIGHEST: 77 ON 7 GRTST 24HR 1.59 ON 29-29 TO 1/4 MILE OR LESS
LOWEST: 35 ON 31 3 = THUNDER
SNOW, ICE PELLETS, HAIL 4 = ICE PELLETS
TOTAL MONTH: 0.0 INCH 5 = HAIL
GRTST 24HR 0.0 6 = FREEZING RAIN OR DRIZZLE
GRTST DEPTH: 0 7 = DUSTSTORM OR SANDSTORM:
VSBY 1/2 MILE OR LESS
8 = SMOKE OR HAZE
[NO. OF DAYS WITH] [WEATHER - DAYS WITH] 9 = BLOWING SNOW
X = TORNADO
MAX 32 OR BELOW: 0 0.01 INCH OR MORE: 13
MAX 90 OR ABOVE: 0 0.10 INCH OR MORE: 6
MIN 32 OR BELOW: 0 0.50 INCH OR MORE: 4
MIN 0 OR BELOW: 0 1.00 INCH OR MORE: 2
[HDD (BASE 65) ]
TOTAL THIS MO. 170 CLEAR (SCALE 0-3) 6
DPTR FM NORMAL -67 PTCLDY (SCALE 4-7) 12
TOTAL FM JUL 1 195 CLOUDY (SCALE 8-10) 13
DPTR FM NORMAL -77
[CDD (BASE 65) ]
TOTAL THIS MO. 19
DPTR FM NORMAL -4 [PRESSURE DATA]
TOTAL FM JAN 1 1645 HIGHEST SLP M ON M
DPTR FM NORMAL 432 LOWEST SLP 29.53 ON 29
[REMARKS]
#FINAL-10-20#