000
CXUS55 KBOU 010900
CF6LIC
PRELIMINARY LOCAL CLIMATOLOGICAL DATA (WS FORM: F-6)
STATION: LIMON CO
MONTH: MAY
YEAR: 2021
LATITUDE: 39 10 N
LONGITUDE: 103 42 W
TEMPERATURE IN F: :PCPN: SNOW: WIND :SUNSHINE: SKY :PK WND
================================================================================
1 2 3 4 5 6A 6B 7 8 9 10 11 12 13 14 15 16 17 18
12Z AVG MX 2MIN
DY MAX MIN AVG DEP HDD CDD WTR SNW DPTH SPD SPD DIR MIN PSBL S-S WX SPD DR
================================================================================
1 86 35 61 13 4 0 0.00 M M 5.4 16 180 M M 0 22 170
2 75 46 61 13 4 0 0.12 M M 18.9 39 340 M M 3 1 53 340
3 46 36 41 -8 24 0 0.72 M M 14.4 28 20 M M 10 1 34 30
4 57 35 46 -3 19 0 0.14 M M 8.4 22 190 M M 8 1 30 180
5 60 36 48 -2 17 0 0.03 M M 9.7 24 340 M M 2 33 320
6 70 33 52 2 13 0 0.00 M M 7.4 18 160 M M 0 26 160
7 84 35 60 10 5 0 0.00 M M 6.2 32 200 M M 1 1 53 220
8 75 43 59 8 6 0 0.15 M M 15.0 45 320 M M 3 13 58 330
9 49 37 43 -8 22 0 T M M 9.6 25 10 M M 10 31 10
10 40 33 37 -15 28 0 0.38 M M 14.4 26 140 M M 10 1 34 130
11 40 32 36 -16 29 0 0.33 M M 7.4 17 120 M M 10 1 21 140
12 57 38 48 -4 17 0 0.00 M M 12.6 20 160 M M 6 1 29 160
13 72 39 56 3 9 0 0.00 M M 8.2 20 190 M M 4 12 25 180
14 74 39 57 4 8 0 T M M 9.6 25 210 M M 2 13 36 200
15 65 48 57 3 8 0 0.00 M M 9.0 21 140 M M 7 1 27 140
16 70 40 55 1 10 0 0.12 M M 9.8 23 330 M M 4 13 30 330
17 62 46 54 0 11 0 0.01 M M 8.3 23 140 M M 6 1 28 130
18 67 42 55 0 10 0 0.24 M M 10.8 24 180 M M 6 1 33 190
19 68 39 54 -1 11 0 0.00 M M 9.2 22 150 M M 2 12 31 130
20 80 47 64 8 1 0 0.00 M M 15.9 33 150 M M 4 12 43 170
21 84 52 68 12 0 3 T M M 19.4 39 160 M M 1 38 55 180
22 78 50 64 8 1 0 1.29 M M 16.8 38 160 M M 5 138 52 160
23 75 48 62 5 3 0 0.02 M M 21.1 47 160 M M 5 13 65 160
24 72 39 56 -1 9 0 0.00 M M 5.8 18 60 M M 0 1 24 70
25 72 47 60 2 5 0 0.00 M M 6.9 18 150 M M 1 1 23 120
26 74 51 63 5 2 0 0.00 M M 12.1 24 160 M M 4 12 31 220
27 72 48 60 2 5 0 0.00 M M 9.0 18 340 M M 2 1 26 340
28 77 50 64 5 1 0 0.00 M M 12.5 21 160 M M 3 32 240
29 67 46 57 -2 8 0 0.17 M M 9.6 21 110 M M 6 123 25 110
30 61 50 56 -3 9 0 0.51 M M 8.0 31 30 M M 10 13 40 30
31 58 41 50 -10 15 0 T M M 4.3 12 80 M M 9 1 15 50
================================================================================
SM 2087 1301 314 3 4.23 M 335.7 M 144
================================================================================
AV 67.3 42.0 10.8 FASTST M M 5 MAX(MPH)
MISC ----> 47 160 65 160
================================================================================
NOTES:
# LAST OF SEVERAL OCCURRENCES
COLUMN 17 PEAK WIND IN M.P.H.
PRELIMINARY LOCAL CLIMATOLOGICAL DATA (WS FORM: F-6) , PAGE 2
STATION: LIMON CO
MONTH: MAY
YEAR: 2021
LATITUDE: 39 10 N
LONGITUDE: 103 42 W
[TEMPERATURE DATA] [PRECIPITATION DATA] SYMBOLS USED IN COLUMN 16
AVERAGE MONTHLY: 54.6 TOTAL FOR MONTH: 4.23 1 = FOG OR MIST
DPTR FM NORMAL: 0.7 DPTR FM NORMAL: 2.02 2 = FOG REDUCING VISIBILITY
HIGHEST: 86 ON 1 GRTST 24HR 1.31 ON 22-23 TO 1/4 MILE OR LESS
LOWEST: 32 ON 11 3 = THUNDER
SNOW, ICE PELLETS, HAIL 4 = ICE PELLETS
TOTAL MONTH: M 5 = HAIL
GRTST 24HR M ON M 6 = FREEZING RAIN OR DRIZZLE
GRTST DEPTH: M ON M 7 = DUSTSTORM OR SANDSTORM:
VSBY 1/2 MILE OR LESS
8 = SMOKE OR HAZE
[NO. OF DAYS WITH] [WEATHER - DAYS WITH] 9 = BLOWING SNOW
X = TORNADO
MAX 32 OR BELOW: 0 0.01 INCH OR MORE: 14
MAX 90 OR ABOVE: 0 0.10 INCH OR MORE: 11
MIN 32 OR BELOW: 1 0.50 INCH OR MORE: 3
MIN 0 OR BELOW: 0 1.00 INCH OR MORE: 1
[HDD (BASE 65) ]
TOTAL THIS MO. 314 CLEAR (SCALE 0-3) 11
DPTR FM NORMAL -35 PTCLDY (SCALE 4-7) 14
TOTAL FM JUL 1 6829 CLOUDY (SCALE 8-10) 6
DPTR FM NORMAL -113
[CDD (BASE 65) ]
TOTAL THIS MO. 3
DPTR FM NORMAL -2 [PRESSURE DATA]
TOTAL FM JAN 1 3 HIGHEST SLP M ON M
DPTR FM NORMAL -2 LOWEST SLP 29.36 ON 2
[REMARKS]
#FINAL-05-21#