000
CXHW51 PHFO 011625
CLMLIH
CLIMATE REPORT
NATIONAL WEATHER SERVICE HONOLULU HI
625 AM HST THU FEB 01 2024
...................................
...THE LIHUE HI CLIMATE SUMMARY FOR THE MONTH OF JANUARY 2024...
CLIMATE NORMAL PERIOD 1991 TO 2020
CLIMATE RECORD PERIOD 1950 TO 2024
WEATHER OBSERVED NORMAL DEPART LAST YEAR`S
VALUE DATE(S) VALUE FROM VALUE DATE(S)
NORMAL
................................................................
TEMPERATURE (F)
RECORD
HIGH 86 01/26/2016
01/03/2006
LOW 50 01/22/1969
HIGHEST 83 01/25 78 5 85 01/03
01/27
01/29
LOWEST 56 01/14 65 -9 62 01/13
01/14
AVG. MAXIMUM 79.9 78.6 1.3 80.8
AVG. MINIMUM 66.5 66.0 0.5 66.3
MEAN 73.2 72.3 0.9 73.6
DAYS MAX >= 93 0 0
DAYS MAX >= 90 0 0
DAYS MAX <= 80 16 10
DAYS MIN >= 72 3 0
DAYS MIN <= 60 0 0
DAYS MIN <= 55 0 0
PRECIPITATION (INCHES)
RECORD
MAXIMUM 17.56 1956
MINIMUM 0.20 2017
TOTALS 2.60 2.78 -0.18 5.05
DAILY AVG. 0.08 0.09 -0.01 0.16
DAYS >= .01 18 12.0 6.0 9
DAYS >= .10 8 4.4 3.6 5
DAYS >= .50 2 1.3 0.7 4
DAYS >= 1.00 0 0.7 -0.7 3
GREATEST
24 HR. TOTAL 1.14 01/07 TO 01/08 2.16
DEGREE DAYS
HEATING TOTAL 0 0 0 0
SINCE 7/1 0 0 0 MM
COOLING TOTAL 262 226 36 275
SINCE 1/1 262 226 36 MM
................................................................
WIND (MPH)
AVERAGE WIND SPEED 10.4
HIGHEST WIND SPEED/DIRECTION 38/230 DATE 01/16
HIGHEST GUST SPEED/DIRECTION 52/250 DATE 01/16
SKY COVER
POSSIBLE SUNSHINE (PERCENT) MM
AVERAGE SKY COVER 0.45
NUMBER OF DAYS FAIR 11
NUMBER OF DAYS PC 16
NUMBER OF DAYS CLOUDY 4
AVERAGE RH (PERCENT) 74
WEATHER CONDITIONS. NUMBER OF DAYS WITH
THUNDERSTORM MM MIXED PRECIP MM
HEAVY RAIN 4 RAIN 7
LIGHT RAIN 18 FREEZING RAIN MM
LT FREEZING RAIN MM HAIL MM
HEAVY SNOW MM SNOW MM
LIGHT SNOW MM SLEET MM
FOG 13 FOG W/VIS <= 1/4 MILE MM
HAZE 7
- INDICATES NEGATIVE NUMBERS.
R INDICATES RECORD WAS SET OR TIED.
MM INDICATES DATA IS MISSING.
T INDICATES TRACE AMOUNT.
$$